{"id":34285,"date":"2014-11-15T18:49:49","date_gmt":"2014-11-15T17:49:49","guid":{"rendered":"http:\/\/museumek.eu\/?page_id=34285"},"modified":"2015-02-09T21:35:31","modified_gmt":"2015-02-09T20:35:31","slug":"dxxxvii34","status":"publish","type":"page","link":"http:\/\/museumek.eu\/?page_id=34285","title":{"rendered":"D\/XXXVII\/34"},"content":{"rendered":"<p><strong>Abteilung Deutschland, Keramik 1860 \u2013 1960, Inventarnummer D\/XXXVII\/34<\/strong><\/p>\n<p>Thonwaaren \u2013 Fabrik Marzi &#038; Remy, Deutschland, H\u00f6hr, um 1910, Seidel, K\u00fcnstler unbekannt, Werks.-Nr. ohne, Exemplar Nr. ohne, gemarkt keine Firmenmarke aber \u00bd L. \u00fcber Eichstrich sowie 3 gepresst, nicht signiert, Literatur: J\u00fcrgen Schimanski, Braun geflammt und grau gesalzen, Seite 203, Beschreibung der Fabrik, au\u00dferdem dort beschrieben, dass eine eigene Firmenmarke erst Anfang der 1920\u2018 Jahre eingef\u00fchrt worden ist und dass Erzeugnisse der fr\u00fcheren Jahre oft mit dem Schriftzug \u201eGesetzl. Gesch\u00fctzt\u201c gemarkt sind, diese Beschreibung stellt das MEK bez\u00fcglich der Fabrikmarke in Frage, da unter http:\/\/www.steinmarks.co.uk\/pages\/pv.asp?p=stein164, verschiedene Fabrikmarken mit fr\u00fchen Werksnummern aus dem 1900 Jahrhundert abgebildet sind, eine Fabrikmarke sogar mit dem Zusatz Gesetzl. Gesch\u00fctzt, die Fabrik wurde 1879 von Anton Marzi und seinem Schwager Simon Peter Remy in H\u00f6hr gegr\u00fcndet und firmierte als Thonwaaren \u2013 Fabrik Marzi &#038; Remy, ab 1881 wurde eine eigene Zinngie\u00dferei angeschafft und ab 1883 neben dem grau \u2013 blau salzglasiertem Steinzeug auch Elfenbeinsteinzeug produziert, Simon Peter Remy verstarb 1919 und sein Sohn Werner Remy trat in die Fabrik ein, 1924 verstarb Anton Marzi und sein Schwiegersohn Johann Otto B\u00fchler trat in die Fabrik ein, Werner Remy verlie\u00df 1931 die Fabrik, 1941 trat Johann Otto B\u00fchlers Sohn Otto B\u00fchler in die Fabrik ein und 1953 dessen Sohn Otto Georg B\u00fchler, die Fabrik war bis zum Konkurs in den 1990\u2018 Jahren immer in Familienbesitz, die Fabrikzuordnung erfolgt auf Grund des 1,4 cm breiten und 0,7 cm hohen \u00bd L. \u00fcber Eichstrich Stempels, der identisch ist, mit dem 1,4 cm breiten und 0,7 cm hohen \u00bd L. \u00fcber Eichstrich Stempels des mit der Fabrikmarke versehenen Seidels MEK D\/XXXVII\/29, Zinndeckel mit Stadtansicht N\u00fcrnberg,<br \/>\nH\u00f6he 12,3 cm, Breite 13 cm (nur die Keramik)<\/p>\n<p><a href=\"http:\/\/museumek.eu\/?attachment_id=32660\" rel=\"attachment wp-att-32660\"><img loading=\"lazy\" src=\"http:\/\/museumek.eu\/wp-content\/uploads\/2014\/08\/1072-184x300.jpg\" alt=\"\" title=\"1072\" width=\"184\" height=\"300\" class=\"alignnone size-medium wp-image-32660\" srcset=\"http:\/\/museumek.eu\/wp-content\/uploads\/2014\/08\/1072-184x300.jpg 184w, http:\/\/museumek.eu\/wp-content\/uploads\/2014\/08\/1072-92x150.jpg 92w, http:\/\/museumek.eu\/wp-content\/uploads\/2014\/08\/1072.jpg 493w\" sizes=\"(max-width: 184px) 100vw, 184px\" \/><\/a><\/p>\n<p><a href=\"http:\/\/museumek.eu\/?attachment_id=32673\" rel=\"attachment wp-att-32673\"><img loading=\"lazy\" src=\"http:\/\/museumek.eu\/wp-content\/uploads\/2014\/08\/10792-230x300.jpg\" alt=\"\" title=\"1079\" width=\"230\" height=\"300\" class=\"alignnone size-medium wp-image-32673\" srcset=\"http:\/\/museumek.eu\/wp-content\/uploads\/2014\/08\/10792-230x300.jpg 230w, http:\/\/museumek.eu\/wp-content\/uploads\/2014\/08\/10792-115x150.jpg 115w, http:\/\/museumek.eu\/wp-content\/uploads\/2014\/08\/10792.jpg 500w\" sizes=\"(max-width: 230px) 100vw, 230px\" \/><\/a><\/p>\n<p><a href=\"http:\/\/museumek.eu\/?attachment_id=32674\" rel=\"attachment wp-att-32674\"><img loading=\"lazy\" src=\"http:\/\/museumek.eu\/wp-content\/uploads\/2014\/08\/1074-221x300.jpg\" alt=\"\" title=\"1074\" width=\"221\" height=\"300\" class=\"alignnone size-medium wp-image-32674\" srcset=\"http:\/\/museumek.eu\/wp-content\/uploads\/2014\/08\/1074-221x300.jpg 221w, http:\/\/museumek.eu\/wp-content\/uploads\/2014\/08\/1074-110x150.jpg 110w, http:\/\/museumek.eu\/wp-content\/uploads\/2014\/08\/1074.jpg 512w\" sizes=\"(max-width: 221px) 100vw, 221px\" \/><\/a><\/p>\n<p><a href=\"http:\/\/museumek.eu\/?attachment_id=32675\" rel=\"attachment wp-att-32675\"><img loading=\"lazy\" src=\"http:\/\/museumek.eu\/wp-content\/uploads\/2014\/08\/1075-213x300.jpg\" alt=\"\" title=\"1075\" width=\"213\" height=\"300\" class=\"alignnone size-medium wp-image-32675\" srcset=\"http:\/\/museumek.eu\/wp-content\/uploads\/2014\/08\/1075-213x300.jpg 213w, http:\/\/museumek.eu\/wp-content\/uploads\/2014\/08\/1075-106x150.jpg 106w, http:\/\/museumek.eu\/wp-content\/uploads\/2014\/08\/1075.jpg 518w\" sizes=\"(max-width: 213px) 100vw, 213px\" \/><\/a><\/p>\n<p><a href=\"http:\/\/museumek.eu\/?attachment_id=32676\" rel=\"attachment wp-att-32676\"><img loading=\"lazy\" src=\"http:\/\/museumek.eu\/wp-content\/uploads\/2014\/08\/1076-300x215.jpg\" alt=\"\" title=\"1076\" width=\"300\" height=\"215\" class=\"alignnone size-medium wp-image-32676\" srcset=\"http:\/\/museumek.eu\/wp-content\/uploads\/2014\/08\/1076-300x215.jpg 300w, http:\/\/museumek.eu\/wp-content\/uploads\/2014\/08\/1076-150x107.jpg 150w, http:\/\/museumek.eu\/wp-content\/uploads\/2014\/08\/1076-418x300.jpg 418w, http:\/\/museumek.eu\/wp-content\/uploads\/2014\/08\/1076.jpg 800w\" sizes=\"(max-width: 300px) 100vw, 300px\" \/><\/a><\/p>\n<p><a href=\"http:\/\/museumek.eu\/?attachment_id=32680\" rel=\"attachment wp-att-32680\"><img loading=\"lazy\" src=\"http:\/\/museumek.eu\/wp-content\/uploads\/2014\/08\/10771.jpg\" alt=\"\" title=\"1077\" width=\"203\" height=\"290\" class=\"alignnone size-full wp-image-32680\" srcset=\"http:\/\/museumek.eu\/wp-content\/uploads\/2014\/08\/10771.jpg 203w, http:\/\/museumek.eu\/wp-content\/uploads\/2014\/08\/10771-105x150.jpg 105w\" sizes=\"(max-width: 203px) 100vw, 203px\" \/><\/a><\/p>\n<p><a href=\"http:\/\/museumek.eu\/?attachment_id=32681\" rel=\"attachment wp-att-32681\"><img loading=\"lazy\" src=\"http:\/\/museumek.eu\/wp-content\/uploads\/2014\/08\/1078-189x300.jpg\" alt=\"\" title=\"1078\" width=\"189\" height=\"300\" class=\"alignnone size-medium wp-image-32681\" srcset=\"http:\/\/museumek.eu\/wp-content\/uploads\/2014\/08\/1078-189x300.jpg 189w, http:\/\/museumek.eu\/wp-content\/uploads\/2014\/08\/1078-94x150.jpg 94w, http:\/\/museumek.eu\/wp-content\/uploads\/2014\/08\/1078.jpg 504w\" sizes=\"(max-width: 189px) 100vw, 189px\" \/><\/a><\/p>\n","protected":false},"excerpt":{"rendered":"<p>Abteilung Deutschland, Keramik 1860 \u2013 1960, Inventarnummer D\/XXXVII\/34 Thonwaaren \u2013 Fabrik Marzi &#038; Remy, Deutschland, H\u00f6hr, um 1910, Seidel, K\u00fcnstler unbekannt, Werks.-Nr. ohne, Exemplar Nr. ohne, gemarkt keine Firmenmarke aber \u00bd L. \u00fcber Eichstrich sowie 3 gepresst, nicht signiert, Literatur: &hellip; <a href=\"http:\/\/museumek.eu\/?page_id=34285\">Weiterlesen <span class=\"meta-nav\">&rarr;<\/span><\/a><\/p>\n","protected":false},"author":1,"featured_media":0,"parent":34205,"menu_order":34,"comment_status":"closed","ping_status":"open","template":"","meta":[],"_links":{"self":[{"href":"http:\/\/museumek.eu\/index.php?rest_route=\/wp\/v2\/pages\/34285"}],"collection":[{"href":"http:\/\/museumek.eu\/index.php?rest_route=\/wp\/v2\/pages"}],"about":[{"href":"http:\/\/museumek.eu\/index.php?rest_route=\/wp\/v2\/types\/page"}],"author":[{"embeddable":true,"href":"http:\/\/museumek.eu\/index.php?rest_route=\/wp\/v2\/users\/1"}],"replies":[{"embeddable":true,"href":"http:\/\/museumek.eu\/index.php?rest_route=%2Fwp%2Fv2%2Fcomments&post=34285"}],"version-history":[{"count":8,"href":"http:\/\/museumek.eu\/index.php?rest_route=\/wp\/v2\/pages\/34285\/revisions"}],"predecessor-version":[{"id":36414,"href":"http:\/\/museumek.eu\/index.php?rest_route=\/wp\/v2\/pages\/34285\/revisions\/36414"}],"up":[{"embeddable":true,"href":"http:\/\/museumek.eu\/index.php?rest_route=\/wp\/v2\/pages\/34205"}],"wp:attachment":[{"href":"http:\/\/museumek.eu\/index.php?rest_route=%2Fwp%2Fv2%2Fmedia&parent=34285"}],"curies":[{"name":"wp","href":"https:\/\/api.w.org\/{rel}","templated":true}]}}