{"id":3510,"date":"2011-09-15T18:35:03","date_gmt":"2011-09-15T16:35:03","guid":{"rendered":"http:\/\/museumek.eu\/?page_id=3510"},"modified":"2013-04-25T21:21:32","modified_gmt":"2013-04-25T19:21:32","slug":"kurzbiografie-und-inventar-zum-kunstler","status":"publish","type":"page","link":"http:\/\/museumek.eu\/?page_id=3510","title":{"rendered":"Kurzbiografie und Inventar zum K\u00fcnstler"},"content":{"rendered":"<p>Kl\u00e1ra Herczeg (Claire Weiss) wurde am 13.10.1906 in Budapest geboren. Sie starb am 16.08.1997 ebenda. Kindheit in Wien. Bildhauerlehre in Wien. Von 1924 &#8211; 1928 Studium an der Budapester Kunsthochschule. Ihre Modelle wurden von vielen bedeutenden Manufakturen ausgef\u00fchrt.<\/p>\n<p><strong>Abteilung Austria\/Ungarn\/B\u00f6hmen, Keramik 1860 \u2013 1960, Inventarnummer A\/I\/50<\/strong><\/p>\n<p>Friedrich Goldscheider, Austria, Wien, 1935, Figur Gruppe Jugend nacktes, kniendes M\u00e4dchen mit Rehkitz, K\u00fcnstler Kl\u00e1ra Herczeg (Claire Weiss), Werks.-Nr. 7218\/Exemplar Nr. 262\/Modelleur Nr. 7, gemarkt Goldscheider Wien, Made in Austria, Malermarke F, nicht signiert, Reste eines Originalaufklebers Goldscheider Wien, Literatur: Robert E. Dechant\/Filipp Goldscheider, Firmengeschichte und Werkverzeichnis, Seite 452, H\u00f6he 15,5 cm, Breite 18 cm<\/p>\n<p><a href=\"http:\/\/museumek.eu\/wp-content\/uploads\/2011\/08\/Museum-Europ\u00e4ischer-Keramikkunst-Qualit\u00e4tsfotos-088.jpg\"><img loading=\"lazy\" src=\"http:\/\/museumek.eu\/wp-content\/uploads\/2011\/08\/Museum-Europ\u00e4ischer-Keramikkunst-Qualit\u00e4tsfotos-088-274x300.jpg\" alt=\"\" title=\"Museum Europ\u00e4ischer Keramikkunst Qualit\u00e4tsfotos 088\" width=\"274\" height=\"300\" class=\"alignnone size-medium wp-image-531\" srcset=\"http:\/\/museumek.eu\/wp-content\/uploads\/2011\/08\/Museum-Europ\u00e4ischer-Keramikkunst-Qualit\u00e4tsfotos-088-274x300.jpg 274w, http:\/\/museumek.eu\/wp-content\/uploads\/2011\/08\/Museum-Europ\u00e4ischer-Keramikkunst-Qualit\u00e4tsfotos-088.jpg 664w\" sizes=\"(max-width: 274px) 100vw, 274px\" \/><\/a><\/p>\n<p><a href=\"http:\/\/museumek.eu\/wp-content\/uploads\/2011\/08\/Museum-Europ\u00e4ischer-Keramikkunst-369.jpg\"><img loading=\"lazy\" src=\"http:\/\/museumek.eu\/wp-content\/uploads\/2011\/08\/Museum-Europ\u00e4ischer-Keramikkunst-369-141x300.jpg\" alt=\"\" title=\"Museum Europ\u00e4ischer Keramikkunst 369\" width=\"141\" height=\"300\" class=\"alignnone size-medium wp-image-533\" srcset=\"http:\/\/museumek.eu\/wp-content\/uploads\/2011\/08\/Museum-Europ\u00e4ischer-Keramikkunst-369-141x300.jpg 141w, http:\/\/museumek.eu\/wp-content\/uploads\/2011\/08\/Museum-Europ\u00e4ischer-Keramikkunst-369.jpg 482w\" sizes=\"(max-width: 141px) 100vw, 141px\" \/><\/a><\/p>\n<p><a href=\"http:\/\/museumek.eu\/wp-content\/uploads\/2011\/08\/Museum-Europ\u00e4ischer-Keramikkunst-368.jpg\"><img loading=\"lazy\" src=\"http:\/\/museumek.eu\/wp-content\/uploads\/2011\/08\/Museum-Europ\u00e4ischer-Keramikkunst-368-158x300.jpg\" alt=\"\" title=\"Museum Europ\u00e4ischer Keramikkunst 368\" width=\"158\" height=\"300\" class=\"alignnone size-medium wp-image-534\" \/><\/a><\/p>\n","protected":false},"excerpt":{"rendered":"<p>Kl\u00e1ra Herczeg (Claire Weiss) wurde am 13.10.1906 in Budapest geboren. Sie starb am 16.08.1997 ebenda. Kindheit in Wien. Bildhauerlehre in Wien. Von 1924 &#8211; 1928 Studium an der Budapester Kunsthochschule. Ihre Modelle wurden von vielen bedeutenden Manufakturen ausgef\u00fchrt. Abteilung Austria\/Ungarn\/B\u00f6hmen, &hellip; <a href=\"http:\/\/museumek.eu\/?page_id=3510\">Weiterlesen <span class=\"meta-nav\">&rarr;<\/span><\/a><\/p>\n","protected":false},"author":1,"featured_media":0,"parent":1502,"menu_order":0,"comment_status":"closed","ping_status":"closed","template":"","meta":[],"_links":{"self":[{"href":"http:\/\/museumek.eu\/index.php?rest_route=\/wp\/v2\/pages\/3510"}],"collection":[{"href":"http:\/\/museumek.eu\/index.php?rest_route=\/wp\/v2\/pages"}],"about":[{"href":"http:\/\/museumek.eu\/index.php?rest_route=\/wp\/v2\/types\/page"}],"author":[{"embeddable":true,"href":"http:\/\/museumek.eu\/index.php?rest_route=\/wp\/v2\/users\/1"}],"replies":[{"embeddable":true,"href":"http:\/\/museumek.eu\/index.php?rest_route=%2Fwp%2Fv2%2Fcomments&post=3510"}],"version-history":[{"count":4,"href":"http:\/\/museumek.eu\/index.php?rest_route=\/wp\/v2\/pages\/3510\/revisions"}],"predecessor-version":[{"id":20499,"href":"http:\/\/museumek.eu\/index.php?rest_route=\/wp\/v2\/pages\/3510\/revisions\/20499"}],"up":[{"embeddable":true,"href":"http:\/\/museumek.eu\/index.php?rest_route=\/wp\/v2\/pages\/1502"}],"wp:attachment":[{"href":"http:\/\/museumek.eu\/index.php?rest_route=%2Fwp%2Fv2%2Fmedia&parent=3510"}],"curies":[{"name":"wp","href":"https:\/\/api.w.org\/{rel}","templated":true}]}}