{"id":3638,"date":"2011-09-16T21:35:52","date_gmt":"2011-09-16T19:35:52","guid":{"rendered":"http:\/\/museumek.eu\/?page_id=3638"},"modified":"2013-04-25T21:23:12","modified_gmt":"2013-04-25T19:23:12","slug":"kurzbiografie-und-inventar-zum-kunstler","status":"publish","type":"page","link":"http:\/\/museumek.eu\/?page_id=3638","title":{"rendered":"Kurzbiografie und Inventar zum K\u00fcnstler"},"content":{"rendered":"<p>\u00dcber Mathot van Hofelen konnten keine Lebensdaten eruiert werden.<\/p>\n<p><strong>Abteilung Belgien, Keramik 1860 \u2013 1960, Inventarnummer B\/I\/1<\/strong><\/p>\n<p>Boch Fr\u00e8res Keramis La Louvi\u00e8re, Belgien, La Louvi\u00e8re, 1933, Vase, polychromes Design mit floralen Motiven, K\u00fcnstler Mathot van Hofelen (Antwerpen), Atelier de Fantaisie at Boch Fr\u00e8res Keramis, entworfen in einem Workshop von Charles Chatteau, Rarit\u00e4t XXXX (very rar), Dekorjahr 1932, Dekornummer D 1655, Formnummer 1197, gemarkt Wolfsmarke Boch Freres Keramis Made in Belgium schwarzer Stempel, D.1655, blau gemalt, 1197 gepresst, Zeichen f\u00fcr van Hofelen blau gemalt, Literatur: Marc Pairon, Art Deco Ceramics, Made in Belgium, Charles Chatteau, Marke Seite 513, Dekorbeschreibung Seite 692, Dekordatierung Seite 585, Formbeschreibung Seite 571, H\u00f6he 16,4 cm, Breite 11,5 cm<\/p>\n<p><a href=\"http:\/\/museumek.eu\/wp-content\/uploads\/2011\/08\/Museum-Europ\u00e4ischer-Keramikkunst-Qualit\u00e4tsfotos-262.jpg\"><img loading=\"lazy\" src=\"http:\/\/museumek.eu\/wp-content\/uploads\/2011\/08\/Museum-Europ\u00e4ischer-Keramikkunst-Qualit\u00e4tsfotos-262-170x300.jpg\" alt=\"\" title=\"Museum Europ\u00e4ischer Keramikkunst Qualit\u00e4tsfotos 262\" width=\"170\" height=\"300\" class=\"alignnone size-medium wp-image-1729\" srcset=\"http:\/\/museumek.eu\/wp-content\/uploads\/2011\/08\/Museum-Europ\u00e4ischer-Keramikkunst-Qualit\u00e4tsfotos-262-170x300.jpg 170w, http:\/\/museumek.eu\/wp-content\/uploads\/2011\/08\/Museum-Europ\u00e4ischer-Keramikkunst-Qualit\u00e4tsfotos-262.jpg 540w\" sizes=\"(max-width: 170px) 100vw, 170px\" \/><\/a><\/p>\n<p><a href=\"http:\/\/museumek.eu\/wp-content\/uploads\/2011\/08\/Museum-Europ\u00e4ischer-Keramikkunst-243.jpg\"><img loading=\"lazy\" src=\"http:\/\/museumek.eu\/wp-content\/uploads\/2011\/08\/Museum-Europ\u00e4ischer-Keramikkunst-243-261x300.jpg\" alt=\"\" title=\"Museum Europ\u00e4ischer Keramikkunst 243\" width=\"261\" height=\"300\" class=\"alignnone size-medium wp-image-1730\" srcset=\"http:\/\/museumek.eu\/wp-content\/uploads\/2011\/08\/Museum-Europ\u00e4ischer-Keramikkunst-243-261x300.jpg 261w, http:\/\/museumek.eu\/wp-content\/uploads\/2011\/08\/Museum-Europ\u00e4ischer-Keramikkunst-243.jpg 604w\" sizes=\"(max-width: 261px) 100vw, 261px\" \/><\/a><\/p>\n","protected":false},"excerpt":{"rendered":"<p>\u00dcber Mathot van Hofelen konnten keine Lebensdaten eruiert werden. Abteilung Belgien, Keramik 1860 \u2013 1960, Inventarnummer B\/I\/1 Boch Fr\u00e8res Keramis La Louvi\u00e8re, Belgien, La Louvi\u00e8re, 1933, Vase, polychromes Design mit floralen Motiven, K\u00fcnstler Mathot van Hofelen (Antwerpen), Atelier de Fantaisie &hellip; <a href=\"http:\/\/museumek.eu\/?page_id=3638\">Weiterlesen <span class=\"meta-nav\">&rarr;<\/span><\/a><\/p>\n","protected":false},"author":1,"featured_media":0,"parent":1508,"menu_order":0,"comment_status":"closed","ping_status":"closed","template":"","meta":[],"_links":{"self":[{"href":"http:\/\/museumek.eu\/index.php?rest_route=\/wp\/v2\/pages\/3638"}],"collection":[{"href":"http:\/\/museumek.eu\/index.php?rest_route=\/wp\/v2\/pages"}],"about":[{"href":"http:\/\/museumek.eu\/index.php?rest_route=\/wp\/v2\/types\/page"}],"author":[{"embeddable":true,"href":"http:\/\/museumek.eu\/index.php?rest_route=\/wp\/v2\/users\/1"}],"replies":[{"embeddable":true,"href":"http:\/\/museumek.eu\/index.php?rest_route=%2Fwp%2Fv2%2Fcomments&post=3638"}],"version-history":[{"count":5,"href":"http:\/\/museumek.eu\/index.php?rest_route=\/wp\/v2\/pages\/3638\/revisions"}],"predecessor-version":[{"id":20501,"href":"http:\/\/museumek.eu\/index.php?rest_route=\/wp\/v2\/pages\/3638\/revisions\/20501"}],"up":[{"embeddable":true,"href":"http:\/\/museumek.eu\/index.php?rest_route=\/wp\/v2\/pages\/1508"}],"wp:attachment":[{"href":"http:\/\/museumek.eu\/index.php?rest_route=%2Fwp%2Fv2%2Fmedia&parent=3638"}],"curies":[{"name":"wp","href":"https:\/\/api.w.org\/{rel}","templated":true}]}}