{"id":36631,"date":"2015-02-15T15:19:10","date_gmt":"2015-02-15T14:19:10","guid":{"rendered":"http:\/\/museumek.eu\/?page_id=36631"},"modified":"2015-02-15T15:20:00","modified_gmt":"2015-02-15T14:20:00","slug":"dxlv55","status":"publish","type":"page","link":"http:\/\/museumek.eu\/?page_id=36631","title":{"rendered":"D\/XLV\/55"},"content":{"rendered":"<p><strong>Abteilung Deutschland, Keramik 1860 \u2013 1960, Inventarnummer D\/XLV\/55<\/strong><\/p>\n<p>Steinzeug- &#038; Thonwaarenfabrik, Zinngiesserei &#038; Malerei Reinhold Merkelbach und Nachfolger Steinzeug- und Hartsteingutfabrik, Zinngie\u00dfereien und Malereien Reinhold Merkelbach, Deutschland, Grenzhausen, 1911, Kanne, K\u00fcnstler Karl Peter Gelhard, Werks.-Nr. 2292, Exemplar Nr. ohne, gemarkt Firmenmarke mit R. Merkelbach darunter Grenzhausen, 2292, 1 \u00bd L sowie 00 gepresst, nicht signiert, Literatur: Gisela Reineking von Bock, Meister der deutschen Keramik, Seite 221 ff., Fabrikbeschreibung sowie Seite 325, Marke Nr. 152 identisch, weitere Literatur: Beate Dry-v. Zezschwitz, Westerw\u00e4lder Steinzeug des Jugendstils I, R. Merkelbach Grenzhausen und M\u00fcnchen, Nachdruck der Spezialpreisliste 1905, Seite 31, Marke Nr. 18 identisch, weitere Literatur: J\u00fcrgen Schimanski und J\u00fcrgen Erlebach, Westerw\u00e4lder Steinzeug, Die Neue \u00c4ra, Seite 77 ff., Fabrikbeschreibung und Marke Nr. 19 identisch (verwendet ab 1903) sowie Seite 82, Abbildung Nr. 142 identische gr\u00f6\u00dfere Kanne beschrieben mit Entwurf Karl Gelhard 1910\/11, Werks.-Nr- 2292, weitere Literatur: J\u00fcrgen Schimanski, Braun geflammt und grau gesalzen, Seite 141, Abbildung Nr. 227 identische etwas kleinere Kanne, beschrieben mit Entwurf: Karl Gelhard 1911, Werks.-Nr. 2292, Seite 208 ff., Beschreibung der Fabrik, Seite 209, Marke Nr. 19 identisch (verwendet ab 1903) sowie Seite 284, Modellbuch Reinhold Merkelbach, dort unter 2292 folgender Eintrag: Krug, gestrichen 3.9.26 (bedeutet, dass diese Kanne ab diesem Datum nicht mehr produziert worden ist), blau-grau, Gelhard sowie Hand ausgef\u00fchrte Zeichnung dieser Kanne, 1845 gr\u00fcndete Wilhelm Merkelbach (1817 \u2013 1859) in Grenzhausen eine Kannenb\u00e4ckerei, wann sich diese zur Steinzeugfabrik weiterentwickelte und wie diese Fabrik firmierte konnte nicht recherchiert werden, nach dem fr\u00fchen Tod von Wilhelm Merkelbach \u00fcbernahm dessen Sohn Wilhelm Reinhold Merkelbach (1847 \u2013 1891) die Fabrik, wie Reinhold Merkelbach direkt nach der \u00dcbernahme firmierte konnte nicht recherchiert werden, sp\u00e4testens ab 1892 firmierte die Fabrik als Steinzeug- &#038; Thonwaarenfabrik, Zinngiesserei &#038; Malerei Reinhold Merkelbach, dies ergibt sich aus dem Preis-Courant des Jahres 1892, seit 1878 hatte die Fabrik ein Fabriklager in M\u00fcnchen, welches ab 1891 als Bierkrugfabrikniederlage, Inh. Tosca Merkelbach, Grenzhausen bezeichnet wurde, nach Reinhold Merkelbachs Tod 1891 f\u00fchrte seine Witwe Tosca Merkelbach die Fabrik weiter, bis die S\u00f6hne Paul Merkelbach (1882 \u2013 1917) und Reinhold Merkelbach (1885 \u2013 1918) am 23.05.1907 die Fabrik \u00fcbernahmen, ab 1905 firmierte die Fabrik als Steinzeug- und Hartsteingutfabrik, Zinngie\u00dfereien und Malereien Reinhold Merkelbach, dies ergibt sich aus der Spezialpreisliste des Jahres 1905, im Zuge der Fabrik\u00fcbergabe an die S\u00f6hne wurde die Niederlage in M\u00fcnchen gel\u00f6scht und daf\u00fcr als selbstst\u00e4ndiges Unternehmen neu gegr\u00fcndet, nach dem beide S\u00f6hne im WK I gefallen waren, \u00fcbernahm wieder Tosca Merkelbach die Leitung der Fabrik, 1911 gr\u00fcndete die Fabrik zusammen mit den Fabriken M\u00fcller, Hanke und Gerz die Steinzeugwerke H\u00f6hr-Grenzhausen GmbH, um sich gegenseitig im Vertrieb und in der Produktion zu bef\u00f6rdern, bis zum Jahre 1918 stiegen die Fabriken M\u00fcller, Hanke und Gerz wieder aus der GmbH aus, Merkelbach \u00fcbernahm viele der Formen der anderen Fabriken und die GmbH ging im Laufe der n\u00e4chsten Jahre in die Steinzeugfabrik Reinhold Merkelbach auf, w\u00e4hrend des Bestehens der GmbH stellten die Fabriken jeweils auch Steinzeuge nach den Formen der anderen Fabriken her, die GmbH hatte keinen eigenen Markenstempel, die Produkte, auch die nach den Formen der anderen Fabriken hergestellten, wurden mit der jeweils eigenen Marke gekennzeichnet soweit \u00fcberhaupt gemarkt worden ist, nach Tosca Merkelbachs Tod f\u00fchrte die Schwiegertochter Gertrud Merkelbach, wohl zusammen mit anderen Verwandten und nicht verwandten Gesch\u00e4ftsf\u00fchrern die Fabrik weiter, 1957 \u00fcbernahm Prof. Reinhold Paul Bernhard Merkelbach (1918 \u2013 2006), ein Enkel von Reinhold Merkelbach, die Leitung der Fabrik, ab 1970 \u00e4nderte die Fabrik mehrmals ihre Firmierung und ab 1971 stieg die Goebel\u2019sche Porzellanfabrik erst mit 50 % sp\u00e4ter dann mit 100 % in die Eigentumsverh\u00e4ltnisse der Fabrik ein, 1988 kauften Familienangeh\u00f6rige der Merkelbachs zusammen mit Investoren die Fabrik zur\u00fcck, ab 1995 bis 2007 leitete die Familienangeh\u00f6rige Judith Engelmann, geb. Merkelbach die Fabrik, 2007 wurde die Produktion aufgegeben und die Steinzeugfabrik Matthias Girmscheid \u00fcbernahm viele der Formen, sowohl Goebel als auch Girmscheid produzierten viele Jugendstilentw\u00fcrfe als Neuauflagen, Ausf\u00fchrung als Steinzeug grau-blau salzglasiert,<br \/>\nH\u00f6he 23,5 cm, Breite 16 cm<\/p>\n<p><a href=\"http:\/\/museumek.eu\/?attachment_id=36632\" rel=\"attachment wp-att-36632\"><img loading=\"lazy\" src=\"http:\/\/museumek.eu\/wp-content\/uploads\/2015\/02\/2311-166x300.jpg\" alt=\"\" title=\"2311\" width=\"166\" height=\"300\" class=\"alignnone size-medium wp-image-36632\" srcset=\"http:\/\/museumek.eu\/wp-content\/uploads\/2015\/02\/2311-166x300.jpg 166w, http:\/\/museumek.eu\/wp-content\/uploads\/2015\/02\/2311-83x150.jpg 83w, http:\/\/museumek.eu\/wp-content\/uploads\/2015\/02\/2311.jpg 444w\" sizes=\"(max-width: 166px) 100vw, 166px\" \/><\/a><\/p>\n<p><a href=\"http:\/\/museumek.eu\/?attachment_id=36633\" rel=\"attachment wp-att-36633\"><img loading=\"lazy\" src=\"http:\/\/museumek.eu\/wp-content\/uploads\/2015\/02\/2312-161x300.jpg\" alt=\"\" title=\"2312\" width=\"161\" height=\"300\" class=\"alignnone size-medium wp-image-36633\" srcset=\"http:\/\/museumek.eu\/wp-content\/uploads\/2015\/02\/2312-161x300.jpg 161w, http:\/\/museumek.eu\/wp-content\/uploads\/2015\/02\/2312-80x150.jpg 80w, http:\/\/museumek.eu\/wp-content\/uploads\/2015\/02\/2312.jpg 431w\" sizes=\"(max-width: 161px) 100vw, 161px\" \/><\/a><\/p>\n<p><a href=\"http:\/\/museumek.eu\/?attachment_id=36634\" rel=\"attachment wp-att-36634\"><img loading=\"lazy\" src=\"http:\/\/museumek.eu\/wp-content\/uploads\/2015\/02\/2313-194x300.jpg\" alt=\"\" title=\"2313\" width=\"194\" height=\"300\" class=\"alignnone size-medium wp-image-36634\" srcset=\"http:\/\/museumek.eu\/wp-content\/uploads\/2015\/02\/2313-194x300.jpg 194w, http:\/\/museumek.eu\/wp-content\/uploads\/2015\/02\/2313-97x150.jpg 97w, http:\/\/museumek.eu\/wp-content\/uploads\/2015\/02\/2313.jpg 519w\" sizes=\"(max-width: 194px) 100vw, 194px\" \/><\/a><\/p>\n<p><a href=\"http:\/\/museumek.eu\/?attachment_id=36635\" rel=\"attachment wp-att-36635\"><img loading=\"lazy\" src=\"http:\/\/museumek.eu\/wp-content\/uploads\/2015\/02\/2314-196x300.jpg\" alt=\"\" title=\"2314\" width=\"196\" height=\"300\" class=\"alignnone size-medium wp-image-36635\" srcset=\"http:\/\/museumek.eu\/wp-content\/uploads\/2015\/02\/2314-196x300.jpg 196w, http:\/\/museumek.eu\/wp-content\/uploads\/2015\/02\/2314-98x150.jpg 98w, http:\/\/museumek.eu\/wp-content\/uploads\/2015\/02\/2314.jpg 523w\" sizes=\"(max-width: 196px) 100vw, 196px\" \/><\/a><\/p>\n<p><a href=\"http:\/\/museumek.eu\/?attachment_id=36636\" rel=\"attachment wp-att-36636\"><img loading=\"lazy\" src=\"http:\/\/museumek.eu\/wp-content\/uploads\/2015\/02\/2315-156x300.jpg\" alt=\"\" title=\"2315\" width=\"156\" height=\"300\" class=\"alignnone size-medium wp-image-36636\" srcset=\"http:\/\/museumek.eu\/wp-content\/uploads\/2015\/02\/2315-156x300.jpg 156w, http:\/\/museumek.eu\/wp-content\/uploads\/2015\/02\/2315-78x150.jpg 78w, http:\/\/museumek.eu\/wp-content\/uploads\/2015\/02\/2315.jpg 418w\" sizes=\"(max-width: 156px) 100vw, 156px\" \/><\/a><\/p>\n<p><a href=\"http:\/\/museumek.eu\/?attachment_id=36637\" rel=\"attachment wp-att-36637\"><img loading=\"lazy\" src=\"http:\/\/museumek.eu\/wp-content\/uploads\/2015\/02\/2316-136x300.jpg\" alt=\"\" title=\"2316\" width=\"136\" height=\"300\" class=\"alignnone size-medium wp-image-36637\" srcset=\"http:\/\/museumek.eu\/wp-content\/uploads\/2015\/02\/2316-136x300.jpg 136w, http:\/\/museumek.eu\/wp-content\/uploads\/2015\/02\/2316-68x150.jpg 68w, http:\/\/museumek.eu\/wp-content\/uploads\/2015\/02\/2316.jpg 363w\" sizes=\"(max-width: 136px) 100vw, 136px\" \/><\/a><\/p>\n<p><a href=\"http:\/\/museumek.eu\/?attachment_id=36638\" rel=\"attachment wp-att-36638\"><img loading=\"lazy\" src=\"http:\/\/museumek.eu\/wp-content\/uploads\/2015\/02\/2317-300x239.jpg\" alt=\"\" title=\"2317\" width=\"300\" height=\"239\" class=\"alignnone size-medium wp-image-36638\" srcset=\"http:\/\/museumek.eu\/wp-content\/uploads\/2015\/02\/2317-300x239.jpg 300w, http:\/\/museumek.eu\/wp-content\/uploads\/2015\/02\/2317-150x119.jpg 150w, http:\/\/museumek.eu\/wp-content\/uploads\/2015\/02\/2317-376x300.jpg 376w, http:\/\/museumek.eu\/wp-content\/uploads\/2015\/02\/2317.jpg 752w\" sizes=\"(max-width: 300px) 100vw, 300px\" \/><\/a><\/p>\n<p><a href=\"http:\/\/museumek.eu\/?attachment_id=36639\" rel=\"attachment wp-att-36639\"><img loading=\"lazy\" src=\"http:\/\/museumek.eu\/wp-content\/uploads\/2015\/02\/2318-300x206.jpg\" alt=\"\" title=\"2318\" width=\"300\" height=\"206\" class=\"alignnone size-medium wp-image-36639\" srcset=\"http:\/\/museumek.eu\/wp-content\/uploads\/2015\/02\/2318-300x206.jpg 300w, http:\/\/museumek.eu\/wp-content\/uploads\/2015\/02\/2318-150x103.jpg 150w, http:\/\/museumek.eu\/wp-content\/uploads\/2015\/02\/2318-436x300.jpg 436w, http:\/\/museumek.eu\/wp-content\/uploads\/2015\/02\/2318.jpg 800w\" sizes=\"(max-width: 300px) 100vw, 300px\" \/><\/a><\/p>\n<p><a href=\"http:\/\/museumek.eu\/?attachment_id=36640\" rel=\"attachment wp-att-36640\"><img loading=\"lazy\" src=\"http:\/\/museumek.eu\/wp-content\/uploads\/2015\/02\/2319-235x300.jpg\" alt=\"\" title=\"2319\" width=\"235\" height=\"300\" class=\"alignnone size-medium wp-image-36640\" srcset=\"http:\/\/museumek.eu\/wp-content\/uploads\/2015\/02\/2319-235x300.jpg 235w, http:\/\/museumek.eu\/wp-content\/uploads\/2015\/02\/2319-117x150.jpg 117w, http:\/\/museumek.eu\/wp-content\/uploads\/2015\/02\/2319.jpg 600w\" sizes=\"(max-width: 235px) 100vw, 235px\" \/><\/a><\/p>\n","protected":false},"excerpt":{"rendered":"<p>Abteilung Deutschland, Keramik 1860 \u2013 1960, Inventarnummer D\/XLV\/55 Steinzeug- &#038; Thonwaarenfabrik, Zinngiesserei &#038; Malerei Reinhold Merkelbach und Nachfolger Steinzeug- und Hartsteingutfabrik, Zinngie\u00dfereien und Malereien Reinhold Merkelbach, Deutschland, Grenzhausen, 1911, Kanne, K\u00fcnstler Karl Peter Gelhard, Werks.-Nr. 2292, Exemplar Nr. ohne, gemarkt &hellip; <a href=\"http:\/\/museumek.eu\/?page_id=36631\">Weiterlesen <span class=\"meta-nav\">&rarr;<\/span><\/a><\/p>\n","protected":false},"author":1,"featured_media":0,"parent":35453,"menu_order":55,"comment_status":"closed","ping_status":"open","template":"","meta":[],"_links":{"self":[{"href":"http:\/\/museumek.eu\/index.php?rest_route=\/wp\/v2\/pages\/36631"}],"collection":[{"href":"http:\/\/museumek.eu\/index.php?rest_route=\/wp\/v2\/pages"}],"about":[{"href":"http:\/\/museumek.eu\/index.php?rest_route=\/wp\/v2\/types\/page"}],"author":[{"embeddable":true,"href":"http:\/\/museumek.eu\/index.php?rest_route=\/wp\/v2\/users\/1"}],"replies":[{"embeddable":true,"href":"http:\/\/museumek.eu\/index.php?rest_route=%2Fwp%2Fv2%2Fcomments&post=36631"}],"version-history":[{"count":6,"href":"http:\/\/museumek.eu\/index.php?rest_route=\/wp\/v2\/pages\/36631\/revisions"}],"predecessor-version":[{"id":36646,"href":"http:\/\/museumek.eu\/index.php?rest_route=\/wp\/v2\/pages\/36631\/revisions\/36646"}],"up":[{"embeddable":true,"href":"http:\/\/museumek.eu\/index.php?rest_route=\/wp\/v2\/pages\/35453"}],"wp:attachment":[{"href":"http:\/\/museumek.eu\/index.php?rest_route=%2Fwp%2Fv2%2Fmedia&parent=36631"}],"curies":[{"name":"wp","href":"https:\/\/api.w.org\/{rel}","templated":true}]}}