{"id":37261,"date":"2015-02-28T18:25:51","date_gmt":"2015-02-28T17:25:51","guid":{"rendered":"http:\/\/museumek.eu\/?page_id=37261"},"modified":"2015-02-28T18:46:09","modified_gmt":"2015-02-28T17:46:09","slug":"dcx2","status":"publish","type":"page","link":"http:\/\/museumek.eu\/?page_id=37261","title":{"rendered":"D\/CX\/2"},"content":{"rendered":"<p><strong>Abteilung Deutschland, Keramik 1860 \u2013 1960, Inventarnummer D\/CX\/2<\/strong><\/p>\n<p>Dr. Fritz Hammerschmidt Steinzeugfabrik, Deutschland, H\u00f6hr, um 1919 -1922, Seidel, K\u00fcnstler Wilhelm Ratelbeck (attr.), Werks.-Nr. 372, Exemplar Nr. ohne, gemarkt Firmenmarke mit Hammer, um den Hammerstiel ein gepunkteter Kreis, der Hammerstiel geht durch ein gespiegeltes S, die Finne des Hammerkopfes ist auf der rechten Seite, die Bahn des Hammerkopfes ist auf der linken Seite sowie 0,5 L. \u00fcber Eichstrich gepresst, 372 geritzt, nicht signiert, Literatur: J\u00fcrgen Schimanski und J\u00fcrgen Erlebach, Westerw\u00e4lder Steinzeug, Die Neue \u00c4ra, Seite 58, dort eine Fabrik mit Peter Hammer Wwe., Grenzhausen ohne n\u00e4here Angaben aufgef\u00fchrt sowie Marke Nr. 7 \u00e4hnlich der Marke des MEK Exemplares, bei dieser Marke zeigt die Finne des Hammerkopfes nach links und die Bahn des Hammerkopfes nach rechts, der Hammerstiel geht nicht durch ein gespiegeltes S sondern durch ein origin\u00e4res S, wie bei der Marke des MEK Exemplares geht ein gepunkteter Kreis um den Hammerstiel, weitere Literatur: J\u00fcrgen Schimanski, Braun geflammt und grau gesalzen, Seite 201, Beschreibung der Fabrik, Marke Nr. 7 identisch, weitere Literatur: Gisela Reineking von Bock, Meister der deutschen Keramik 1900 \u2013 1950, Seite 329, Marke Nr. 219 identisch, dort als unbekannte Marke aufgef\u00fchrt, siehe auch Auktionshaus von Zezschwitz, Auktion vom 29.04.2005, Lot Nr. 289, dort ein kleiner Bierkrug von Dr. Fritz Hammerschmidt in der Versteigerung, Dr. Fritz Hammerschmidt, wohl ehemaliger technischer Mitarbeiter der Fabrik A. L\u00f6tschert, machte sich 1919 mit einer teilweisen \u00dcbernahme der L\u00f6tschert\u2019schen Fabrik selbst\u00e4ndig, Hammerschmidt entwickelte keine eigenen Formen, sondern benutzte die Formen der Fabrik A. L\u00f6tschert (die teilweise aus dem Bestand der Fabrik Simon Peter Gerz I stammten) weiter, allerdings versah er seine Produkte mit der oben genannten eigenen Marke, das MEK Exemplar D\/CX\/1 beweist die Richtigkeit dieser Ausf\u00fchrungen, denn die dort gelistete Kanne gibt es auch mit der Marke der Fabrik A. L\u00f6tschert, siehe Ausf\u00fchrungen oben, 1922 wurde die Fabrik geschlossen, die Modellformen wurden von der Fabrik Steinzeugindustrie Coblenz \u00fcbernommen, Erkl\u00e4rung der Marken Dr. Fritz Hammerschmidt und Peter Hammer Wwe. Fabrik s\u00e4mtlicher Steinzeugwaren (die Firmierung wurde von einer Zeitungsanzeige der Fabrik aus dem Jahre 1907 \u00fcbernommen), Dr. Fritz Hammerschmidt imitierte eventuell absichtlich die Fabrikmarke der 1865 von Peter Hammer in H\u00f6hr gegr\u00fcndeten Steinzeugwarenfabrik, um mit dieser Marken\u00e4hnlichkeit Verkaufsvorteile zu erlangen, ob dies in Absprache mit der Steinzeugwarenfabrik Peter Hammer Wwe. erfolgte kann nicht recherchiert werden, auf jeden Fall produzierte die Fabrik Peter Hammer Wwe. Fabrik s\u00e4mtlicher Steinzeugwaren ebenfalls noch im gleichen Zeitraum der Existenz der Hammerschmidt\u2019schen Fabrik, denn als Peter Hammer 1878 verstarb, f\u00fchrte seine Witwe die Gesch\u00e4fte der Steinzeugfabrik Peter Hammer unter dem Namen Peter Hammer Wwe. Fabrik s\u00e4mtlicher Steinzeugwaren bis 1922 weiter, 1922 \u00fcbernahm ihr Sohn Simon Peter Hammer die Leitung der Fabrik und hielt sie bis zu seinem Tod 1953 inne, zum Vergleich die Marke von Dr. Fritz Hammerschmidt und darunter die Marke von Peter Hammer Wwe., K\u00fcnstlerzuordnung: das MEK Exemplar D\/CX\/2 wurde mit vielen Dekorelementen des MEK Exemplares D\/CX\/1 ausgef\u00fchrt, <strong>das MEK Exemplar mit der Werks.-Nr. 372 wurde in der Fachliteratur noch nicht erfasst<\/strong>, Ausf\u00fchrung als Steinzeug grau-blau salzglasiert, H\u00f6he 10 cm, Breite 15 cm (nur die Keramik)<\/p>\n<p><a href=\"http:\/\/museumek.eu\/?attachment_id=37262\" rel=\"attachment wp-att-37262\"><img loading=\"lazy\" src=\"http:\/\/museumek.eu\/wp-content\/uploads\/2015\/02\/2885-240x300.jpg\" alt=\"\" title=\"2885\" width=\"240\" height=\"300\" class=\"alignnone size-medium wp-image-37262\" srcset=\"http:\/\/museumek.eu\/wp-content\/uploads\/2015\/02\/2885-240x300.jpg 240w, http:\/\/museumek.eu\/wp-content\/uploads\/2015\/02\/2885-120x150.jpg 120w, http:\/\/museumek.eu\/wp-content\/uploads\/2015\/02\/2885.jpg 600w\" sizes=\"(max-width: 240px) 100vw, 240px\" \/><\/a><\/p>\n<p><a href=\"http:\/\/museumek.eu\/?attachment_id=37263\" rel=\"attachment wp-att-37263\"><img loading=\"lazy\" src=\"http:\/\/museumek.eu\/wp-content\/uploads\/2015\/02\/2886-282x300.jpg\" alt=\"\" title=\"2886\" width=\"282\" height=\"300\" class=\"alignnone size-medium wp-image-37263\" srcset=\"http:\/\/museumek.eu\/wp-content\/uploads\/2015\/02\/2886-282x300.jpg 282w, http:\/\/museumek.eu\/wp-content\/uploads\/2015\/02\/2886-141x150.jpg 141w, http:\/\/museumek.eu\/wp-content\/uploads\/2015\/02\/2886.jpg 600w\" sizes=\"(max-width: 282px) 100vw, 282px\" \/><\/a><\/p>\n<p><a href=\"http:\/\/museumek.eu\/?attachment_id=37264\" rel=\"attachment wp-att-37264\"><img loading=\"lazy\" src=\"http:\/\/museumek.eu\/wp-content\/uploads\/2015\/02\/2887-277x300.jpg\" alt=\"\" title=\"2887\" width=\"277\" height=\"300\" class=\"alignnone size-medium wp-image-37264\" srcset=\"http:\/\/museumek.eu\/wp-content\/uploads\/2015\/02\/2887-277x300.jpg 277w, http:\/\/museumek.eu\/wp-content\/uploads\/2015\/02\/2887-138x150.jpg 138w, http:\/\/museumek.eu\/wp-content\/uploads\/2015\/02\/2887.jpg 600w\" sizes=\"(max-width: 277px) 100vw, 277px\" \/><\/a><\/p>\n<p><a href=\"http:\/\/museumek.eu\/?attachment_id=37265\" rel=\"attachment wp-att-37265\"><img loading=\"lazy\" src=\"http:\/\/museumek.eu\/wp-content\/uploads\/2015\/02\/2888-198x300.jpg\" alt=\"\" title=\"2888\" width=\"198\" height=\"300\" class=\"alignnone size-medium wp-image-37265\" srcset=\"http:\/\/museumek.eu\/wp-content\/uploads\/2015\/02\/2888-198x300.jpg 198w, http:\/\/museumek.eu\/wp-content\/uploads\/2015\/02\/2888-99x150.jpg 99w, http:\/\/museumek.eu\/wp-content\/uploads\/2015\/02\/2888.jpg 528w\" sizes=\"(max-width: 198px) 100vw, 198px\" \/><\/a><\/p>\n<p><a href=\"http:\/\/museumek.eu\/?attachment_id=37266\" rel=\"attachment wp-att-37266\"><img loading=\"lazy\" src=\"http:\/\/museumek.eu\/wp-content\/uploads\/2015\/02\/2889-300x180.jpg\" alt=\"\" title=\"2889\" width=\"300\" height=\"180\" class=\"alignnone size-medium wp-image-37266\" srcset=\"http:\/\/museumek.eu\/wp-content\/uploads\/2015\/02\/2889-300x180.jpg 300w, http:\/\/museumek.eu\/wp-content\/uploads\/2015\/02\/2889-150x90.jpg 150w, http:\/\/museumek.eu\/wp-content\/uploads\/2015\/02\/2889-500x300.jpg 500w, http:\/\/museumek.eu\/wp-content\/uploads\/2015\/02\/2889.jpg 800w\" sizes=\"(max-width: 300px) 100vw, 300px\" \/><\/a><\/p>\n<p><a href=\"http:\/\/museumek.eu\/?attachment_id=37267\" rel=\"attachment wp-att-37267\"><img loading=\"lazy\" src=\"http:\/\/museumek.eu\/wp-content\/uploads\/2015\/02\/2890-300x178.jpg\" alt=\"\" title=\"2890\" width=\"300\" height=\"178\" class=\"alignnone size-medium wp-image-37267\" srcset=\"http:\/\/museumek.eu\/wp-content\/uploads\/2015\/02\/2890-300x178.jpg 300w, http:\/\/museumek.eu\/wp-content\/uploads\/2015\/02\/2890-150x89.jpg 150w, http:\/\/museumek.eu\/wp-content\/uploads\/2015\/02\/2890.jpg 473w\" sizes=\"(max-width: 300px) 100vw, 300px\" \/><\/a><\/p>\n<p><a href=\"http:\/\/museumek.eu\/?attachment_id=37268\" rel=\"attachment wp-att-37268\"><img loading=\"lazy\" src=\"http:\/\/museumek.eu\/wp-content\/uploads\/2015\/02\/2891-300x237.jpg\" alt=\"\" title=\"2891\" width=\"300\" height=\"237\" class=\"alignnone size-medium wp-image-37268\" srcset=\"http:\/\/museumek.eu\/wp-content\/uploads\/2015\/02\/2891-300x237.jpg 300w, http:\/\/museumek.eu\/wp-content\/uploads\/2015\/02\/2891-150x118.jpg 150w, http:\/\/museumek.eu\/wp-content\/uploads\/2015\/02\/2891-378x300.jpg 378w, http:\/\/museumek.eu\/wp-content\/uploads\/2015\/02\/2891.jpg 757w\" sizes=\"(max-width: 300px) 100vw, 300px\" \/><\/a><\/p>\n<p><a href=\"http:\/\/museumek.eu\/?attachment_id=37269\" rel=\"attachment wp-att-37269\"><img loading=\"lazy\" src=\"http:\/\/museumek.eu\/wp-content\/uploads\/2015\/02\/2892-300x172.jpg\" alt=\"\" title=\"2892\" width=\"300\" height=\"172\" class=\"alignnone size-medium wp-image-37269\" srcset=\"http:\/\/museumek.eu\/wp-content\/uploads\/2015\/02\/2892-300x172.jpg 300w, http:\/\/museumek.eu\/wp-content\/uploads\/2015\/02\/2892-150x86.jpg 150w, http:\/\/museumek.eu\/wp-content\/uploads\/2015\/02\/2892-500x287.jpg 500w, http:\/\/museumek.eu\/wp-content\/uploads\/2015\/02\/2892.jpg 800w\" sizes=\"(max-width: 300px) 100vw, 300px\" \/><\/a><\/p>\n<p><a href=\"http:\/\/museumek.eu\/?attachment_id=37275\" rel=\"attachment wp-att-37275\"><img loading=\"lazy\" src=\"http:\/\/museumek.eu\/wp-content\/uploads\/2015\/02\/28931-238x300.jpg\" alt=\"\" title=\"2893\" width=\"238\" height=\"300\" class=\"alignnone size-medium wp-image-37275\" srcset=\"http:\/\/museumek.eu\/wp-content\/uploads\/2015\/02\/28931-238x300.jpg 238w, http:\/\/museumek.eu\/wp-content\/uploads\/2015\/02\/28931-119x150.jpg 119w, http:\/\/museumek.eu\/wp-content\/uploads\/2015\/02\/28931.jpg 337w\" sizes=\"(max-width: 238px) 100vw, 238px\" \/><\/a><\/p>\n<p><a href=\"http:\/\/museumek.eu\/?attachment_id=37276\" rel=\"attachment wp-att-37276\"><img loading=\"lazy\" src=\"http:\/\/museumek.eu\/wp-content\/uploads\/2015\/02\/a-Marke-Peter-Hammer-Wwe.-247x300.jpg\" alt=\"\" title=\"a Marke Peter Hammer Wwe.\" width=\"247\" height=\"300\" class=\"alignnone size-medium wp-image-37276\" srcset=\"http:\/\/museumek.eu\/wp-content\/uploads\/2015\/02\/a-Marke-Peter-Hammer-Wwe.-247x300.jpg 247w, http:\/\/museumek.eu\/wp-content\/uploads\/2015\/02\/a-Marke-Peter-Hammer-Wwe.-123x150.jpg 123w, http:\/\/museumek.eu\/wp-content\/uploads\/2015\/02\/a-Marke-Peter-Hammer-Wwe..jpg 273w\" sizes=\"(max-width: 247px) 100vw, 247px\" \/><\/a><\/p>\n<p><a href=\"http:\/\/museumek.eu\/?attachment_id=37277\" rel=\"attachment wp-att-37277\"><img loading=\"lazy\" src=\"http:\/\/museumek.eu\/wp-content\/uploads\/2015\/02\/AAAA-von-Zezschwitz-Auktion-Hammerschmidt-300x146.jpg\" alt=\"\" title=\"AAAA von Zezschwitz Auktion Hammerschmidt\" width=\"300\" height=\"146\" class=\"alignnone size-medium wp-image-37277\" srcset=\"http:\/\/museumek.eu\/wp-content\/uploads\/2015\/02\/AAAA-von-Zezschwitz-Auktion-Hammerschmidt-300x146.jpg 300w, http:\/\/museumek.eu\/wp-content\/uploads\/2015\/02\/AAAA-von-Zezschwitz-Auktion-Hammerschmidt-150x73.jpg 150w, http:\/\/museumek.eu\/wp-content\/uploads\/2015\/02\/AAAA-von-Zezschwitz-Auktion-Hammerschmidt-1024x499.jpg 1024w, http:\/\/museumek.eu\/wp-content\/uploads\/2015\/02\/AAAA-von-Zezschwitz-Auktion-Hammerschmidt-500x243.jpg 500w, http:\/\/museumek.eu\/wp-content\/uploads\/2015\/02\/AAAA-von-Zezschwitz-Auktion-Hammerschmidt.jpg 1259w\" sizes=\"(max-width: 300px) 100vw, 300px\" \/><\/a><\/p>\n","protected":false},"excerpt":{"rendered":"<p>Abteilung Deutschland, Keramik 1860 \u2013 1960, Inventarnummer D\/CX\/2 Dr. Fritz Hammerschmidt Steinzeugfabrik, Deutschland, H\u00f6hr, um 1919 -1922, Seidel, K\u00fcnstler Wilhelm Ratelbeck (attr.), Werks.-Nr. 372, Exemplar Nr. ohne, gemarkt Firmenmarke mit Hammer, um den Hammerstiel ein gepunkteter Kreis, der Hammerstiel geht &hellip; <a href=\"http:\/\/museumek.eu\/?page_id=37261\">Weiterlesen <span class=\"meta-nav\">&rarr;<\/span><\/a><\/p>\n","protected":false},"author":1,"featured_media":0,"parent":30050,"menu_order":2,"comment_status":"closed","ping_status":"open","template":"","meta":[],"_links":{"self":[{"href":"http:\/\/museumek.eu\/index.php?rest_route=\/wp\/v2\/pages\/37261"}],"collection":[{"href":"http:\/\/museumek.eu\/index.php?rest_route=\/wp\/v2\/pages"}],"about":[{"href":"http:\/\/museumek.eu\/index.php?rest_route=\/wp\/v2\/types\/page"}],"author":[{"embeddable":true,"href":"http:\/\/museumek.eu\/index.php?rest_route=\/wp\/v2\/users\/1"}],"replies":[{"embeddable":true,"href":"http:\/\/museumek.eu\/index.php?rest_route=%2Fwp%2Fv2%2Fcomments&post=37261"}],"version-history":[{"count":8,"href":"http:\/\/museumek.eu\/index.php?rest_route=\/wp\/v2\/pages\/37261\/revisions"}],"predecessor-version":[{"id":37295,"href":"http:\/\/museumek.eu\/index.php?rest_route=\/wp\/v2\/pages\/37261\/revisions\/37295"}],"up":[{"embeddable":true,"href":"http:\/\/museumek.eu\/index.php?rest_route=\/wp\/v2\/pages\/30050"}],"wp:attachment":[{"href":"http:\/\/museumek.eu\/index.php?rest_route=%2Fwp%2Fv2%2Fmedia&parent=37261"}],"curies":[{"name":"wp","href":"https:\/\/api.w.org\/{rel}","templated":true}]}}