{"id":38031,"date":"2015-03-24T14:13:05","date_gmt":"2015-03-24T13:13:05","guid":{"rendered":"http:\/\/museumek.eu\/?page_id=38031"},"modified":"2015-03-24T14:15:10","modified_gmt":"2015-03-24T13:15:10","slug":"dxlv62","status":"publish","type":"page","link":"http:\/\/museumek.eu\/?page_id=38031","title":{"rendered":"D\/XLV\/62"},"content":{"rendered":"<p><strong>Abteilung Deutschland, Keramik 1860 \u2013 1960, Inventarnummer D\/XLV\/62<\/strong><\/p>\n<p>Steinzeug- &#038; Thonwaarenfabrik, Zinngiesserei &#038; Malerei Reinhold Merkelbach und Nachfolger Steinzeug- und Hartsteingutfabrik, Zinngie\u00dfereien und Malereien Reinhold Merkelbach, Deutschland, Grenzhausen, 1930, Seidel, K\u00fcnstler unbekannt, Werks.-Nr. 3524, Exemplar Nr. ohne, gemarkt Firmenmarke mit Reinhold (als Halbbogen geschrieben) Merkelbach Grenzhausen, 3524 sowie 0,5 L \u00fcber Eichstrich gepresst, nicht gedeutete Zeichen geritzt, nicht signiert, Literatur: Gisela Reineking von Bock, Meister der deutschen Keramik, Seite 221 ff., Fabrikbeschreibung sowie Seite 325, Marke Nr. 151 identisch, weitere Literatur: J\u00fcrgen Schimanski und J\u00fcrgen Erlebach, Westerw\u00e4lder Steinzeug, Die Neue \u00c4ra, Seite 77 ff., Fabrikbeschreibung sowie Seite 78, Marke Nr. 22 identisch (Marke g\u00fcltig ab 1916), weitere Literatur: J\u00fcrgen Schimanski, Braun geflammt und grau gesalzen, Seite 208, Beschreibung der Fabrik, Seite 209, Marke Nr. 22 identisch (Marke g\u00fcltig ab 1916) sowie Seite 308, Kopie aus einem Merkelbach Modellbuch, dort Werks.-Nr. 3523 als letzte Werks.-Nr. dieses Modellbuches aufgef\u00fchrt, dort diese Werks.-Nr. datiert mit 15.04.1930, somit ordnet das MEK das MEK Exemplar mit der Werks.-Nr. 3524 in die gleiche Zeit ein,1845 gr\u00fcndete Wilhelm Merkelbach (1817 \u2013 1859) in Grenzhausen eine Kannenb\u00e4ckerei, wann sich diese zur Steinzeugfabrik weiterentwickelte und wie diese Fabrik firmierte konnte nicht recherchiert werden, nach dem fr\u00fchen Tod von Wilhelm Merkelbach \u00fcbernahm dessen Sohn Wilhelm Reinhold Merkelbach (1847 \u2013 1891) die Fabrik, wie Reinhold Merkelbach direkt nach der \u00dcbernahme firmierte konnte nicht recherchiert werden, sp\u00e4testens ab 1892 firmierte die Fabrik als Steinzeug- &#038; Thonwaarenfabrik, Zinngiesserei &#038; Malerei Reinhold Merkelbach, dies ergibt sich aus dem Preis-Courant des Jahres 1892, seit 1878 hatte die Fabrik ein Fabriklager in M\u00fcnchen, welches ab 1891 als Bierkrugfabrikniederlage, Inh. Tosca Merkelbach, Grenzhausen bezeichnet wurde, nach Reinhold Merkelbachs Tod 1891 f\u00fchrte seine Witwe Tosca Merkelbach die Fabrik weiter, bis die S\u00f6hne Paul Merkelbach (1882 \u2013 1917) und Reinhold Merkelbach (1885 \u2013 1918) am 23.05.1907 die Fabrik \u00fcbernahmen, ab 1905 firmierte die Fabrik als Steinzeug- und Hartsteingutfabrik, Zinngie\u00dfereien und Malereien Reinhold Merkelbach, dies ergibt sich aus der Spezialpreisliste des Jahres 1905, im Zuge der Fabrik\u00fcbergabe an die S\u00f6hne wurde die Niederlage in M\u00fcnchen gel\u00f6scht und daf\u00fcr als selbstst\u00e4ndiges Unternehmen neu gegr\u00fcndet, nach dem beide S\u00f6hne im WK I gefallen waren, \u00fcbernahm wieder Tosca Merkelbach die Leitung der Fabrik, 1911 gr\u00fcndete die Fabrik zusammen mit den Fabriken M\u00fcller, Hanke und Gerz die Steinzeugwerke H\u00f6hr-Grenzhausen GmbH, um sich gegenseitig im Vertrieb und in der Produktion zu bef\u00f6rdern, bis zum Jahre 1918 stiegen die Fabriken M\u00fcller, Hanke und Gerz wieder aus der GmbH aus, Merkelbach \u00fcbernahm viele der Formen der anderen Fabriken und die GmbH ging im Laufe der n\u00e4chsten Jahre in die Steinzeugfabrik Reinhold Merkelbach auf, w\u00e4hrend des Bestehens der GmbH stellten die Fabriken jeweils auch Steinzeuge nach den Formen der anderen Fabriken her, die GmbH hatte keinen eigenen Markenstempel, die Produkte, auch die nach den Formen der anderen Fabriken hergestellten, wurden mit der jeweils eigenen Marke gekennzeichnet soweit \u00fcberhaupt gemarkt worden ist, nach Tosca Merkelbachs Tod f\u00fchrte die Schwiegertochter Gertrud Merkelbach, wohl zusammen mit anderen Verwandten und nicht verwandten Gesch\u00e4ftsf\u00fchrern die Fabrik weiter, 1957 \u00fcbernahm Prof. Reinhold Paul Bernhard Merkelbach (1918 \u2013 2006), ein Enkel von Reinhold Merkelbach, die Leitung der Fabrik, ab 1970 \u00e4nderte die Fabrik mehrmals ihre Firmierung und ab 1971 stieg die Goebel\u2019sche Porzellanfabrik erst mit 50 % sp\u00e4ter dann mit 100 % in die Eigentumsverh\u00e4ltnisse der Fabrik ein, 1988 kauften Familienangeh\u00f6rige der Merkelbachs zusammen mit Investoren die Fabrik zur\u00fcck, ab 1995 bis 2007 leitete die Familienangeh\u00f6rige Judith Engelmann, geb. Merkelbach die Fabrik, 2007 wurde die Produktion aufgegeben und die Steinzeugfabrik Matthias Girmscheid \u00fcbernahm viele der Formen, sowohl Goebel als auch Girmscheid produzierten viele Jugendstilentw\u00fcrfe als Neuauflagen, Zinndeckel mit Widmung und Datierung 1936, daraus l\u00e4\u00dft sich schlie\u00dfen, dass auf dem Zinndeckel des 1930 hergestellten Seidels, sp\u00e4ter, im Jahre 1936, die Widmung aufgebracht worden ist oder dass der Seidel 1936 produziert worden ist und somit neu war, das MEK tendiert zur ersten Variante und ordnet deshalb den Seidel zeitlich in das Jahr 1930 ein, im Zinndeckel Rundstempel Bamberger Zinngie\u00dferei Jos. Hauser Bamberg, Jos. steht sicher f\u00fcr Josef, die Zinngie\u00dferei bestand wohl zwischen 1900 und 1950, H\u00f6he 11,5 cm, Breite 15 cm (nur die Keramik)<\/p>\n<p><a href=\"http:\/\/museumek.eu\/?attachment_id=38032\" rel=\"attachment wp-att-38032\"><img loading=\"lazy\" src=\"http:\/\/museumek.eu\/wp-content\/uploads\/2015\/03\/2704-202x300.jpg\" alt=\"\" title=\"2704\" width=\"202\" height=\"300\" class=\"alignnone size-medium wp-image-38032\" srcset=\"http:\/\/museumek.eu\/wp-content\/uploads\/2015\/03\/2704-202x300.jpg 202w, http:\/\/museumek.eu\/wp-content\/uploads\/2015\/03\/2704-101x150.jpg 101w, http:\/\/museumek.eu\/wp-content\/uploads\/2015\/03\/2704.jpg 541w\" sizes=\"(max-width: 202px) 100vw, 202px\" \/><\/a><\/p>\n<p><a href=\"http:\/\/museumek.eu\/?attachment_id=38033\" rel=\"attachment wp-att-38033\"><img loading=\"lazy\" src=\"http:\/\/museumek.eu\/wp-content\/uploads\/2015\/03\/2705-217x300.jpg\" alt=\"\" title=\"2705\" width=\"217\" height=\"300\" class=\"alignnone size-medium wp-image-38033\" srcset=\"http:\/\/museumek.eu\/wp-content\/uploads\/2015\/03\/2705-217x300.jpg 217w, http:\/\/museumek.eu\/wp-content\/uploads\/2015\/03\/2705-108x150.jpg 108w, http:\/\/museumek.eu\/wp-content\/uploads\/2015\/03\/2705.jpg 581w\" sizes=\"(max-width: 217px) 100vw, 217px\" \/><\/a><\/p>\n<p><a href=\"http:\/\/museumek.eu\/?attachment_id=38034\" rel=\"attachment wp-att-38034\"><img loading=\"lazy\" src=\"http:\/\/museumek.eu\/wp-content\/uploads\/2015\/03\/2706-241x300.jpg\" alt=\"\" title=\"2706\" width=\"241\" height=\"300\" class=\"alignnone size-medium wp-image-38034\" srcset=\"http:\/\/museumek.eu\/wp-content\/uploads\/2015\/03\/2706-241x300.jpg 241w, http:\/\/museumek.eu\/wp-content\/uploads\/2015\/03\/2706-120x150.jpg 120w, http:\/\/museumek.eu\/wp-content\/uploads\/2015\/03\/2706.jpg 600w\" sizes=\"(max-width: 241px) 100vw, 241px\" \/><\/a><\/p>\n<p><a href=\"http:\/\/museumek.eu\/?attachment_id=38035\" rel=\"attachment wp-att-38035\"><img loading=\"lazy\" src=\"http:\/\/museumek.eu\/wp-content\/uploads\/2015\/03\/2707-272x300.jpg\" alt=\"\" title=\"2707\" width=\"272\" height=\"300\" class=\"alignnone size-medium wp-image-38035\" srcset=\"http:\/\/museumek.eu\/wp-content\/uploads\/2015\/03\/2707-272x300.jpg 272w, http:\/\/museumek.eu\/wp-content\/uploads\/2015\/03\/2707-136x150.jpg 136w, http:\/\/museumek.eu\/wp-content\/uploads\/2015\/03\/2707.jpg 600w\" sizes=\"(max-width: 272px) 100vw, 272px\" \/><\/a><\/p>\n<p><a href=\"http:\/\/museumek.eu\/?attachment_id=38036\" rel=\"attachment wp-att-38036\"><img loading=\"lazy\" src=\"http:\/\/museumek.eu\/wp-content\/uploads\/2015\/03\/2708-261x300.jpg\" alt=\"\" title=\"2708\" width=\"261\" height=\"300\" class=\"alignnone size-medium wp-image-38036\" srcset=\"http:\/\/museumek.eu\/wp-content\/uploads\/2015\/03\/2708-261x300.jpg 261w, http:\/\/museumek.eu\/wp-content\/uploads\/2015\/03\/2708-130x150.jpg 130w, http:\/\/museumek.eu\/wp-content\/uploads\/2015\/03\/2708.jpg 600w\" sizes=\"(max-width: 261px) 100vw, 261px\" \/><\/a><\/p>\n<p><a href=\"http:\/\/museumek.eu\/?attachment_id=38037\" rel=\"attachment wp-att-38037\"><img loading=\"lazy\" src=\"http:\/\/museumek.eu\/wp-content\/uploads\/2015\/03\/2709-185x300.jpg\" alt=\"\" title=\"2709\" width=\"185\" height=\"300\" class=\"alignnone size-medium wp-image-38037\" srcset=\"http:\/\/museumek.eu\/wp-content\/uploads\/2015\/03\/2709-185x300.jpg 185w, http:\/\/museumek.eu\/wp-content\/uploads\/2015\/03\/2709-92x150.jpg 92w, http:\/\/museumek.eu\/wp-content\/uploads\/2015\/03\/2709.jpg 494w\" sizes=\"(max-width: 185px) 100vw, 185px\" \/><\/a><\/p>\n<p><a href=\"http:\/\/museumek.eu\/?attachment_id=38038\" rel=\"attachment wp-att-38038\"><img loading=\"lazy\" src=\"http:\/\/museumek.eu\/wp-content\/uploads\/2015\/03\/2710-300x206.jpg\" alt=\"\" title=\"2710\" width=\"300\" height=\"206\" class=\"alignnone size-medium wp-image-38038\" srcset=\"http:\/\/museumek.eu\/wp-content\/uploads\/2015\/03\/2710-300x206.jpg 300w, http:\/\/museumek.eu\/wp-content\/uploads\/2015\/03\/2710-150x103.jpg 150w, http:\/\/museumek.eu\/wp-content\/uploads\/2015\/03\/2710.jpg 395w\" sizes=\"(max-width: 300px) 100vw, 300px\" \/><\/a><\/p>\n<p><a href=\"http:\/\/museumek.eu\/?attachment_id=38039\" rel=\"attachment wp-att-38039\"><img loading=\"lazy\" src=\"http:\/\/museumek.eu\/wp-content\/uploads\/2015\/03\/2711-212x300.jpg\" alt=\"\" title=\"2711\" width=\"212\" height=\"300\" class=\"alignnone size-medium wp-image-38039\" srcset=\"http:\/\/museumek.eu\/wp-content\/uploads\/2015\/03\/2711-212x300.jpg 212w, http:\/\/museumek.eu\/wp-content\/uploads\/2015\/03\/2711-106x150.jpg 106w, http:\/\/museumek.eu\/wp-content\/uploads\/2015\/03\/2711.jpg 567w\" sizes=\"(max-width: 212px) 100vw, 212px\" \/><\/a><\/p>\n<p><a href=\"http:\/\/museumek.eu\/?attachment_id=38045\" rel=\"attachment wp-att-38045\"><img loading=\"lazy\" src=\"http:\/\/museumek.eu\/wp-content\/uploads\/2015\/03\/27121-298x300.jpg\" alt=\"\" title=\"2712\" width=\"298\" height=\"300\" class=\"alignnone size-medium wp-image-38045\" srcset=\"http:\/\/museumek.eu\/wp-content\/uploads\/2015\/03\/27121-298x300.jpg 298w, http:\/\/museumek.eu\/wp-content\/uploads\/2015\/03\/27121-150x150.jpg 150w, http:\/\/museumek.eu\/wp-content\/uploads\/2015\/03\/27121.jpg 472w\" sizes=\"(max-width: 298px) 100vw, 298px\" \/><\/a><\/p>\n<p><a href=\"http:\/\/museumek.eu\/?attachment_id=38046\" rel=\"attachment wp-att-38046\"><img loading=\"lazy\" src=\"http:\/\/museumek.eu\/wp-content\/uploads\/2015\/03\/2713-300x300.jpg\" alt=\"\" title=\"2713\" width=\"300\" height=\"300\" class=\"alignnone size-medium wp-image-38046\" srcset=\"http:\/\/museumek.eu\/wp-content\/uploads\/2015\/03\/2713-300x300.jpg 300w, http:\/\/museumek.eu\/wp-content\/uploads\/2015\/03\/2713-150x150.jpg 150w, http:\/\/museumek.eu\/wp-content\/uploads\/2015\/03\/2713-299x300.jpg 299w, http:\/\/museumek.eu\/wp-content\/uploads\/2015\/03\/2713.jpg 600w\" sizes=\"(max-width: 300px) 100vw, 300px\" \/><\/a><\/p>\n","protected":false},"excerpt":{"rendered":"<p>Abteilung Deutschland, Keramik 1860 \u2013 1960, Inventarnummer D\/XLV\/62 Steinzeug- &#038; Thonwaarenfabrik, Zinngiesserei &#038; Malerei Reinhold Merkelbach und Nachfolger Steinzeug- und Hartsteingutfabrik, Zinngie\u00dfereien und Malereien Reinhold Merkelbach, Deutschland, Grenzhausen, 1930, Seidel, K\u00fcnstler unbekannt, Werks.-Nr. 3524, Exemplar Nr. ohne, gemarkt Firmenmarke mit &hellip; <a href=\"http:\/\/museumek.eu\/?page_id=38031\">Weiterlesen <span class=\"meta-nav\">&rarr;<\/span><\/a><\/p>\n","protected":false},"author":1,"featured_media":0,"parent":37782,"menu_order":62,"comment_status":"closed","ping_status":"open","template":"","meta":[],"_links":{"self":[{"href":"http:\/\/museumek.eu\/index.php?rest_route=\/wp\/v2\/pages\/38031"}],"collection":[{"href":"http:\/\/museumek.eu\/index.php?rest_route=\/wp\/v2\/pages"}],"about":[{"href":"http:\/\/museumek.eu\/index.php?rest_route=\/wp\/v2\/types\/page"}],"author":[{"embeddable":true,"href":"http:\/\/museumek.eu\/index.php?rest_route=\/wp\/v2\/users\/1"}],"replies":[{"embeddable":true,"href":"http:\/\/museumek.eu\/index.php?rest_route=%2Fwp%2Fv2%2Fcomments&post=38031"}],"version-history":[{"count":6,"href":"http:\/\/museumek.eu\/index.php?rest_route=\/wp\/v2\/pages\/38031\/revisions"}],"predecessor-version":[{"id":38048,"href":"http:\/\/museumek.eu\/index.php?rest_route=\/wp\/v2\/pages\/38031\/revisions\/38048"}],"up":[{"embeddable":true,"href":"http:\/\/museumek.eu\/index.php?rest_route=\/wp\/v2\/pages\/37782"}],"wp:attachment":[{"href":"http:\/\/museumek.eu\/index.php?rest_route=%2Fwp%2Fv2%2Fmedia&parent=38031"}],"curies":[{"name":"wp","href":"https:\/\/api.w.org\/{rel}","templated":true}]}}