{"id":38611,"date":"2015-04-10T18:21:09","date_gmt":"2015-04-10T16:21:09","guid":{"rendered":"http:\/\/museumek.eu\/?page_id=38611"},"modified":"2015-04-10T18:21:56","modified_gmt":"2015-04-10T16:21:56","slug":"ai140","status":"publish","type":"page","link":"http:\/\/museumek.eu\/?page_id=38611","title":{"rendered":"A\/I\/140"},"content":{"rendered":"<p><strong>Abteilung Austria\/Ungarn\/B\u00f6hmen, Keramik 1860 &#8211; 1960, Inventarnummer A\/I\/140<\/strong><\/p>\n<p>Friedrich Goldscheider Erste Wiener Terrakottafabrik, Austria, Wien, ca. 1901\/1902, Wandmaske Goethe, K\u00fcnstler unbekannt, Werks.-Nr. 2309, Exemplar Nr. 51, Modelleur Nr. 33, gemarkt keine Firmenmarke aber zweimal REPRODUCTIO RESERV\u00c8E, 2309, 51 sowie 33 alles gepresst, Goldscheider darunter Wien schwarz gemalt, nicht signiert, Literatur: Robert E. Dechant\/Filipp Goldscheider, Goldscheider Firmengeschichte und Werkverzeichnis, Seite 355 dort beschrieben und abgebildet, sowie Seite 606, Zusatzzeichen GS Z 11 (f\u00fcr die Zeit 1885 \u2013 1922) identisch, die Urspr\u00fcnge der Firma gehen zur\u00fcck auf das Pilsener Handelsunternehmen Moritz Goldscheider der 1860\u2018 Jahre, nach dem Tode von Moritz Goldscheider werden die Br\u00fcder Eduard und Friedrich Goldscheider Eigent\u00fcmer und firmieren ab 1877 als M. Goldscheider\u2019s Erben, Thon-und Kunststeinmanufactur Werk Moldau und ab 1878 als Br\u00fcder Goldscheider, im Jahre 1878 wandert Friedrich Goldscheider nach Wien aus und Eduard f\u00fchrt die Firma in Pilsen bis zum Konkurs 1892 allein weiter, Friedrich Goldscheider firmiert in Wien ab 1880 als Goldscheider\u2019sche Porzellan-Manufaktur und Porzellanmalerei, neben Handelsgesch\u00e4ften betreibt die Firma vorwiegend die Porzellanmalerei, das Porzellan wird von b\u00f6hmischen Manufakturen bezogen und teilweise auch in B\u00f6hmen bemalt, ab 1885 \u00e4ndert sich die Firmierung in Goldscheider\u2019sche Porzellan-Manufaktur und Majolicafabrik, das Jahr 1885 gilt als das offizielle Gr\u00fcndungsjahr, ab 1887 bezeichnet Friedrich Goldscheider seine Fabrik als Erste Wiener Terracotta- und Majolika-Fabrik Friedrich Goldscheider oder als Erste Wiener Kunst-Terracotta-Fabrik und kunstgewerbliche Ateliers Friedrich Goldscheider und offiziell ab 1894 als Friedrich Goldscheider Erste Wiener Terrakottafabrik, Friedrich Goldscheider stirbt im Jahre 1897, seine Ehefrau Regine Goldscheider wird Alleineigent\u00fcmer und firmiert ab 1899 als Friedrich Goldscheider in Wien, Berlin und Leipzig, ab 1907 firmiert die Firma als Erste Wiener Terrakottafabrik und Atelier f\u00fcr k\u00fcnstlerische Fayencen Friedrich Goldscheider, im Jahre 1918 stirbt Regine und die S\u00f6hne Walter und Marcell Goldscheider werden Inhaber, ab 1921 \u00e4ndert sich die Firmierung in Wiener Manufaktur Friedrich Goldscheider, 1928 scheidet Marcell Goldscheider aus und gr\u00fcndet seine eigene Firma in Wien, 1939 wird die Firma arisiert und Josef Schuster wird Inhaber, Firmierung ab 1939, Wiener Manufaktur Friedrich Goldscheider Nachf., Inhaber Josef Schuster, ab 1941 lautet die Firmierung Wiener Manufaktur Josef Schuster, vorm. Friedrich Goldscheider, nach dem WK II erh\u00e4lt Friedrich Goldscheider seine Firma zur\u00fcck und firmiert ab 1950 wieder als Wiener Manufaktur Friedrich Goldscheider, in dieser Zeit verkauft er die Firma an die Majolikafabrik Carstens, in Fredelsloh, die in Fredelsloh Wiederauflagen alter Modelle in minderwertigem braunem Ton aber auch neue Modelle ebenfalls in dieser Tonart produziert, ab 1953 firmiert die Firma als Kunstkeramische Manufaktur Goldscheider GmbH und 1960 wird die Produktion in Fredelsloh eingestellt, <strong>das MEK Exemplar dieser Wandmaske ist eines der Wenigen erhalten gebliebenen Exemplare, nach den Ausf\u00fchrungen von Dechant\/Goldscheider befindet sich ein weiteres Exemplar in einer privaten Sammlung, eines fand sich im Wiener Kunsthandel und ein weiteres Exemplar wurde \u00fcber ebay versteigert, genau dieses ehemals \u00fcber ebay versteigerte Exemplar ist seit 2015 MEK Inventar<\/strong>, wahrscheinlich wurde statt der Firmenmarke versehentlich zweimal REPRUCTION RESERV\u00c8E gemarkt, der Irrtum aber erst bemerkt, nachdem eine Markenpressung nicht mehr m\u00f6glich war, dann mit der Hand Goldscheider Wien geschrieben, danach erfolgte erst der Farbauftrag, weil die handschriftliche Markung unter dem Farbauftrag liegt, H\u00f6he 26 cm, Breite 21,5 cm<\/p>\n<p><a href=\"http:\/\/museumek.eu\/?attachment_id=38612\" rel=\"attachment wp-att-38612\"><img loading=\"lazy\" src=\"http:\/\/museumek.eu\/wp-content\/uploads\/2015\/04\/3181-219x300.jpg\" alt=\"\" title=\"3181\" width=\"219\" height=\"300\" class=\"alignnone size-medium wp-image-38612\" srcset=\"http:\/\/museumek.eu\/wp-content\/uploads\/2015\/04\/3181-219x300.jpg 219w, http:\/\/museumek.eu\/wp-content\/uploads\/2015\/04\/3181-109x150.jpg 109w, http:\/\/museumek.eu\/wp-content\/uploads\/2015\/04\/3181.jpg 586w\" sizes=\"(max-width: 219px) 100vw, 219px\" \/><\/a><\/p>\n<p><a href=\"http:\/\/museumek.eu\/?attachment_id=38613\" rel=\"attachment wp-att-38613\"><img loading=\"lazy\" src=\"http:\/\/museumek.eu\/wp-content\/uploads\/2015\/04\/3182-251x300.jpg\" alt=\"\" title=\"3182\" width=\"251\" height=\"300\" class=\"alignnone size-medium wp-image-38613\" srcset=\"http:\/\/museumek.eu\/wp-content\/uploads\/2015\/04\/3182-251x300.jpg 251w, http:\/\/museumek.eu\/wp-content\/uploads\/2015\/04\/3182-125x150.jpg 125w, http:\/\/museumek.eu\/wp-content\/uploads\/2015\/04\/3182.jpg 600w\" sizes=\"(max-width: 251px) 100vw, 251px\" \/><\/a><\/p>\n<p><a href=\"http:\/\/museumek.eu\/?attachment_id=38614\" rel=\"attachment wp-att-38614\"><img loading=\"lazy\" src=\"http:\/\/museumek.eu\/wp-content\/uploads\/2015\/04\/3183-288x300.jpg\" alt=\"\" title=\"3183\" width=\"288\" height=\"300\" class=\"alignnone size-medium wp-image-38614\" srcset=\"http:\/\/museumek.eu\/wp-content\/uploads\/2015\/04\/3183-288x300.jpg 288w, http:\/\/museumek.eu\/wp-content\/uploads\/2015\/04\/3183-144x150.jpg 144w, http:\/\/museumek.eu\/wp-content\/uploads\/2015\/04\/3183.jpg 600w\" sizes=\"(max-width: 288px) 100vw, 288px\" \/><\/a><\/p>\n<p><a href=\"http:\/\/museumek.eu\/?attachment_id=38615\" rel=\"attachment wp-att-38615\"><img loading=\"lazy\" src=\"http:\/\/museumek.eu\/wp-content\/uploads\/2015\/04\/3185-156x300.jpg\" alt=\"\" title=\"3185\" width=\"156\" height=\"300\" class=\"alignnone size-medium wp-image-38615\" srcset=\"http:\/\/museumek.eu\/wp-content\/uploads\/2015\/04\/3185-156x300.jpg 156w, http:\/\/museumek.eu\/wp-content\/uploads\/2015\/04\/3185-78x150.jpg 78w, http:\/\/museumek.eu\/wp-content\/uploads\/2015\/04\/3185.jpg 418w\" sizes=\"(max-width: 156px) 100vw, 156px\" \/><\/a><\/p>\n<p><a href=\"http:\/\/museumek.eu\/?attachment_id=38616\" rel=\"attachment wp-att-38616\"><img loading=\"lazy\" src=\"http:\/\/museumek.eu\/wp-content\/uploads\/2015\/04\/3184-267x300.jpg\" alt=\"\" title=\"3184\" width=\"267\" height=\"300\" class=\"alignnone size-medium wp-image-38616\" srcset=\"http:\/\/museumek.eu\/wp-content\/uploads\/2015\/04\/3184-267x300.jpg 267w, http:\/\/museumek.eu\/wp-content\/uploads\/2015\/04\/3184-133x150.jpg 133w, http:\/\/museumek.eu\/wp-content\/uploads\/2015\/04\/3184.jpg 600w\" sizes=\"(max-width: 267px) 100vw, 267px\" \/><\/a><\/p>\n<p><a href=\"http:\/\/museumek.eu\/?attachment_id=38617\" rel=\"attachment wp-att-38617\"><img loading=\"lazy\" src=\"http:\/\/museumek.eu\/wp-content\/uploads\/2015\/04\/3186-280x300.jpg\" alt=\"\" title=\"3186\" width=\"280\" height=\"300\" class=\"alignnone size-medium wp-image-38617\" srcset=\"http:\/\/museumek.eu\/wp-content\/uploads\/2015\/04\/3186-280x300.jpg 280w, http:\/\/museumek.eu\/wp-content\/uploads\/2015\/04\/3186-140x150.jpg 140w, http:\/\/museumek.eu\/wp-content\/uploads\/2015\/04\/3186.jpg 600w\" sizes=\"(max-width: 280px) 100vw, 280px\" \/><\/a><\/p>\n<p><a href=\"http:\/\/museumek.eu\/?attachment_id=38618\" rel=\"attachment wp-att-38618\"><img loading=\"lazy\" src=\"http:\/\/museumek.eu\/wp-content\/uploads\/2015\/04\/3187-300x135.jpg\" alt=\"\" title=\"3187\" width=\"300\" height=\"135\" class=\"alignnone size-medium wp-image-38618\" srcset=\"http:\/\/museumek.eu\/wp-content\/uploads\/2015\/04\/3187-300x135.jpg 300w, http:\/\/museumek.eu\/wp-content\/uploads\/2015\/04\/3187-150x67.jpg 150w, http:\/\/museumek.eu\/wp-content\/uploads\/2015\/04\/3187-500x225.jpg 500w, http:\/\/museumek.eu\/wp-content\/uploads\/2015\/04\/3187.jpg 800w\" sizes=\"(max-width: 300px) 100vw, 300px\" \/><\/a><\/p>\n<p><a href=\"http:\/\/museumek.eu\/?attachment_id=38619\" rel=\"attachment wp-att-38619\"><img loading=\"lazy\" src=\"http:\/\/museumek.eu\/wp-content\/uploads\/2015\/04\/3188-300x300.jpg\" alt=\"\" title=\"3188\" width=\"300\" height=\"300\" class=\"alignnone size-medium wp-image-38619\" srcset=\"http:\/\/museumek.eu\/wp-content\/uploads\/2015\/04\/3188-300x300.jpg 300w, http:\/\/museumek.eu\/wp-content\/uploads\/2015\/04\/3188-150x150.jpg 150w, http:\/\/museumek.eu\/wp-content\/uploads\/2015\/04\/3188.jpg 600w\" sizes=\"(max-width: 300px) 100vw, 300px\" \/><\/a><\/p>\n<p><a href=\"http:\/\/museumek.eu\/?attachment_id=38620\" rel=\"attachment wp-att-38620\"><img loading=\"lazy\" src=\"http:\/\/museumek.eu\/wp-content\/uploads\/2015\/04\/3189-265x300.jpg\" alt=\"\" title=\"3189\" width=\"265\" height=\"300\" class=\"alignnone size-medium wp-image-38620\" srcset=\"http:\/\/museumek.eu\/wp-content\/uploads\/2015\/04\/3189-265x300.jpg 265w, http:\/\/museumek.eu\/wp-content\/uploads\/2015\/04\/3189-132x150.jpg 132w, http:\/\/museumek.eu\/wp-content\/uploads\/2015\/04\/3189.jpg 600w\" sizes=\"(max-width: 265px) 100vw, 265px\" \/><\/a><\/p>\n","protected":false},"excerpt":{"rendered":"<p>Abteilung Austria\/Ungarn\/B\u00f6hmen, Keramik 1860 &#8211; 1960, Inventarnummer A\/I\/140 Friedrich Goldscheider Erste Wiener Terrakottafabrik, Austria, Wien, ca. 1901\/1902, Wandmaske Goethe, K\u00fcnstler unbekannt, Werks.-Nr. 2309, Exemplar Nr. 51, Modelleur Nr. 33, gemarkt keine Firmenmarke aber zweimal REPRODUCTIO RESERV\u00c8E, 2309, 51 sowie 33 &hellip; <a href=\"http:\/\/museumek.eu\/?page_id=38611\">Weiterlesen <span class=\"meta-nav\">&rarr;<\/span><\/a><\/p>\n","protected":false},"author":1,"featured_media":0,"parent":32309,"menu_order":140,"comment_status":"closed","ping_status":"open","template":"","meta":[],"_links":{"self":[{"href":"http:\/\/museumek.eu\/index.php?rest_route=\/wp\/v2\/pages\/38611"}],"collection":[{"href":"http:\/\/museumek.eu\/index.php?rest_route=\/wp\/v2\/pages"}],"about":[{"href":"http:\/\/museumek.eu\/index.php?rest_route=\/wp\/v2\/types\/page"}],"author":[{"embeddable":true,"href":"http:\/\/museumek.eu\/index.php?rest_route=\/wp\/v2\/users\/1"}],"replies":[{"embeddable":true,"href":"http:\/\/museumek.eu\/index.php?rest_route=%2Fwp%2Fv2%2Fcomments&post=38611"}],"version-history":[{"count":6,"href":"http:\/\/museumek.eu\/index.php?rest_route=\/wp\/v2\/pages\/38611\/revisions"}],"predecessor-version":[{"id":38626,"href":"http:\/\/museumek.eu\/index.php?rest_route=\/wp\/v2\/pages\/38611\/revisions\/38626"}],"up":[{"embeddable":true,"href":"http:\/\/museumek.eu\/index.php?rest_route=\/wp\/v2\/pages\/32309"}],"wp:attachment":[{"href":"http:\/\/museumek.eu\/index.php?rest_route=%2Fwp%2Fv2%2Fmedia&parent=38611"}],"curies":[{"name":"wp","href":"https:\/\/api.w.org\/{rel}","templated":true}]}}