{"id":38964,"date":"2015-04-23T21:06:10","date_gmt":"2015-04-23T19:06:10","guid":{"rendered":"http:\/\/museumek.eu\/?page_id=38964"},"modified":"2015-04-23T21:10:39","modified_gmt":"2015-04-23T19:10:39","slug":"dxlix17","status":"publish","type":"page","link":"http:\/\/museumek.eu\/?page_id=38964","title":{"rendered":"D\/XLIX\/17"},"content":{"rendered":"<p><strong>Abteilung Deutschland, Keramik 1860 \u2013 1960, Inventarnummer D\/XLIX\/17<\/strong><\/p>\n<p>Simon Peter Gerz I. GmbH Fabrik fein verzierter Gebrauchs- und Luxusgegenst\u00e4nde und Vorg\u00e4nger Simon Peter Gerz I. Fabrik antiker reichverzierter Steinzeugwaaren, Deutschland, H\u00f6hr, um 1911, Seidel, K\u00fcnstler August Wingender (attr.), Werks.-Nr. 1669, Exemplar Nr. ohne, gemarkt Fabrikmarke mit einem Krug in einem Dreieck, zweimal 1669 einmal unter dem Henkel und einmal am Boden des Seidels sowie 0,5 L \u00fcber Eichstrich gepresst, AW (f\u00fcr August Wingender)  ligiert aufgelegt oder mit gegossen, im unteren Teil des A befindet sich ein Punkt, signiert AW, Literatur: Gisela Reineking von Bock, Meister der deutschen Keramik, Seite 329, Marke Nr. 212 identisch, weitere Literatur: J\u00fcrgen Schimanski und J\u00fcrgen Erlebach, Westerw\u00e4lder Steinzeug, Die Neue \u00c4ra, Seite 44 ff., Fabrikbeschreibung, weitere Literatur: J\u00fcrgen Schimanski, Braun geflammt und grau gesalzen, Seite 197, Beschreibung der Fabrik und Marke Nr. 6 identisch, die Fabrik wurde 1857 von Simon Peter Gerz I (geb. 13.09.1830, gest. 12.09.1893) gegr\u00fcndet, die Registereintragung erfolgte aber erst 1862, insofern ist das Jahr 1862 das amtliche Gr\u00fcndungsdatum, bisher konnte in keiner Literatur eine Erkl\u00e4rung gefunden werden, warum Gerz seinem Namen eine r\u00f6mische I anf\u00fcgte, recherchiert werden konnte, dass es noch einen Steinzeugfabrikanten namens Simon Peter Gerz II (geb. 1833, gest. 1908) gab und dass dieser der Vater von Alois Jacob Gerz, dem Mitbegr\u00fcnder der Steinzeugfabrik Rosskopf &#038; Gerz war, 1867 erhielt die Fabrik das Pr\u00e4dikat eines Hoflieferanten des Herzog von Nassau, 1893 (Gerz Tod) wurde der Schwiegersohn Alphons William Loetschert Inhaber, sehr wahrscheinlich wurde um diese Zeit auch die Fabrikmarke SPG I in einem Kreis in die Dreieckmarke mit einem Krug ge\u00e4ndert, sp\u00e4testens aber sicher 1897, 1897 wurde die Pfeiffenfabrik M\u00fcllenbach &#038; Thewalt Mitinhaber und eine GmbH wurde gegr\u00fcndet (Gr\u00fcndungsdatum: 05.08.1897), die Fabrik bestand bis 1997, K\u00fcnstlerzuschreibung: von allen K\u00fcnstlern, die in der Zeit von 1900 bis 1920 Entw\u00fcrfe f\u00fcr die Westerw\u00e4lder Steinzeugindustrie lieferten, passt auf AW nur August Wingender, das MEK konnte keinen anderen K\u00fcnstler recherchieren zu dem AW passt, <strong>das MEK Exemplar mit der Werks.-Nr. 1669 ist in der Fachliteratur noch nicht erfasst<\/strong>, der Spruch lautet: NIMM DEN KRUG VON STEIN, SCHWENK iHN T\u00dcCHTIG REIN; LASS VOLL SCHENKEN EIN, DANN WIRD\u2019S MUNDEN FEiN., Ausf\u00fchrung als Feinsteinzeug grau-blau glasiert,<br \/>\nH\u00f6he 10,5 cm, Breite 14,5 cm (nur die Keramik)<\/p>\n<p><a href=\"http:\/\/museumek.eu\/?attachment_id=38965\" rel=\"attachment wp-att-38965\"><img loading=\"lazy\" src=\"http:\/\/museumek.eu\/wp-content\/uploads\/2015\/04\/3304-234x300.jpg\" alt=\"\" title=\"3304\" width=\"234\" height=\"300\" class=\"alignnone size-medium wp-image-38965\" srcset=\"http:\/\/museumek.eu\/wp-content\/uploads\/2015\/04\/3304-234x300.jpg 234w, http:\/\/museumek.eu\/wp-content\/uploads\/2015\/04\/3304-117x150.jpg 117w, http:\/\/museumek.eu\/wp-content\/uploads\/2015\/04\/3304.jpg 600w\" sizes=\"(max-width: 234px) 100vw, 234px\" \/><\/a><\/p>\n<p><a href=\"http:\/\/museumek.eu\/?attachment_id=38966\" rel=\"attachment wp-att-38966\"><img loading=\"lazy\" src=\"http:\/\/museumek.eu\/wp-content\/uploads\/2015\/04\/3310-295x300.jpg\" alt=\"\" title=\"3310\" width=\"295\" height=\"300\" class=\"alignnone size-medium wp-image-38966\" srcset=\"http:\/\/museumek.eu\/wp-content\/uploads\/2015\/04\/3310-295x300.jpg 295w, http:\/\/museumek.eu\/wp-content\/uploads\/2015\/04\/3310-147x150.jpg 147w, http:\/\/museumek.eu\/wp-content\/uploads\/2015\/04\/3310.jpg 600w\" sizes=\"(max-width: 295px) 100vw, 295px\" \/><\/a><\/p>\n<p><a href=\"http:\/\/museumek.eu\/?attachment_id=38967\" rel=\"attachment wp-att-38967\"><img loading=\"lazy\" src=\"http:\/\/museumek.eu\/wp-content\/uploads\/2015\/04\/3311-300x294.jpg\" alt=\"\" title=\"3311\" width=\"300\" height=\"294\" class=\"alignnone size-medium wp-image-38967\" srcset=\"http:\/\/museumek.eu\/wp-content\/uploads\/2015\/04\/3311-300x294.jpg 300w, http:\/\/museumek.eu\/wp-content\/uploads\/2015\/04\/3311-150x147.jpg 150w, http:\/\/museumek.eu\/wp-content\/uploads\/2015\/04\/3311-305x300.jpg 305w, http:\/\/museumek.eu\/wp-content\/uploads\/2015\/04\/3311.jpg 611w\" sizes=\"(max-width: 300px) 100vw, 300px\" \/><\/a><\/p>\n<p><a href=\"http:\/\/museumek.eu\/?attachment_id=38968\" rel=\"attachment wp-att-38968\"><img loading=\"lazy\" src=\"http:\/\/museumek.eu\/wp-content\/uploads\/2015\/04\/3312-206x300.jpg\" alt=\"\" title=\"3312\" width=\"206\" height=\"300\" class=\"alignnone size-medium wp-image-38968\" srcset=\"http:\/\/museumek.eu\/wp-content\/uploads\/2015\/04\/3312-206x300.jpg 206w, http:\/\/museumek.eu\/wp-content\/uploads\/2015\/04\/3312-103x150.jpg 103w, http:\/\/museumek.eu\/wp-content\/uploads\/2015\/04\/3312.jpg 551w\" sizes=\"(max-width: 206px) 100vw, 206px\" \/><\/a><\/p>\n<p><a href=\"http:\/\/museumek.eu\/?attachment_id=38969\" rel=\"attachment wp-att-38969\"><img loading=\"lazy\" src=\"http:\/\/museumek.eu\/wp-content\/uploads\/2015\/04\/3313-300x273.jpg\" alt=\"\" title=\"3313\" width=\"300\" height=\"273\" class=\"alignnone size-medium wp-image-38969\" srcset=\"http:\/\/museumek.eu\/wp-content\/uploads\/2015\/04\/3313-300x273.jpg 300w, http:\/\/museumek.eu\/wp-content\/uploads\/2015\/04\/3313-150x136.jpg 150w, http:\/\/museumek.eu\/wp-content\/uploads\/2015\/04\/3313-329x300.jpg 329w, http:\/\/museumek.eu\/wp-content\/uploads\/2015\/04\/3313.jpg 658w\" sizes=\"(max-width: 300px) 100vw, 300px\" \/><\/a><\/p>\n<p><a href=\"http:\/\/museumek.eu\/?attachment_id=38970\" rel=\"attachment wp-att-38970\"><img loading=\"lazy\" src=\"http:\/\/museumek.eu\/wp-content\/uploads\/2015\/04\/3305-300x286.jpg\" alt=\"\" title=\"3305\" width=\"300\" height=\"286\" class=\"alignnone size-medium wp-image-38970\" srcset=\"http:\/\/museumek.eu\/wp-content\/uploads\/2015\/04\/3305-300x286.jpg 300w, http:\/\/museumek.eu\/wp-content\/uploads\/2015\/04\/3305-150x143.jpg 150w, http:\/\/museumek.eu\/wp-content\/uploads\/2015\/04\/3305-314x300.jpg 314w, http:\/\/museumek.eu\/wp-content\/uploads\/2015\/04\/3305.jpg 628w\" sizes=\"(max-width: 300px) 100vw, 300px\" \/><\/a><\/p>\n<p><a href=\"http:\/\/museumek.eu\/?attachment_id=38971\" rel=\"attachment wp-att-38971\"><img loading=\"lazy\" src=\"http:\/\/museumek.eu\/wp-content\/uploads\/2015\/04\/3306-300x284.jpg\" alt=\"\" title=\"3306\" width=\"300\" height=\"284\" class=\"alignnone size-medium wp-image-38971\" srcset=\"http:\/\/museumek.eu\/wp-content\/uploads\/2015\/04\/3306-300x284.jpg 300w, http:\/\/museumek.eu\/wp-content\/uploads\/2015\/04\/3306-150x142.jpg 150w, http:\/\/museumek.eu\/wp-content\/uploads\/2015\/04\/3306-316x300.jpg 316w, http:\/\/museumek.eu\/wp-content\/uploads\/2015\/04\/3306.jpg 632w\" sizes=\"(max-width: 300px) 100vw, 300px\" \/><\/a><\/p>\n<p><a href=\"http:\/\/museumek.eu\/?attachment_id=38972\" rel=\"attachment wp-att-38972\"><img loading=\"lazy\" src=\"http:\/\/museumek.eu\/wp-content\/uploads\/2015\/04\/3307-300x272.jpg\" alt=\"\" title=\"3307\" width=\"300\" height=\"272\" class=\"alignnone size-medium wp-image-38972\" srcset=\"http:\/\/museumek.eu\/wp-content\/uploads\/2015\/04\/3307-300x272.jpg 300w, http:\/\/museumek.eu\/wp-content\/uploads\/2015\/04\/3307-150x136.jpg 150w, http:\/\/museumek.eu\/wp-content\/uploads\/2015\/04\/3307-330x300.jpg 330w, http:\/\/museumek.eu\/wp-content\/uploads\/2015\/04\/3307.jpg 660w\" sizes=\"(max-width: 300px) 100vw, 300px\" \/><\/a><\/p>\n<p><a href=\"http:\/\/museumek.eu\/?attachment_id=38973\" rel=\"attachment wp-att-38973\"><img loading=\"lazy\" src=\"http:\/\/museumek.eu\/wp-content\/uploads\/2015\/04\/3308-300x273.jpg\" alt=\"\" title=\"3308\" width=\"300\" height=\"273\" class=\"alignnone size-medium wp-image-38973\" srcset=\"http:\/\/museumek.eu\/wp-content\/uploads\/2015\/04\/3308-300x273.jpg 300w, http:\/\/museumek.eu\/wp-content\/uploads\/2015\/04\/3308-150x136.jpg 150w, http:\/\/museumek.eu\/wp-content\/uploads\/2015\/04\/3308-328x300.jpg 328w, http:\/\/museumek.eu\/wp-content\/uploads\/2015\/04\/3308.jpg 657w\" sizes=\"(max-width: 300px) 100vw, 300px\" \/><\/a><\/p>\n<p><a href=\"http:\/\/museumek.eu\/?attachment_id=38980\" rel=\"attachment wp-att-38980\"><img loading=\"lazy\" src=\"http:\/\/museumek.eu\/wp-content\/uploads\/2015\/04\/3314-300x268.jpg\" alt=\"\" title=\"3314\" width=\"300\" height=\"268\" class=\"alignnone size-medium wp-image-38980\" srcset=\"http:\/\/museumek.eu\/wp-content\/uploads\/2015\/04\/3314-300x268.jpg 300w, http:\/\/museumek.eu\/wp-content\/uploads\/2015\/04\/3314-150x134.jpg 150w, http:\/\/museumek.eu\/wp-content\/uploads\/2015\/04\/3314-335x300.jpg 335w, http:\/\/museumek.eu\/wp-content\/uploads\/2015\/04\/3314.jpg 670w\" sizes=\"(max-width: 300px) 100vw, 300px\" \/><\/a><\/p>\n<p><a href=\"http:\/\/museumek.eu\/?attachment_id=38981\" rel=\"attachment wp-att-38981\"><img loading=\"lazy\" src=\"http:\/\/museumek.eu\/wp-content\/uploads\/2015\/04\/3315-292x300.jpg\" alt=\"\" title=\"3315\" width=\"292\" height=\"300\" class=\"alignnone size-medium wp-image-38981\" srcset=\"http:\/\/museumek.eu\/wp-content\/uploads\/2015\/04\/3315-292x300.jpg 292w, http:\/\/museumek.eu\/wp-content\/uploads\/2015\/04\/3315-146x150.jpg 146w, http:\/\/museumek.eu\/wp-content\/uploads\/2015\/04\/3315.jpg 600w\" sizes=\"(max-width: 292px) 100vw, 292px\" \/><\/a><\/p>\n<p><a href=\"http:\/\/museumek.eu\/?attachment_id=38982\" rel=\"attachment wp-att-38982\"><img loading=\"lazy\" src=\"http:\/\/museumek.eu\/wp-content\/uploads\/2015\/04\/3316-300x199.jpg\" alt=\"\" title=\"3316\" width=\"300\" height=\"199\" class=\"alignnone size-medium wp-image-38982\" srcset=\"http:\/\/museumek.eu\/wp-content\/uploads\/2015\/04\/3316-300x199.jpg 300w, http:\/\/museumek.eu\/wp-content\/uploads\/2015\/04\/3316-150x99.jpg 150w, http:\/\/museumek.eu\/wp-content\/uploads\/2015\/04\/3316-450x300.jpg 450w, http:\/\/museumek.eu\/wp-content\/uploads\/2015\/04\/3316.jpg 496w\" sizes=\"(max-width: 300px) 100vw, 300px\" \/><\/a><\/p>\n<p><a href=\"http:\/\/museumek.eu\/?attachment_id=38983\" rel=\"attachment wp-att-38983\"><img loading=\"lazy\" src=\"http:\/\/museumek.eu\/wp-content\/uploads\/2015\/04\/3317-269x300.jpg\" alt=\"\" title=\"3317\" width=\"269\" height=\"300\" class=\"alignnone size-medium wp-image-38983\" srcset=\"http:\/\/museumek.eu\/wp-content\/uploads\/2015\/04\/3317-269x300.jpg 269w, http:\/\/museumek.eu\/wp-content\/uploads\/2015\/04\/3317-134x150.jpg 134w, http:\/\/museumek.eu\/wp-content\/uploads\/2015\/04\/3317.jpg 600w\" sizes=\"(max-width: 269px) 100vw, 269px\" \/><\/a><\/p>\n","protected":false},"excerpt":{"rendered":"<p>Abteilung Deutschland, Keramik 1860 \u2013 1960, Inventarnummer D\/XLIX\/17 Simon Peter Gerz I. GmbH Fabrik fein verzierter Gebrauchs- und Luxusgegenst\u00e4nde und Vorg\u00e4nger Simon Peter Gerz I. Fabrik antiker reichverzierter Steinzeugwaaren, Deutschland, H\u00f6hr, um 1911, Seidel, K\u00fcnstler August Wingender (attr.), Werks.-Nr. 1669, &hellip; <a href=\"http:\/\/museumek.eu\/?page_id=38964\">Weiterlesen <span class=\"meta-nav\">&rarr;<\/span><\/a><\/p>\n","protected":false},"author":1,"featured_media":0,"parent":37296,"menu_order":17,"comment_status":"closed","ping_status":"open","template":"","meta":[],"_links":{"self":[{"href":"http:\/\/museumek.eu\/index.php?rest_route=\/wp\/v2\/pages\/38964"}],"collection":[{"href":"http:\/\/museumek.eu\/index.php?rest_route=\/wp\/v2\/pages"}],"about":[{"href":"http:\/\/museumek.eu\/index.php?rest_route=\/wp\/v2\/types\/page"}],"author":[{"embeddable":true,"href":"http:\/\/museumek.eu\/index.php?rest_route=\/wp\/v2\/users\/1"}],"replies":[{"embeddable":true,"href":"http:\/\/museumek.eu\/index.php?rest_route=%2Fwp%2Fv2%2Fcomments&post=38964"}],"version-history":[{"count":7,"href":"http:\/\/museumek.eu\/index.php?rest_route=\/wp\/v2\/pages\/38964\/revisions"}],"predecessor-version":[{"id":38985,"href":"http:\/\/museumek.eu\/index.php?rest_route=\/wp\/v2\/pages\/38964\/revisions\/38985"}],"up":[{"embeddable":true,"href":"http:\/\/museumek.eu\/index.php?rest_route=\/wp\/v2\/pages\/37296"}],"wp:attachment":[{"href":"http:\/\/museumek.eu\/index.php?rest_route=%2Fwp%2Fv2%2Fmedia&parent=38964"}],"curies":[{"name":"wp","href":"https:\/\/api.w.org\/{rel}","templated":true}]}}