{"id":39048,"date":"2015-04-25T14:28:13","date_gmt":"2015-04-25T12:28:13","guid":{"rendered":"http:\/\/museumek.eu\/?page_id=39048"},"modified":"2015-04-25T14:30:06","modified_gmt":"2015-04-25T12:30:06","slug":"dlxxxiii5","status":"publish","type":"page","link":"http:\/\/museumek.eu\/?page_id=39048","title":{"rendered":"D\/LXXXIII\/5"},"content":{"rendered":"<p><strong>Abteilung Deutschland, Keramik 1860 \u2013 1960, Inventarnummer D\/LXXXIII\/\/5<\/strong><\/p>\n<p>D\u00fcmler &#038; Breiden Fabrik reichverzierter, altdeutscher Steinkr\u00fcge, Trinkhumpen, Pokale, Wein- u. Bierkannen etc. sowie Steinwaren in modernem Geschmack in bunter Glasur und bester Ausf\u00fchrung, Deutschland, H\u00f6hr, um 1920, Seidel, K\u00fcnstler unbekannt, Werks.-Nr. 522, Exemplar Nr. ohne, gemarkt Firmenmarke zwei gekreuzte Degen, die Degengriffe als Buchstaben D &#038; B ausgef\u00fchrt darunter H\u00f6hr, 522 sowie \u00bd L \u00fcber Eichstrich gepresst, nicht signiert, Literatur: Gisela Reineking von Bock, Meister der deutschen Keramik, Seite 329, Marke Nr. 211 identisch, weitere Literatur: J\u00fcrgen Schimanski und J\u00fcrgen Erlebach, Westerw\u00e4lder Steinzeug, Die Neue \u00c4ra, Seite 38, Fabrikbeschreibung sowie Marke Nr. 1 identisch (es fehlt dort das &#038; Zeichen), weitere Literatur: J\u00fcrgen Schimanski, Braun geflammt und grau gesalzen, Seite 196, Fabrikbeschreibung sowie Marke Nr. 1 identisch (es fehlt dort das &#038; Zeichen) sowie Hinweis, dass die Marke nach 1918 verwendet worden ist, die Fabrik wurde 1883\/1884 von Peter D\u00fcmler und seinem sp\u00e4teren Schwager Albert Breiden in H\u00f6hr gegr\u00fcndet, 1907 zum Tode Peter D\u00fcmlers treten seine Witwe Bertha und sein Sohn Paul in die Fabrik ein, Paul wird seit dem WK I vermi\u00dft, um 1913 verkauft Albert Breiden seine Fabrikanteile (an wen konnte nicht recherchiert werden) und um 1918 tritt der Cousin Ernst D\u00fcmler in die Fabrik ein, die o. g. Fabrikbezeichnung wurde von einer Zeitungsanzeige des Jahres 1907 \u00fcbernommen, die Fabrik bestand \u00fcber den WK II hinaus, weitere Fabrikbezeichnungen und Inhaberverh\u00e4ltnisse konnten nicht recherchiert werden, Ausf\u00fchrung als Elfenbeinsteinzeug braun-dunkelblau bemalt, nachtr\u00e4glich an die Zinnmontur angel\u00f6teter Blechdeckel,<br \/>\nH\u00f6he 16,3 cm, Breite 13,3 cm (nur die Keramik)<\/p>\n<p><a href=\"http:\/\/museumek.eu\/?attachment_id=39049\" rel=\"attachment wp-att-39049\"><img loading=\"lazy\" src=\"http:\/\/museumek.eu\/wp-content\/uploads\/2015\/04\/2612-135x300.jpg\" alt=\"\" title=\"2612\" width=\"135\" height=\"300\" class=\"alignnone size-medium wp-image-39049\" srcset=\"http:\/\/museumek.eu\/wp-content\/uploads\/2015\/04\/2612-135x300.jpg 135w, http:\/\/museumek.eu\/wp-content\/uploads\/2015\/04\/2612-67x150.jpg 67w, http:\/\/museumek.eu\/wp-content\/uploads\/2015\/04\/2612.jpg 361w\" sizes=\"(max-width: 135px) 100vw, 135px\" \/><\/a><\/p>\n<p><a href=\"http:\/\/museumek.eu\/?attachment_id=39050\" rel=\"attachment wp-att-39050\"><img loading=\"lazy\" src=\"http:\/\/museumek.eu\/wp-content\/uploads\/2015\/04\/2613-196x300.jpg\" alt=\"\" title=\"2613\" width=\"196\" height=\"300\" class=\"alignnone size-medium wp-image-39050\" srcset=\"http:\/\/museumek.eu\/wp-content\/uploads\/2015\/04\/2613-196x300.jpg 196w, http:\/\/museumek.eu\/wp-content\/uploads\/2015\/04\/2613-98x150.jpg 98w, http:\/\/museumek.eu\/wp-content\/uploads\/2015\/04\/2613.jpg 525w\" sizes=\"(max-width: 196px) 100vw, 196px\" \/><\/a><\/p>\n<p><a href=\"http:\/\/museumek.eu\/?attachment_id=39051\" rel=\"attachment wp-att-39051\"><img loading=\"lazy\" src=\"http:\/\/museumek.eu\/wp-content\/uploads\/2015\/04\/2614-202x300.jpg\" alt=\"\" title=\"2614\" width=\"202\" height=\"300\" class=\"alignnone size-medium wp-image-39051\" srcset=\"http:\/\/museumek.eu\/wp-content\/uploads\/2015\/04\/2614-202x300.jpg 202w, http:\/\/museumek.eu\/wp-content\/uploads\/2015\/04\/2614-101x150.jpg 101w, http:\/\/museumek.eu\/wp-content\/uploads\/2015\/04\/2614.jpg 539w\" sizes=\"(max-width: 202px) 100vw, 202px\" \/><\/a><br \/>\n<a href=\"http:\/\/museumek.eu\/?attachment_id=39052\" rel=\"attachment wp-att-39052\"><img loading=\"lazy\" src=\"http:\/\/museumek.eu\/wp-content\/uploads\/2015\/04\/2615-131x300.jpg\" alt=\"\" title=\"2615\" width=\"131\" height=\"300\" class=\"alignnone size-medium wp-image-39052\" srcset=\"http:\/\/museumek.eu\/wp-content\/uploads\/2015\/04\/2615-131x300.jpg 131w, http:\/\/museumek.eu\/wp-content\/uploads\/2015\/04\/2615-65x150.jpg 65w, http:\/\/museumek.eu\/wp-content\/uploads\/2015\/04\/2615.jpg 350w\" sizes=\"(max-width: 131px) 100vw, 131px\" \/><\/a><\/p>\n<p><a href=\"http:\/\/museumek.eu\/?attachment_id=39053\" rel=\"attachment wp-att-39053\"><img loading=\"lazy\" src=\"http:\/\/museumek.eu\/wp-content\/uploads\/2015\/04\/2616-300x262.jpg\" alt=\"\" title=\"2616\" width=\"300\" height=\"262\" class=\"alignnone size-medium wp-image-39053\" srcset=\"http:\/\/museumek.eu\/wp-content\/uploads\/2015\/04\/2616-300x262.jpg 300w, http:\/\/museumek.eu\/wp-content\/uploads\/2015\/04\/2616-150x131.jpg 150w, http:\/\/museumek.eu\/wp-content\/uploads\/2015\/04\/2616-342x300.jpg 342w, http:\/\/museumek.eu\/wp-content\/uploads\/2015\/04\/2616.jpg 528w\" sizes=\"(max-width: 300px) 100vw, 300px\" \/><\/a><\/p>\n<p><a href=\"http:\/\/museumek.eu\/?attachment_id=39059\" rel=\"attachment wp-att-39059\"><img loading=\"lazy\" src=\"http:\/\/museumek.eu\/wp-content\/uploads\/2015\/04\/26171-300x247.jpg\" alt=\"\" title=\"2617\" width=\"300\" height=\"247\" class=\"alignnone size-medium wp-image-39059\" srcset=\"http:\/\/museumek.eu\/wp-content\/uploads\/2015\/04\/26171-300x247.jpg 300w, http:\/\/museumek.eu\/wp-content\/uploads\/2015\/04\/26171-150x123.jpg 150w, http:\/\/museumek.eu\/wp-content\/uploads\/2015\/04\/26171-363x300.jpg 363w, http:\/\/museumek.eu\/wp-content\/uploads\/2015\/04\/26171.jpg 769w\" sizes=\"(max-width: 300px) 100vw, 300px\" \/><\/a><\/p>\n","protected":false},"excerpt":{"rendered":"<p>Abteilung Deutschland, Keramik 1860 \u2013 1960, Inventarnummer D\/LXXXIII\/\/5 D\u00fcmler &#038; Breiden Fabrik reichverzierter, altdeutscher Steinkr\u00fcge, Trinkhumpen, Pokale, Wein- u. Bierkannen etc. sowie Steinwaren in modernem Geschmack in bunter Glasur und bester Ausf\u00fchrung, Deutschland, H\u00f6hr, um 1920, Seidel, K\u00fcnstler unbekannt, Werks.-Nr. &hellip; <a href=\"http:\/\/museumek.eu\/?page_id=39048\">Weiterlesen <span class=\"meta-nav\">&rarr;<\/span><\/a><\/p>\n","protected":false},"author":1,"featured_media":0,"parent":22586,"menu_order":5,"comment_status":"closed","ping_status":"open","template":"","meta":[],"_links":{"self":[{"href":"http:\/\/museumek.eu\/index.php?rest_route=\/wp\/v2\/pages\/39048"}],"collection":[{"href":"http:\/\/museumek.eu\/index.php?rest_route=\/wp\/v2\/pages"}],"about":[{"href":"http:\/\/museumek.eu\/index.php?rest_route=\/wp\/v2\/types\/page"}],"author":[{"embeddable":true,"href":"http:\/\/museumek.eu\/index.php?rest_route=\/wp\/v2\/users\/1"}],"replies":[{"embeddable":true,"href":"http:\/\/museumek.eu\/index.php?rest_route=%2Fwp%2Fv2%2Fcomments&post=39048"}],"version-history":[{"count":8,"href":"http:\/\/museumek.eu\/index.php?rest_route=\/wp\/v2\/pages\/39048\/revisions"}],"predecessor-version":[{"id":39063,"href":"http:\/\/museumek.eu\/index.php?rest_route=\/wp\/v2\/pages\/39048\/revisions\/39063"}],"up":[{"embeddable":true,"href":"http:\/\/museumek.eu\/index.php?rest_route=\/wp\/v2\/pages\/22586"}],"wp:attachment":[{"href":"http:\/\/museumek.eu\/index.php?rest_route=%2Fwp%2Fv2%2Fmedia&parent=39048"}],"curies":[{"name":"wp","href":"https:\/\/api.w.org\/{rel}","templated":true}]}}