{"id":39311,"date":"2015-05-03T20:11:12","date_gmt":"2015-05-03T18:11:12","guid":{"rendered":"http:\/\/museumek.eu\/?page_id=39311"},"modified":"2015-05-23T15:17:53","modified_gmt":"2015-05-23T13:17:53","slug":"dlxxxxii30","status":"publish","type":"page","link":"http:\/\/museumek.eu\/?page_id=39311","title":{"rendered":"D\/LXXXII\/30"},"content":{"rendered":"<p><strong>Abteilung Deutschland, Keramik 1860 \u2013 1960, Inventarnummer D\/LXXXII\/30<\/strong><\/p>\n<p>Westerw\u00e4lder Steinzeug ohne Fabrikzuordnung, Deutschland, Westerwald, um 1910, Figurenseidel M\u00fcnchner Kindl, K\u00fcnstler unbekannt, Werks.-Nr. ohne, Exemplar Nr. ohne, gemarkt keine Firmenmarke aber J. REINEMANN darunter M\u00dcNCHEN. darunter GESETZLICH darunter GESCH\u00dcTZT gepresst, nicht signiert, J. Reinemann steht f\u00fcr eine 1873 von Josef Reinemann in M\u00fcnchen gegr\u00fcndete Zinngu\u00df- und Dekorationsfabrik, die wie folgt firmierte J. Reinemann Zinngu\u00dfw.-Fabr. M\u00fcnchen (die Firmierung wurde von einer Zeitungsanzeige des Jahres 1887 \u00fcbernommen), 1880 verkaufte Reinemann seine Fabrik an Otto L\u00f6wenstein, der die Firmierung beibehielt, 1896 kaufte sich L\u00f6wenstein dann auch in die Zinnwaarenfabrik Joseph Lichtinger &#038; Cie. ein, 1902 wurden beide Fabriken rechtlich zusammengef\u00fchrt, Firmierung dann Reinemann &#038; Lichtinger, die Fabrik wurde 1934 geschlossen, Hersteller des Halbfertigfabrikats wohl Marzi &#038; Remy oder Merkelbach &#038; Wick, keine Literangabe, MEK Nachmessung: 0,1 Liter, Ausf\u00fchrung als Elfenbeinsteinzeug dunkelbraun und dunkelgr\u00fcn bemalt,<br \/>\nH\u00f6he 11 cm, Breite 7,2 cm (inklusive des auf den Zinndeckel gesetzten Kopfes)<\/p>\n<p><a href=\"http:\/\/museumek.eu\/?attachment_id=39312\" rel=\"attachment wp-att-39312\"><img loading=\"lazy\" src=\"http:\/\/museumek.eu\/wp-content\/uploads\/2015\/05\/1213-144x300.jpg\" alt=\"\" title=\"1213\" width=\"144\" height=\"300\" class=\"alignnone size-medium wp-image-39312\" srcset=\"http:\/\/museumek.eu\/wp-content\/uploads\/2015\/05\/1213-144x300.jpg 144w, http:\/\/museumek.eu\/wp-content\/uploads\/2015\/05\/1213-72x150.jpg 72w, http:\/\/museumek.eu\/wp-content\/uploads\/2015\/05\/1213.jpg 341w\" sizes=\"(max-width: 144px) 100vw, 144px\" \/><\/a><\/p>\n<p><a href=\"http:\/\/museumek.eu\/?attachment_id=39313\" rel=\"attachment wp-att-39313\"><img loading=\"lazy\" src=\"http:\/\/museumek.eu\/wp-content\/uploads\/2015\/05\/1214-207x300.jpg\" alt=\"\" title=\"1214\" width=\"207\" height=\"300\" class=\"alignnone size-medium wp-image-39313\" srcset=\"http:\/\/museumek.eu\/wp-content\/uploads\/2015\/05\/1214-207x300.jpg 207w, http:\/\/museumek.eu\/wp-content\/uploads\/2015\/05\/1214-103x150.jpg 103w, http:\/\/museumek.eu\/wp-content\/uploads\/2015\/05\/1214.jpg 374w\" sizes=\"(max-width: 207px) 100vw, 207px\" \/><\/a><\/p>\n<p><a href=\"http:\/\/museumek.eu\/?attachment_id=39314\" rel=\"attachment wp-att-39314\"><img loading=\"lazy\" src=\"http:\/\/museumek.eu\/wp-content\/uploads\/2015\/05\/1216-210x300.jpg\" alt=\"\" title=\"1216\" width=\"210\" height=\"300\" class=\"alignnone size-medium wp-image-39314\" srcset=\"http:\/\/museumek.eu\/wp-content\/uploads\/2015\/05\/1216-210x300.jpg 210w, http:\/\/museumek.eu\/wp-content\/uploads\/2015\/05\/1216-105x150.jpg 105w, http:\/\/museumek.eu\/wp-content\/uploads\/2015\/05\/1216.jpg 403w\" sizes=\"(max-width: 210px) 100vw, 210px\" \/><\/a><\/p>\n<p><a href=\"http:\/\/museumek.eu\/?attachment_id=39315\" rel=\"attachment wp-att-39315\"><img loading=\"lazy\" src=\"http:\/\/museumek.eu\/wp-content\/uploads\/2015\/05\/1215-145x300.jpg\" alt=\"\" title=\"1215\" width=\"145\" height=\"300\" class=\"alignnone size-medium wp-image-39315\" srcset=\"http:\/\/museumek.eu\/wp-content\/uploads\/2015\/05\/1215-145x300.jpg 145w, http:\/\/museumek.eu\/wp-content\/uploads\/2015\/05\/1215-72x150.jpg 72w, http:\/\/museumek.eu\/wp-content\/uploads\/2015\/05\/1215.jpg 279w\" sizes=\"(max-width: 145px) 100vw, 145px\" \/><\/a><\/p>\n<p><a href=\"http:\/\/museumek.eu\/?attachment_id=39329\" rel=\"attachment wp-att-39329\"><img loading=\"lazy\" src=\"http:\/\/museumek.eu\/wp-content\/uploads\/2015\/05\/12171-272x300.jpg\" alt=\"\" title=\"1217\" width=\"272\" height=\"300\" class=\"alignnone size-medium wp-image-39329\" srcset=\"http:\/\/museumek.eu\/wp-content\/uploads\/2015\/05\/12171-272x300.jpg 272w, http:\/\/museumek.eu\/wp-content\/uploads\/2015\/05\/12171-136x150.jpg 136w, http:\/\/museumek.eu\/wp-content\/uploads\/2015\/05\/12171.jpg 600w\" sizes=\"(max-width: 272px) 100vw, 272px\" \/><\/a><\/p>\n","protected":false},"excerpt":{"rendered":"<p>Abteilung Deutschland, Keramik 1860 \u2013 1960, Inventarnummer D\/LXXXII\/30 Westerw\u00e4lder Steinzeug ohne Fabrikzuordnung, Deutschland, Westerwald, um 1910, Figurenseidel M\u00fcnchner Kindl, K\u00fcnstler unbekannt, Werks.-Nr. ohne, Exemplar Nr. ohne, gemarkt keine Firmenmarke aber J. REINEMANN darunter M\u00dcNCHEN. darunter GESETZLICH darunter GESCH\u00dcTZT gepresst, nicht &hellip; <a href=\"http:\/\/museumek.eu\/?page_id=39311\">Weiterlesen <span class=\"meta-nav\">&rarr;<\/span><\/a><\/p>\n","protected":false},"author":1,"featured_media":0,"parent":33436,"menu_order":30,"comment_status":"closed","ping_status":"open","template":"","meta":[],"_links":{"self":[{"href":"http:\/\/museumek.eu\/index.php?rest_route=\/wp\/v2\/pages\/39311"}],"collection":[{"href":"http:\/\/museumek.eu\/index.php?rest_route=\/wp\/v2\/pages"}],"about":[{"href":"http:\/\/museumek.eu\/index.php?rest_route=\/wp\/v2\/types\/page"}],"author":[{"embeddable":true,"href":"http:\/\/museumek.eu\/index.php?rest_route=\/wp\/v2\/users\/1"}],"replies":[{"embeddable":true,"href":"http:\/\/museumek.eu\/index.php?rest_route=%2Fwp%2Fv2%2Fcomments&post=39311"}],"version-history":[{"count":14,"href":"http:\/\/museumek.eu\/index.php?rest_route=\/wp\/v2\/pages\/39311\/revisions"}],"predecessor-version":[{"id":40129,"href":"http:\/\/museumek.eu\/index.php?rest_route=\/wp\/v2\/pages\/39311\/revisions\/40129"}],"up":[{"embeddable":true,"href":"http:\/\/museumek.eu\/index.php?rest_route=\/wp\/v2\/pages\/33436"}],"wp:attachment":[{"href":"http:\/\/museumek.eu\/index.php?rest_route=%2Fwp%2Fv2%2Fmedia&parent=39311"}],"curies":[{"name":"wp","href":"https:\/\/api.w.org\/{rel}","templated":true}]}}