{"id":39474,"date":"2015-05-07T22:17:04","date_gmt":"2015-05-07T20:17:04","guid":{"rendered":"http:\/\/museumek.eu\/?page_id=39474"},"modified":"2015-05-07T22:17:04","modified_gmt":"2015-05-07T20:17:04","slug":"kurzbiografie-und-inventar-zum-kunstler","status":"publish","type":"page","link":"http:\/\/museumek.eu\/?page_id=39474","title":{"rendered":"Kurzbiografie und Inventar zum K\u00fcnstler"},"content":{"rendered":"<p>Otto Meier wurde am 18.03.1903 in Dortmund geboren. Er starb am 01.06.1996 in Worpswede. 1924 bis 1925 studierte Meier Architektur und Bildhauerei an der Kunstgewerbeschule in Dortmund. 1925 besuchte er Worpswede, um den Bildhauer Bernhard Hoetger kennenzulernen. In den Hoetger&#8217;schen Kunsth\u00fctten lernte er auch den T\u00f6pfer und Maler Willy Ohlers kennen und absolvierte bei ihm einen drei Monate dauernden T\u00f6pferkurs. Da Ohlers die Hoetgerschen Kunsth\u00fctten danach verlie\u00df, bildete sich Meier autodidaktisch weiter und \u00fcbernahm die Keramikwerkstatt in den Hoetger&#8217;schen Kunsth\u00fctten. Ab 1927 \u00fcbernahm er eine T\u00f6pferwerkstatt in der B\u00f6ttcherstra\u00dfe in Worpswede und arbeitete dort als selbst\u00e4ndiger T\u00f6pfer bis 1939. W\u00e4hrend dieser Zeit finanzierte ihm der Bremer Unternehmer und Kunstm\u00e4zen Ludwig Roselius 1929\/1930 ein dreimonatiges Studium an der Keramischen Fachschule in Bunzlau. Von 1939 bis 1945 musste Meier im WK II Kriegsdienst verrichten. Nachdem seine Werkstatt in der Bremer B\u00f6ttcherstrasse durch Kriegsereignisse des WK II zerst\u00f6rt worden war, er\u00f6ffnete er 1945 eine neue T\u00f6pferei in Worpswede, in der er bis zu seinem Tode t\u00e4tig war. Er arbeitete in Irdenware, Steinzeug und Porzellan und war einer der gro\u00dfen deutschen stilbildenden Keramiker.  <\/p>\n<p>Abteilung Deutschland, Keramik 1860 \u2013 1960, Inventarnummer D\/CXXV\/1<\/p>\n<p>T\u00f6pferei Otto Meier, Deutschland, Worpswede, um 1948, Kanne, K\u00fcnstler Otto Meier, Werks.-Nr. ohne, Exemplar Nr. ohne, gemarkt Firmenmarke mit O M \u00fcbereinander gepresst, signiert = gemarkt, Literatur: Gisela Reineking von Bock, Meister der deutschen Keramik 1900 bis 1950, Seite 215 ff., Beschreibung der T\u00f6pferei sowie Seite 325, Marke Nr. 144 identisch, die T\u00f6pferei wurde 1945 von Otto Meier in Worpswede gegr\u00fcndet, nachdem seine Werkstatt in Bremen durch Kriegsereignisse des WK II zerst\u00f6rt worden war, die T\u00f6pferei bestand bis in die 1990\u2018 Jahre,<br \/>\nH\u00f6he 8,5 cm, Breite 10,5 cm<\/p>\n<p><a href=\"http:\/\/museumek.eu\/?attachment_id=39431\" rel=\"attachment wp-att-39431\"><img loading=\"lazy\" src=\"http:\/\/museumek.eu\/wp-content\/uploads\/2015\/05\/1226-300x278.jpg\" alt=\"\" title=\"1226\" width=\"300\" height=\"278\" class=\"alignnone size-medium wp-image-39431\" srcset=\"http:\/\/museumek.eu\/wp-content\/uploads\/2015\/05\/1226-300x278.jpg 300w, http:\/\/museumek.eu\/wp-content\/uploads\/2015\/05\/1226-150x139.jpg 150w, http:\/\/museumek.eu\/wp-content\/uploads\/2015\/05\/1226-323x300.jpg 323w, http:\/\/museumek.eu\/wp-content\/uploads\/2015\/05\/1226.jpg 646w\" sizes=\"(max-width: 300px) 100vw, 300px\" \/><\/a><\/p>\n<p><a href=\"http:\/\/museumek.eu\/?attachment_id=39432\" rel=\"attachment wp-att-39432\"><img loading=\"lazy\" src=\"http:\/\/museumek.eu\/wp-content\/uploads\/2015\/05\/1227-300x280.jpg\" alt=\"\" title=\"1227\" width=\"300\" height=\"280\" class=\"alignnone size-medium wp-image-39432\" srcset=\"http:\/\/museumek.eu\/wp-content\/uploads\/2015\/05\/1227-300x280.jpg 300w, http:\/\/museumek.eu\/wp-content\/uploads\/2015\/05\/1227-150x140.jpg 150w, http:\/\/museumek.eu\/wp-content\/uploads\/2015\/05\/1227-320x300.jpg 320w, http:\/\/museumek.eu\/wp-content\/uploads\/2015\/05\/1227.jpg 528w\" sizes=\"(max-width: 300px) 100vw, 300px\" \/><\/a><\/p>\n<p><a href=\"http:\/\/museumek.eu\/?attachment_id=39433\" rel=\"attachment wp-att-39433\"><img loading=\"lazy\" src=\"http:\/\/museumek.eu\/wp-content\/uploads\/2015\/05\/1228-300x300.jpg\" alt=\"\" title=\"1228\" width=\"300\" height=\"300\" class=\"alignnone size-medium wp-image-39433\" srcset=\"http:\/\/museumek.eu\/wp-content\/uploads\/2015\/05\/1228-300x300.jpg 300w, http:\/\/museumek.eu\/wp-content\/uploads\/2015\/05\/1228-150x150.jpg 150w, http:\/\/museumek.eu\/wp-content\/uploads\/2015\/05\/1228.jpg 600w\" sizes=\"(max-width: 300px) 100vw, 300px\" \/><\/a><\/p>\n<p><a href=\"http:\/\/museumek.eu\/?attachment_id=39434\" rel=\"attachment wp-att-39434\"><img loading=\"lazy\" src=\"http:\/\/museumek.eu\/wp-content\/uploads\/2015\/05\/3380-300x215.jpg\" alt=\"\" title=\"3380\" width=\"300\" height=\"215\" class=\"alignnone size-medium wp-image-39434\" srcset=\"http:\/\/museumek.eu\/wp-content\/uploads\/2015\/05\/3380-300x215.jpg 300w, http:\/\/museumek.eu\/wp-content\/uploads\/2015\/05\/3380-150x107.jpg 150w, http:\/\/museumek.eu\/wp-content\/uploads\/2015\/05\/3380-418x300.jpg 418w, http:\/\/museumek.eu\/wp-content\/uploads\/2015\/05\/3380.jpg 686w\" sizes=\"(max-width: 300px) 100vw, 300px\" \/><\/a><\/p>\n","protected":false},"excerpt":{"rendered":"<p>Otto Meier wurde am 18.03.1903 in Dortmund geboren. Er starb am 01.06.1996 in Worpswede. 1924 bis 1925 studierte Meier Architektur und Bildhauerei an der Kunstgewerbeschule in Dortmund. 1925 besuchte er Worpswede, um den Bildhauer Bernhard Hoetger kennenzulernen. In den Hoetger&#8217;schen &hellip; <a href=\"http:\/\/museumek.eu\/?page_id=39474\">Weiterlesen <span class=\"meta-nav\">&rarr;<\/span><\/a><\/p>\n","protected":false},"author":1,"featured_media":0,"parent":39455,"menu_order":1,"comment_status":"closed","ping_status":"open","template":"","meta":[],"_links":{"self":[{"href":"http:\/\/museumek.eu\/index.php?rest_route=\/wp\/v2\/pages\/39474"}],"collection":[{"href":"http:\/\/museumek.eu\/index.php?rest_route=\/wp\/v2\/pages"}],"about":[{"href":"http:\/\/museumek.eu\/index.php?rest_route=\/wp\/v2\/types\/page"}],"author":[{"embeddable":true,"href":"http:\/\/museumek.eu\/index.php?rest_route=\/wp\/v2\/users\/1"}],"replies":[{"embeddable":true,"href":"http:\/\/museumek.eu\/index.php?rest_route=%2Fwp%2Fv2%2Fcomments&post=39474"}],"version-history":[{"count":4,"href":"http:\/\/museumek.eu\/index.php?rest_route=\/wp\/v2\/pages\/39474\/revisions"}],"predecessor-version":[{"id":39478,"href":"http:\/\/museumek.eu\/index.php?rest_route=\/wp\/v2\/pages\/39474\/revisions\/39478"}],"up":[{"embeddable":true,"href":"http:\/\/museumek.eu\/index.php?rest_route=\/wp\/v2\/pages\/39455"}],"wp:attachment":[{"href":"http:\/\/museumek.eu\/index.php?rest_route=%2Fwp%2Fv2%2Fmedia&parent=39474"}],"curies":[{"name":"wp","href":"https:\/\/api.w.org\/{rel}","templated":true}]}}