{"id":39532,"date":"2015-05-09T19:01:54","date_gmt":"2015-05-09T17:01:54","guid":{"rendered":"http:\/\/museumek.eu\/?page_id=39532"},"modified":"2015-05-09T19:01:54","modified_gmt":"2015-05-09T17:01:54","slug":"kurzbiografie-und-inventar-zum-kunstler","status":"publish","type":"page","link":"http:\/\/museumek.eu\/?page_id=39532","title":{"rendered":"Kurzbiografie und Inventar zum K\u00fcnstler"},"content":{"rendered":"<p>Constantin Emile Meunier wurde am 12.04.1831 in Elterbeek geboren. Er starb am 04.05.1905 in Ixelles. Meunier studierte an der der Br\u00fcsseler Kunstakademie. W\u00e4hrend seiner ersten Schaffenszeit war er vornehmlich als Maler t\u00e4tig, bevor er sich ganz der Bildhauerei verschrieb, die ihm auch den k\u00fcnstlerischen Durchbruch brachte. Er stellte erfolgreich auf mehreren internationalen Ausstellungen aus. 1887 bis 1896 war er Professor an der Academie Louvain. Neben Georges Minne war er der bedeutendste Bildhauer Belgiens im 19. Jahrhundert. In seinem von ihm selbst entworfenem Wohnhaus befindet sich heute das Museum Mus\u00e9e Meunier. Von 1982 bis 1998 war ihm die 500 Francs Note gewidmet und selbst ein Asteroid wurde nach ihm benannt. Seine malerischen Werke finden sich in gro\u00dfen Museen und in vielen Gro\u00dfst\u00e4dten Europas finden sich Bronzeg\u00fcsse auf \u00f6ffentlichen Pl\u00e4tzen. <\/p>\n<p><strong>Abteilung Austria\/Ungarn\/B\u00f6hmen, Keramik 1860 &#8211; 1960, Inventarnummer A\/I\/141<\/strong><\/p>\n<p>Friedrich Goldscheider Erste Wiener Terrakottafabrik, Austria, Wien, ca. 1900\/1901, Figur Fischer mit Netz auf Natursockel, K\u00fcnstler Constantin Emile Meunier, Werks.-Nr. 2332, Exemplar Nr. 72, Modelleur Nr. 26, gemarkt Firmenmarke mit Friedrich Goldscheider Wien, REPRODUCTION RESERVEE, 2332, 72, 26 sowie 5 (innen) alles gepresst, 35 hell gemalt, Meunier geritzt, signiert Meunier, Literatur: Robert E. Dechant\/Filipp Goldscheider, Firmengeschichte und Werkverzeichnis, Seite 356, dort noch unvollst\u00e4ndig und ohne Foto erfasst, Seite 604, Firmenmarke Nr. GS 7 (f\u00fcr die Zeit 1895 \u2013 1910) identisch sowie Seite 606, Zusatzzeichen GS Z 11 (f\u00fcr die Zeit 1885 \u2013 1922) identisch, die Urspr\u00fcnge der Firma gehen zur\u00fcck auf das Pilsener Handelsunternehmen Moritz Goldscheider der 1860\u2018 Jahre, nach dem Tode von Moritz Goldscheider werden die Br\u00fcder Eduard und Friedrich Goldscheider Eigent\u00fcmer und firmieren ab 1877 als M. Goldscheider\u2019s Erben, Thon-und Kunststeinmanufactur Werk Moldau und ab 1878 als Br\u00fcder Goldscheider, im Jahre 1878 wandert Friedrich Goldscheider nach Wien aus und Eduard f\u00fchrt die Firma in Pilsen bis zum Konkurs 1892 allein weiter, Friedrich Goldscheider firmiert in Wien ab 1880 als Goldscheider\u2019sche Porzellan-Manufaktur und Porzellanmalerei, neben Handelsgesch\u00e4ften betreibt die Firma vorwiegend die Porzellanmalerei, das Porzellan wird von b\u00f6hmischen Manufakturen bezogen und teilweise auch in B\u00f6hmen bemalt, ab 1885 \u00e4ndert sich die Firmierung in Goldscheider\u2019sche Porzellan-Manufaktur und Majolicafabrik, das Jahr 1885 gilt als das offizielle Gr\u00fcndungsjahr, ab 1887 bezeichnet Friedrich Goldscheider seine Fabrik als Erste Wiener Terracotta- und Majolika-Fabrik Friedrich Goldscheider oder als Erste Wiener Kunst-Terracotta-Fabrik und kunstgewerbliche Ateliers Friedrich Goldscheider und offiziell ab 1894 als Friedrich Goldscheider Erste Wiener Terrakottafabrik, Friedrich Goldscheider stirbt im Jahre 1897, seine Ehefrau Regine Goldscheider wird Alleineigent\u00fcmer und firmiert ab 1899 als Friedrich Goldscheider in Wien, Berlin und Leipzig, ab 1907 firmiert die Firma als Erste Wiener Terrakottafabrik und Atelier f\u00fcr k\u00fcnstlerische Fayencen Friedrich Goldscheider, im Jahre 1918 stirbt Regine und die S\u00f6hne Walter und Marcell Goldscheider werden Inhaber, ab 1921 \u00e4ndert sich die Firmierung in Wiener Manufaktur Friedrich Goldscheider, 1928 scheidet Marcell Goldscheider aus und gr\u00fcndet seine eigene Firma in Wien, 1939 wird die Firma arisiert und Josef Schuster wird Inhaber, Firmierung ab 1939, Wiener Manufaktur Friedrich Goldscheider Nachf., Inhaber Josef Schuster, ab 1941 lautet die Firmierung Wiener Manufaktur Josef Schuster, vorm. Friedrich Goldscheider, nach dem WK II erh\u00e4lt Friedrich Goldscheider seine Firma zur\u00fcck und firmiert ab 1950 wieder als Wiener Manufaktur Friedrich Goldscheider, in dieser Zeit verkauft er die Firma an die Majolikafabrik Carstens, in Fredelsloh, die in Fredelsloh Wiederauflagen alter Modelle in minderwertigem braunem Ton aber auch neue Modelle ebenfalls in dieser Tonart produziert, ab 1953 firmiert die Firma als Kunstkeramische Manufaktur Goldscheider GmbH und 1960 wird die Produktion in Fredelsloh eingestellt, <strong>das MEK Exemplar dieser Figur ist eines der Wenigen erhalten gebliebenen Exemplare, nach den Ausf\u00fchrungen von Dechant\/Goldscheider, wurde ein Exemplar im Auktionshaus Dorotheum versteigert sowie ein weiteres Exemplar im Auktionshaus Quittenbaum<\/strong>,<br \/>\nH\u00f6he 26,5 cm, Breite 28,7 cm<\/p>\n<p><a href=\"http:\/\/museumek.eu\/?attachment_id=39509\" rel=\"attachment wp-att-39509\"><img loading=\"lazy\" src=\"http:\/\/museumek.eu\/wp-content\/uploads\/2015\/05\/3391-252x300.jpg\" alt=\"\" title=\"3391\" width=\"252\" height=\"300\" class=\"alignnone size-medium wp-image-39509\" srcset=\"http:\/\/museumek.eu\/wp-content\/uploads\/2015\/05\/3391-252x300.jpg 252w, http:\/\/museumek.eu\/wp-content\/uploads\/2015\/05\/3391-126x150.jpg 126w, http:\/\/museumek.eu\/wp-content\/uploads\/2015\/05\/3391.jpg 600w\" sizes=\"(max-width: 252px) 100vw, 252px\" \/><\/a><\/p>\n<p><a href=\"http:\/\/museumek.eu\/?attachment_id=39510\" rel=\"attachment wp-att-39510\"><img loading=\"lazy\" src=\"http:\/\/museumek.eu\/wp-content\/uploads\/2015\/05\/3392-256x300.jpg\" alt=\"\" title=\"3392\" width=\"256\" height=\"300\" class=\"alignnone size-medium wp-image-39510\" srcset=\"http:\/\/museumek.eu\/wp-content\/uploads\/2015\/05\/3392-256x300.jpg 256w, http:\/\/museumek.eu\/wp-content\/uploads\/2015\/05\/3392-128x150.jpg 128w, http:\/\/museumek.eu\/wp-content\/uploads\/2015\/05\/3392.jpg 600w\" sizes=\"(max-width: 256px) 100vw, 256px\" \/><\/a><\/p>\n<p><a href=\"http:\/\/museumek.eu\/?attachment_id=39511\" rel=\"attachment wp-att-39511\"><img loading=\"lazy\" src=\"http:\/\/museumek.eu\/wp-content\/uploads\/2015\/05\/3393-139x300.jpg\" alt=\"\" title=\"3393\" width=\"139\" height=\"300\" class=\"alignnone size-medium wp-image-39511\" srcset=\"http:\/\/museumek.eu\/wp-content\/uploads\/2015\/05\/3393-139x300.jpg 139w, http:\/\/museumek.eu\/wp-content\/uploads\/2015\/05\/3393-69x150.jpg 69w, http:\/\/museumek.eu\/wp-content\/uploads\/2015\/05\/3393.jpg 372w\" sizes=\"(max-width: 139px) 100vw, 139px\" \/><\/a><\/p>\n<p><a href=\"http:\/\/museumek.eu\/?attachment_id=39515\" rel=\"attachment wp-att-39515\"><img loading=\"lazy\" src=\"http:\/\/museumek.eu\/wp-content\/uploads\/2015\/05\/3394-213x300.jpg\" alt=\"\" title=\"3394\" width=\"213\" height=\"300\" class=\"alignnone size-medium wp-image-39515\" srcset=\"http:\/\/museumek.eu\/wp-content\/uploads\/2015\/05\/3394-213x300.jpg 213w, http:\/\/museumek.eu\/wp-content\/uploads\/2015\/05\/3394-106x150.jpg 106w, http:\/\/museumek.eu\/wp-content\/uploads\/2015\/05\/3394.jpg 570w\" sizes=\"(max-width: 213px) 100vw, 213px\" \/><\/a><\/p>\n<p><a href=\"http:\/\/museumek.eu\/?attachment_id=39516\" rel=\"attachment wp-att-39516\"><img loading=\"lazy\" src=\"http:\/\/museumek.eu\/wp-content\/uploads\/2015\/05\/3395-265x300.jpg\" alt=\"\" title=\"3395\" width=\"265\" height=\"300\" class=\"alignnone size-medium wp-image-39516\" srcset=\"http:\/\/museumek.eu\/wp-content\/uploads\/2015\/05\/3395-265x300.jpg 265w, http:\/\/museumek.eu\/wp-content\/uploads\/2015\/05\/3395-132x150.jpg 132w, http:\/\/museumek.eu\/wp-content\/uploads\/2015\/05\/3395.jpg 600w\" sizes=\"(max-width: 265px) 100vw, 265px\" \/><\/a><\/p>\n<p><a href=\"http:\/\/museumek.eu\/?attachment_id=39517\" rel=\"attachment wp-att-39517\"><img loading=\"lazy\" src=\"http:\/\/museumek.eu\/wp-content\/uploads\/2015\/05\/3396-194x300.jpg\" alt=\"\" title=\"3396\" width=\"194\" height=\"300\" class=\"alignnone size-medium wp-image-39517\" srcset=\"http:\/\/museumek.eu\/wp-content\/uploads\/2015\/05\/3396-194x300.jpg 194w, http:\/\/museumek.eu\/wp-content\/uploads\/2015\/05\/3396-97x150.jpg 97w, http:\/\/museumek.eu\/wp-content\/uploads\/2015\/05\/3396.jpg 518w\" sizes=\"(max-width: 194px) 100vw, 194px\" \/><\/a><\/p>\n<p><a href=\"http:\/\/museumek.eu\/?attachment_id=39518\" rel=\"attachment wp-att-39518\"><img loading=\"lazy\" src=\"http:\/\/museumek.eu\/wp-content\/uploads\/2015\/05\/3399-300x168.jpg\" alt=\"\" title=\"3399\" width=\"300\" height=\"168\" class=\"alignnone size-medium wp-image-39518\" srcset=\"http:\/\/museumek.eu\/wp-content\/uploads\/2015\/05\/3399-300x168.jpg 300w, http:\/\/museumek.eu\/wp-content\/uploads\/2015\/05\/3399-150x84.jpg 150w, http:\/\/museumek.eu\/wp-content\/uploads\/2015\/05\/3399-500x281.jpg 500w, http:\/\/museumek.eu\/wp-content\/uploads\/2015\/05\/3399.jpg 800w\" sizes=\"(max-width: 300px) 100vw, 300px\" \/><\/a><\/p>\n<p><a href=\"http:\/\/museumek.eu\/?attachment_id=39519\" rel=\"attachment wp-att-39519\"><img loading=\"lazy\" src=\"http:\/\/museumek.eu\/wp-content\/uploads\/2015\/05\/3401-300x131.jpg\" alt=\"\" title=\"3401\" width=\"300\" height=\"131\" class=\"alignnone size-medium wp-image-39519\" srcset=\"http:\/\/museumek.eu\/wp-content\/uploads\/2015\/05\/3401-300x131.jpg 300w, http:\/\/museumek.eu\/wp-content\/uploads\/2015\/05\/3401-150x65.jpg 150w, http:\/\/museumek.eu\/wp-content\/uploads\/2015\/05\/3401-500x219.jpg 500w, http:\/\/museumek.eu\/wp-content\/uploads\/2015\/05\/3401.jpg 800w\" sizes=\"(max-width: 300px) 100vw, 300px\" \/><\/a><\/p>\n<p><a href=\"http:\/\/museumek.eu\/?attachment_id=39520\" rel=\"attachment wp-att-39520\"><img loading=\"lazy\" src=\"http:\/\/museumek.eu\/wp-content\/uploads\/2015\/05\/3398-286x300.jpg\" alt=\"\" title=\"3398\" width=\"286\" height=\"300\" class=\"alignnone size-medium wp-image-39520\" srcset=\"http:\/\/museumek.eu\/wp-content\/uploads\/2015\/05\/3398-286x300.jpg 286w, http:\/\/museumek.eu\/wp-content\/uploads\/2015\/05\/3398-143x150.jpg 143w, http:\/\/museumek.eu\/wp-content\/uploads\/2015\/05\/3398.jpg 600w\" sizes=\"(max-width: 286px) 100vw, 286px\" \/><\/a><\/p>\n<p><a href=\"http:\/\/museumek.eu\/?attachment_id=39521\" rel=\"attachment wp-att-39521\"><img loading=\"lazy\" src=\"http:\/\/museumek.eu\/wp-content\/uploads\/2015\/05\/3397-300x126.jpg\" alt=\"\" title=\"3397\" width=\"300\" height=\"126\" class=\"alignnone size-medium wp-image-39521\" srcset=\"http:\/\/museumek.eu\/wp-content\/uploads\/2015\/05\/3397-300x126.jpg 300w, http:\/\/museumek.eu\/wp-content\/uploads\/2015\/05\/3397-150x63.jpg 150w, http:\/\/museumek.eu\/wp-content\/uploads\/2015\/05\/3397-500x210.jpg 500w, http:\/\/museumek.eu\/wp-content\/uploads\/2015\/05\/3397.jpg 800w\" sizes=\"(max-width: 300px) 100vw, 300px\" \/><\/a><\/p>\n<p><a href=\"http:\/\/museumek.eu\/?attachment_id=39522\" rel=\"attachment wp-att-39522\"><img loading=\"lazy\" src=\"http:\/\/museumek.eu\/wp-content\/uploads\/2015\/05\/3400-222x300.jpg\" alt=\"\" title=\"3400\" width=\"222\" height=\"300\" class=\"alignnone size-medium wp-image-39522\" srcset=\"http:\/\/museumek.eu\/wp-content\/uploads\/2015\/05\/3400-222x300.jpg 222w, http:\/\/museumek.eu\/wp-content\/uploads\/2015\/05\/3400-111x150.jpg 111w, http:\/\/museumek.eu\/wp-content\/uploads\/2015\/05\/3400.jpg 383w\" sizes=\"(max-width: 222px) 100vw, 222px\" \/><\/a><\/p>\n","protected":false},"excerpt":{"rendered":"<p>Constantin Emile Meunier wurde am 12.04.1831 in Elterbeek geboren. Er starb am 04.05.1905 in Ixelles. Meunier studierte an der der Br\u00fcsseler Kunstakademie. W\u00e4hrend seiner ersten Schaffenszeit war er vornehmlich als Maler t\u00e4tig, bevor er sich ganz der Bildhauerei verschrieb, die &hellip; <a href=\"http:\/\/museumek.eu\/?page_id=39532\">Weiterlesen <span class=\"meta-nav\">&rarr;<\/span><\/a><\/p>\n","protected":false},"author":1,"featured_media":0,"parent":39492,"menu_order":1,"comment_status":"closed","ping_status":"open","template":"","meta":[],"_links":{"self":[{"href":"http:\/\/museumek.eu\/index.php?rest_route=\/wp\/v2\/pages\/39532"}],"collection":[{"href":"http:\/\/museumek.eu\/index.php?rest_route=\/wp\/v2\/pages"}],"about":[{"href":"http:\/\/museumek.eu\/index.php?rest_route=\/wp\/v2\/types\/page"}],"author":[{"embeddable":true,"href":"http:\/\/museumek.eu\/index.php?rest_route=\/wp\/v2\/users\/1"}],"replies":[{"embeddable":true,"href":"http:\/\/museumek.eu\/index.php?rest_route=%2Fwp%2Fv2%2Fcomments&post=39532"}],"version-history":[{"count":4,"href":"http:\/\/museumek.eu\/index.php?rest_route=\/wp\/v2\/pages\/39532\/revisions"}],"predecessor-version":[{"id":39536,"href":"http:\/\/museumek.eu\/index.php?rest_route=\/wp\/v2\/pages\/39532\/revisions\/39536"}],"up":[{"embeddable":true,"href":"http:\/\/museumek.eu\/index.php?rest_route=\/wp\/v2\/pages\/39492"}],"wp:attachment":[{"href":"http:\/\/museumek.eu\/index.php?rest_route=%2Fwp%2Fv2%2Fmedia&parent=39532"}],"curies":[{"name":"wp","href":"https:\/\/api.w.org\/{rel}","templated":true}]}}