{"id":40203,"date":"2015-05-23T23:14:00","date_gmt":"2015-05-23T21:14:00","guid":{"rendered":"http:\/\/museumek.eu\/?page_id=40203"},"modified":"2015-05-23T23:15:24","modified_gmt":"2015-05-23T21:15:24","slug":"dxxxvii71","status":"publish","type":"page","link":"http:\/\/museumek.eu\/?page_id=40203","title":{"rendered":"D\/XXXVII\/71"},"content":{"rendered":"<p><strong>Abteilung Deutschland, Keramik 1860 \u2013 1960, Inventarnummer D\/XXXVII\/71<\/strong><\/p>\n<p>Thonwaaren \u2013 Fabrik Marzi &#038; Remy (attr.), Deutschland, H\u00f6hr, 1913, Seidel, K\u00fcnstler Theodor Schmidt, Werks.-Nr. ohne, Exemplar Nr. ohne, gemarkt keine Firmenmarke aber 3 sowie \u00bd L \u00fcber Eichstrich gepresst sowie TS (f\u00fcr Theodor Schmidt) ineinander gesetzt schwarz gemalt, signiert TS, Literatur: J\u00fcrgen Schimanski, Braun geflammt und grau gesalzen, Seite 203, Beschreibung der Fabrik, au\u00dferdem dort beschrieben, dass eine eigene Firmenmarke (Anmerkung MEK: die stilisierte T\u00f6pfermarke, bestehend aus Mittelachse, daran Antriebstretscheibe, diese immer in einem quadratischen oder trapezf\u00f6rmigen Rahmen) erst Anfang der 1920\u2018 Jahre eingef\u00fchrt worden ist und dass Erzeugnisse der fr\u00fcheren Jahre oft mit dem Schriftzug \u201eGesetzl. Gesch\u00fctzt\u201c (Anmerkung MEK: richtige Schreibweise des Stempels eigentlich mit Gro\u00dfbuchstaben und nicht wie bei Schimanski klein geschrieben, also GESETZL. GESCH\u00dcTZT) gemarkt sind, dieser Beschreibung stimmt das MEK bez\u00fcglich der Firmenmarke nicht zu, das MEK Exemplar D\/XXXVII\/64 widerlegt diese Aussage, vor, bis um 1900, wurde der M &#038; R. darunter H. in einem Rechteck Stempel verwendet, diesen gibt es auch noch als ausgeschriebene Variante (MARZI &#038; REMY darunter H\u00d6HR.), dann nicht in einem Rechteck, sogar mit dem Zusatzstempel GESETZL. GESCH\u00dcTZT, siehe http:\/\/www.steinmarks.co.uk\/pages\/pv.asp?p=stein164, dort unter Marzi &#038; Remy diese Stempelvariante abgebildet als auch die Stempelvariante des oben genannten MEK Exemplares, M &#038; R. darunter H. steht nicht f\u00fcr Merkelbach &#038; Remy, einer Westerw\u00e4lder Fabrik, die in der gleichen Zeit produzierte und f\u00fcr die bisher in der Fachliteratur noch keine Firmenmarke nachgewiesen worden ist, weil sich diese Fabrik in Grenzhausen und nicht in H\u00f6hr befand, bis 1936 waren die beiden Ortschaften eigenst\u00e4ndig und wurden erst am 01.04.1936 zusammen mit der Gemeinde Grenzau zu H\u00f6hr-Grenzhausen zusammengeschlossen, die Fabrik wurde 1879 von Anton Marzi und seinem Schwager Simon Peter Remy in H\u00f6hr gegr\u00fcndet und firmierte als Thonwaaren \u2013 Fabrik Marzi &#038; Remy, ab 1881 wurde eine eigene Zinngie\u00dferei angeschafft und ab 1883 neben dem grau \u2013 blau salzglasiertem Steinzeug auch Elfenbeinsteinzeug produziert, Simon Peter Remy verstarb 1919 und sein Sohn Werner Remy trat in die Fabrik ein, 1924 verstarb Anton Marzi und sein Schwiegersohn Johann Otto B\u00fchler trat in die Fabrik ein, Werner Remy verlie\u00df 1931 die Fabrik, 1941 trat Johann Otto B\u00fchlers Sohn Otto B\u00fchler in die Fabrik ein und 1953 dessen Sohn Otto Georg B\u00fchler, die Fabrik war bis zum Konkurs in den 1990\u2018 Jahren immer in Familienbesitz, Zuordnung: die Fabrikzuordnung erfolgt auf Grund des 1,4 cm breiten und 0,7 cm hohen \u00bd L \u00fcber Eichstrich Stempels, der identisch ist, mit dem 1,4 cm breiten und 0,7 cm hohen \u00bd L. \u00fcber Eichstrich Stempel des mit der Fabrikmarke versehenen Seidels MEK D\/XXXVII\/29, zeitliche Zuordnung: Zinndeckel mit Datierung 1913, H\u00f6he 12,5 cm, Breite 13,5 cm (nur die Keramik)<\/p>\n<p><a href=\"http:\/\/museumek.eu\/?attachment_id=40204\" rel=\"attachment wp-att-40204\"><img loading=\"lazy\" src=\"http:\/\/museumek.eu\/wp-content\/uploads\/2015\/05\/3420-165x300.jpg\" alt=\"\" title=\"3420\" width=\"165\" height=\"300\" class=\"alignnone size-medium wp-image-40204\" srcset=\"http:\/\/museumek.eu\/wp-content\/uploads\/2015\/05\/3420-165x300.jpg 165w, http:\/\/museumek.eu\/wp-content\/uploads\/2015\/05\/3420-82x150.jpg 82w, http:\/\/museumek.eu\/wp-content\/uploads\/2015\/05\/3420.jpg 442w\" sizes=\"(max-width: 165px) 100vw, 165px\" \/><\/a><\/p>\n<p><a href=\"http:\/\/museumek.eu\/?attachment_id=40205\" rel=\"attachment wp-att-40205\"><img loading=\"lazy\" src=\"http:\/\/museumek.eu\/wp-content\/uploads\/2015\/05\/3421-215x300.jpg\" alt=\"\" title=\"3421\" width=\"215\" height=\"300\" class=\"alignnone size-medium wp-image-40205\" srcset=\"http:\/\/museumek.eu\/wp-content\/uploads\/2015\/05\/3421-215x300.jpg 215w, http:\/\/museumek.eu\/wp-content\/uploads\/2015\/05\/3421-107x150.jpg 107w, http:\/\/museumek.eu\/wp-content\/uploads\/2015\/05\/3421.jpg 574w\" sizes=\"(max-width: 215px) 100vw, 215px\" \/><\/a><\/p>\n<p><a href=\"http:\/\/museumek.eu\/?attachment_id=40206\" rel=\"attachment wp-att-40206\"><img loading=\"lazy\" src=\"http:\/\/museumek.eu\/wp-content\/uploads\/2015\/05\/3422-214x300.jpg\" alt=\"\" title=\"3422\" width=\"214\" height=\"300\" class=\"alignnone size-medium wp-image-40206\" srcset=\"http:\/\/museumek.eu\/wp-content\/uploads\/2015\/05\/3422-214x300.jpg 214w, http:\/\/museumek.eu\/wp-content\/uploads\/2015\/05\/3422-107x150.jpg 107w, http:\/\/museumek.eu\/wp-content\/uploads\/2015\/05\/3422.jpg 571w\" sizes=\"(max-width: 214px) 100vw, 214px\" \/><\/a><\/p>\n<p><a href=\"http:\/\/museumek.eu\/?attachment_id=40207\" rel=\"attachment wp-att-40207\"><img loading=\"lazy\" src=\"http:\/\/museumek.eu\/wp-content\/uploads\/2015\/05\/3423-148x300.jpg\" alt=\"\" title=\"3423\" width=\"148\" height=\"300\" class=\"alignnone size-medium wp-image-40207\" srcset=\"http:\/\/museumek.eu\/wp-content\/uploads\/2015\/05\/3423-148x300.jpg 148w, http:\/\/museumek.eu\/wp-content\/uploads\/2015\/05\/3423-74x150.jpg 74w, http:\/\/museumek.eu\/wp-content\/uploads\/2015\/05\/3423.jpg 396w\" sizes=\"(max-width: 148px) 100vw, 148px\" \/><\/a><\/p>\n<p><a href=\"http:\/\/museumek.eu\/?attachment_id=40208\" rel=\"attachment wp-att-40208\"><img loading=\"lazy\" src=\"http:\/\/museumek.eu\/wp-content\/uploads\/2015\/05\/3426-300x277.jpg\" alt=\"\" title=\"3426\" width=\"300\" height=\"277\" class=\"alignnone size-medium wp-image-40208\" srcset=\"http:\/\/museumek.eu\/wp-content\/uploads\/2015\/05\/3426-300x277.jpg 300w, http:\/\/museumek.eu\/wp-content\/uploads\/2015\/05\/3426-150x138.jpg 150w, http:\/\/museumek.eu\/wp-content\/uploads\/2015\/05\/3426-324x300.jpg 324w, http:\/\/museumek.eu\/wp-content\/uploads\/2015\/05\/3426.jpg 648w\" sizes=\"(max-width: 300px) 100vw, 300px\" \/><\/a><\/p>\n<p><a href=\"http:\/\/museumek.eu\/?attachment_id=40209\" rel=\"attachment wp-att-40209\"><img loading=\"lazy\" src=\"http:\/\/museumek.eu\/wp-content\/uploads\/2015\/05\/3424-300x181.jpg\" alt=\"\" title=\"3424\" width=\"300\" height=\"181\" class=\"alignnone size-medium wp-image-40209\" srcset=\"http:\/\/museumek.eu\/wp-content\/uploads\/2015\/05\/3424-300x181.jpg 300w, http:\/\/museumek.eu\/wp-content\/uploads\/2015\/05\/3424-150x90.jpg 150w, http:\/\/museumek.eu\/wp-content\/uploads\/2015\/05\/3424-495x300.jpg 495w, http:\/\/museumek.eu\/wp-content\/uploads\/2015\/05\/3424.jpg 700w\" sizes=\"(max-width: 300px) 100vw, 300px\" \/><\/a><\/p>\n<p><a href=\"http:\/\/museumek.eu\/?attachment_id=40210\" rel=\"attachment wp-att-40210\"><img loading=\"lazy\" src=\"http:\/\/museumek.eu\/wp-content\/uploads\/2015\/05\/3425.jpg\" alt=\"\" title=\"3425\" width=\"179\" height=\"258\" class=\"alignnone size-full wp-image-40210\" srcset=\"http:\/\/museumek.eu\/wp-content\/uploads\/2015\/05\/3425.jpg 179w, http:\/\/museumek.eu\/wp-content\/uploads\/2015\/05\/3425-104x150.jpg 104w\" sizes=\"(max-width: 179px) 100vw, 179px\" \/><\/a><\/p>\n<p><a href=\"http:\/\/museumek.eu\/?attachment_id=40211\" rel=\"attachment wp-att-40211\"><img loading=\"lazy\" src=\"http:\/\/museumek.eu\/wp-content\/uploads\/2015\/05\/3427-300x291.jpg\" alt=\"\" title=\"3427\" width=\"300\" height=\"291\" class=\"alignnone size-medium wp-image-40211\" srcset=\"http:\/\/museumek.eu\/wp-content\/uploads\/2015\/05\/3427-300x291.jpg 300w, http:\/\/museumek.eu\/wp-content\/uploads\/2015\/05\/3427-150x145.jpg 150w, http:\/\/museumek.eu\/wp-content\/uploads\/2015\/05\/3427-308x300.jpg 308w, http:\/\/museumek.eu\/wp-content\/uploads\/2015\/05\/3427.jpg 617w\" sizes=\"(max-width: 300px) 100vw, 300px\" \/><\/a><\/p>\n","protected":false},"excerpt":{"rendered":"<p>Abteilung Deutschland, Keramik 1860 \u2013 1960, Inventarnummer D\/XXXVII\/71 Thonwaaren \u2013 Fabrik Marzi &#038; Remy (attr.), Deutschland, H\u00f6hr, 1913, Seidel, K\u00fcnstler Theodor Schmidt, Werks.-Nr. ohne, Exemplar Nr. ohne, gemarkt keine Firmenmarke aber 3 sowie \u00bd L \u00fcber Eichstrich gepresst sowie TS &hellip; <a href=\"http:\/\/museumek.eu\/?page_id=40203\">Weiterlesen <span class=\"meta-nav\">&rarr;<\/span><\/a><\/p>\n","protected":false},"author":1,"featured_media":0,"parent":39755,"menu_order":71,"comment_status":"closed","ping_status":"open","template":"","meta":[],"_links":{"self":[{"href":"http:\/\/museumek.eu\/index.php?rest_route=\/wp\/v2\/pages\/40203"}],"collection":[{"href":"http:\/\/museumek.eu\/index.php?rest_route=\/wp\/v2\/pages"}],"about":[{"href":"http:\/\/museumek.eu\/index.php?rest_route=\/wp\/v2\/types\/page"}],"author":[{"embeddable":true,"href":"http:\/\/museumek.eu\/index.php?rest_route=\/wp\/v2\/users\/1"}],"replies":[{"embeddable":true,"href":"http:\/\/museumek.eu\/index.php?rest_route=%2Fwp%2Fv2%2Fcomments&post=40203"}],"version-history":[{"count":6,"href":"http:\/\/museumek.eu\/index.php?rest_route=\/wp\/v2\/pages\/40203\/revisions"}],"predecessor-version":[{"id":40217,"href":"http:\/\/museumek.eu\/index.php?rest_route=\/wp\/v2\/pages\/40203\/revisions\/40217"}],"up":[{"embeddable":true,"href":"http:\/\/museumek.eu\/index.php?rest_route=\/wp\/v2\/pages\/39755"}],"wp:attachment":[{"href":"http:\/\/museumek.eu\/index.php?rest_route=%2Fwp%2Fv2%2Fmedia&parent=40203"}],"curies":[{"name":"wp","href":"https:\/\/api.w.org\/{rel}","templated":true}]}}