{"id":40285,"date":"2015-05-25T12:23:47","date_gmt":"2015-05-25T10:23:47","guid":{"rendered":"http:\/\/museumek.eu\/?page_id=40285"},"modified":"2015-05-25T12:25:47","modified_gmt":"2015-05-25T10:25:47","slug":"dxlix18","status":"publish","type":"page","link":"http:\/\/museumek.eu\/?page_id=40285","title":{"rendered":"D\/XLIX\/18"},"content":{"rendered":"<p><strong>Abteilung Deutschland, Keramik 1860 \u2013 1960, Inventarnummer D\/XLIX\/18<\/strong><\/p>\n<p>Simon Peter Gerz I. GmbH Fabrik fein verzierter Gebrauchs- und Luxusgegenst\u00e4nde und Vorg\u00e4nger Simon Peter Gerz I. Fabrik antiker reichverzierter Steinzeugwaaren, Deutschland, H\u00f6hr, um 1920, Seidel, K\u00fcnstler unbekannt, Werks.-Nr. ohne, Exemplar Nr. ohne, gemarkt Firmenmarke mit einem Krug in einem Dreieck sowie MADE IN GERMANY gepresst, im Zinndeckel Marke der Zinngie\u00dferei Georg Sturm, Bayreuth, nicht signiert, Literatur: Gisela Reineking von Bock, Meister der deutschen Keramik, Seite 329, Marke Nr. 212 identisch, weitere Literatur: J\u00fcrgen Schimanski und J\u00fcrgen Erlebach, Westerw\u00e4lder Steinzeug, Die Neue \u00c4ra, Seite 44 ff., Beschreibung der Fabrik sowie Seite 44, Marke Nr. 6 identisch, weitere Literatur: J\u00fcrgen Schimanski, Braun geflammt und grau gesalzen, Seite 197, Beschreibung der Fabrik sowie Marke Nr. 6 identisch, die Fabrik wurde 1857 von Simon Peter Gerz I (geb. 13.09.1830, gest. 12.09.1893) gegr\u00fcndet, die Registereintragung erfolgte aber erst 1862, insofern ist das Jahr 1862 das amtliche Gr\u00fcndungsdatum, bisher konnte in keiner Literatur eine Erkl\u00e4rung gefunden werden, warum Gerz seinem Namen eine r\u00f6mische I anf\u00fcgte, recherchiert werden konnte, dass es noch einen Steinzeugfabrikanten namens Simon Peter Gerz II (geb. 1833, gest. 1908) gab und dass dieser der Vater von Alois Jacob Gerz, dem Mitbegr\u00fcnder der Steinzeugfabrik Rosskopf &#038; Gerz war, 1867 erhielt die Fabrik das Pr\u00e4dikat eines Hoflieferanten des Herzog von Nassau, 1893 (Gerz Tod) wurde der Schwiegersohn Alphons William Loetschert Inhaber, sehr wahrscheinlich wurde um diese Zeit auch die Fabrikmarke SPG I in einem Kreis in die Dreieckmarke mit einem Krug ge\u00e4ndert, sp\u00e4testens aber sicher 1897, 1897 wurde die Pfeiffenfabrik M\u00fcllenbach &#038; Thewalt Mitinhaber und eine GmbH wurde gegr\u00fcndet (Gr\u00fcndungsdatum: 05.08.1897), die Fabrik bestand bis 1997, auf dem Zinndeckel Redewendung per aspera ad astra (durch das Rauhe zu den Sternen), welche von verschiedenen Burschenschaften und Studentenverbindung als Motto verwendet worden ist, das Monogramm auf dem Zinndeckel lautet wohl TBv (?), dieses konnte das MEK nicht aufl\u00f6sen, Georg Hahn gr\u00fcndete 1878 in Bayreuth eine Zinngie\u00dferei, diese wurde 1904 von Georg Sturm \u00fcbernommen und firmierte als Zinngie\u00dferei und Glasmalerei Sturm GmbH, die Firma existiert heute noch, <strong>der 0,8 cm hohe und 2,3 cm breite MADE IN GERMANY Stempel, dient dem MEK als Identifizierungsstempel f\u00fcr nicht mit einer Firmenmarke versehene Fabrikate von Simon Peter Gerz I<\/strong>, keine Liter Angabe, MEK Nachmessung: 0,5 Liter, H\u00f6he 13 cm, Breite 13,5 cm (nur die Keramik)<\/p>\n<p><a href=\"http:\/\/museumek.eu\/?attachment_id=40286\" rel=\"attachment wp-att-40286\"><img loading=\"lazy\" src=\"http:\/\/museumek.eu\/wp-content\/uploads\/2015\/05\/3528-174x300.jpg\" alt=\"\" title=\"3528\" width=\"174\" height=\"300\" class=\"alignnone size-medium wp-image-40286\" srcset=\"http:\/\/museumek.eu\/wp-content\/uploads\/2015\/05\/3528-174x300.jpg 174w, http:\/\/museumek.eu\/wp-content\/uploads\/2015\/05\/3528-87x150.jpg 87w, http:\/\/museumek.eu\/wp-content\/uploads\/2015\/05\/3528.jpg 464w\" sizes=\"(max-width: 174px) 100vw, 174px\" \/><\/a><\/p>\n<p><a href=\"http:\/\/museumek.eu\/?attachment_id=40287\" rel=\"attachment wp-att-40287\"><img loading=\"lazy\" src=\"http:\/\/museumek.eu\/wp-content\/uploads\/2015\/05\/3529-222x300.jpg\" alt=\"\" title=\"3529\" width=\"222\" height=\"300\" class=\"alignnone size-medium wp-image-40287\" srcset=\"http:\/\/museumek.eu\/wp-content\/uploads\/2015\/05\/3529-222x300.jpg 222w, http:\/\/museumek.eu\/wp-content\/uploads\/2015\/05\/3529-111x150.jpg 111w, http:\/\/museumek.eu\/wp-content\/uploads\/2015\/05\/3529.jpg 594w\" sizes=\"(max-width: 222px) 100vw, 222px\" \/><\/a><\/p>\n<p><a href=\"http:\/\/museumek.eu\/?attachment_id=40288\" rel=\"attachment wp-att-40288\"><img loading=\"lazy\" src=\"http:\/\/museumek.eu\/wp-content\/uploads\/2015\/05\/3530-216x300.jpg\" alt=\"\" title=\"3530\" width=\"216\" height=\"300\" class=\"alignnone size-medium wp-image-40288\" srcset=\"http:\/\/museumek.eu\/wp-content\/uploads\/2015\/05\/3530-216x300.jpg 216w, http:\/\/museumek.eu\/wp-content\/uploads\/2015\/05\/3530-108x150.jpg 108w, http:\/\/museumek.eu\/wp-content\/uploads\/2015\/05\/3530.jpg 578w\" sizes=\"(max-width: 216px) 100vw, 216px\" \/><\/a><\/p>\n<p><a href=\"http:\/\/museumek.eu\/?attachment_id=40289\" rel=\"attachment wp-att-40289\"><img loading=\"lazy\" src=\"http:\/\/museumek.eu\/wp-content\/uploads\/2015\/05\/3531-165x300.jpg\" alt=\"\" title=\"3531\" width=\"165\" height=\"300\" class=\"alignnone size-medium wp-image-40289\" srcset=\"http:\/\/museumek.eu\/wp-content\/uploads\/2015\/05\/3531-165x300.jpg 165w, http:\/\/museumek.eu\/wp-content\/uploads\/2015\/05\/3531-82x150.jpg 82w, http:\/\/museumek.eu\/wp-content\/uploads\/2015\/05\/3531.jpg 441w\" sizes=\"(max-width: 165px) 100vw, 165px\" \/><\/a><\/p>\n<p><a href=\"http:\/\/museumek.eu\/?attachment_id=40290\" rel=\"attachment wp-att-40290\"><img loading=\"lazy\" src=\"http:\/\/museumek.eu\/wp-content\/uploads\/2015\/05\/3532-247x300.jpg\" alt=\"\" title=\"3532\" width=\"247\" height=\"300\" class=\"alignnone size-medium wp-image-40290\" srcset=\"http:\/\/museumek.eu\/wp-content\/uploads\/2015\/05\/3532-247x300.jpg 247w, http:\/\/museumek.eu\/wp-content\/uploads\/2015\/05\/3532-123x150.jpg 123w, http:\/\/museumek.eu\/wp-content\/uploads\/2015\/05\/3532.jpg 536w\" sizes=\"(max-width: 247px) 100vw, 247px\" \/><\/a><\/p>\n<p><a href=\"http:\/\/museumek.eu\/?attachment_id=40291\" rel=\"attachment wp-att-40291\"><img loading=\"lazy\" src=\"http:\/\/museumek.eu\/wp-content\/uploads\/2015\/05\/3533-300x191.jpg\" alt=\"\" title=\"3533\" width=\"300\" height=\"191\" class=\"alignnone size-medium wp-image-40291\" srcset=\"http:\/\/museumek.eu\/wp-content\/uploads\/2015\/05\/3533-300x191.jpg 300w, http:\/\/museumek.eu\/wp-content\/uploads\/2015\/05\/3533-150x95.jpg 150w, http:\/\/museumek.eu\/wp-content\/uploads\/2015\/05\/3533-471x300.jpg 471w, http:\/\/museumek.eu\/wp-content\/uploads\/2015\/05\/3533.jpg 647w\" sizes=\"(max-width: 300px) 100vw, 300px\" \/><\/a><\/p>\n<p><a href=\"http:\/\/museumek.eu\/?attachment_id=40297\" rel=\"attachment wp-att-40297\"><img loading=\"lazy\" src=\"http:\/\/museumek.eu\/wp-content\/uploads\/2015\/05\/35341-278x300.jpg\" alt=\"\" title=\"3534\" width=\"278\" height=\"300\" class=\"alignnone size-medium wp-image-40297\" srcset=\"http:\/\/museumek.eu\/wp-content\/uploads\/2015\/05\/35341-278x300.jpg 278w, http:\/\/museumek.eu\/wp-content\/uploads\/2015\/05\/35341-139x150.jpg 139w, http:\/\/museumek.eu\/wp-content\/uploads\/2015\/05\/35341.jpg 600w\" sizes=\"(max-width: 278px) 100vw, 278px\" \/><\/a><\/p>\n","protected":false},"excerpt":{"rendered":"<p>Abteilung Deutschland, Keramik 1860 \u2013 1960, Inventarnummer D\/XLIX\/18 Simon Peter Gerz I. GmbH Fabrik fein verzierter Gebrauchs- und Luxusgegenst\u00e4nde und Vorg\u00e4nger Simon Peter Gerz I. Fabrik antiker reichverzierter Steinzeugwaaren, Deutschland, H\u00f6hr, um 1920, Seidel, K\u00fcnstler unbekannt, Werks.-Nr. ohne, Exemplar Nr. &hellip; <a href=\"http:\/\/museumek.eu\/?page_id=40285\">Weiterlesen <span class=\"meta-nav\">&rarr;<\/span><\/a><\/p>\n","protected":false},"author":1,"featured_media":0,"parent":37296,"menu_order":18,"comment_status":"closed","ping_status":"open","template":"","meta":[],"_links":{"self":[{"href":"http:\/\/museumek.eu\/index.php?rest_route=\/wp\/v2\/pages\/40285"}],"collection":[{"href":"http:\/\/museumek.eu\/index.php?rest_route=\/wp\/v2\/pages"}],"about":[{"href":"http:\/\/museumek.eu\/index.php?rest_route=\/wp\/v2\/types\/page"}],"author":[{"embeddable":true,"href":"http:\/\/museumek.eu\/index.php?rest_route=\/wp\/v2\/users\/1"}],"replies":[{"embeddable":true,"href":"http:\/\/museumek.eu\/index.php?rest_route=%2Fwp%2Fv2%2Fcomments&post=40285"}],"version-history":[{"count":8,"href":"http:\/\/museumek.eu\/index.php?rest_route=\/wp\/v2\/pages\/40285\/revisions"}],"predecessor-version":[{"id":40301,"href":"http:\/\/museumek.eu\/index.php?rest_route=\/wp\/v2\/pages\/40285\/revisions\/40301"}],"up":[{"embeddable":true,"href":"http:\/\/museumek.eu\/index.php?rest_route=\/wp\/v2\/pages\/37296"}],"wp:attachment":[{"href":"http:\/\/museumek.eu\/index.php?rest_route=%2Fwp%2Fv2%2Fmedia&parent=40285"}],"curies":[{"name":"wp","href":"https:\/\/api.w.org\/{rel}","templated":true}]}}