{"id":40333,"date":"2015-05-25T14:15:07","date_gmt":"2015-05-25T12:15:07","guid":{"rendered":"http:\/\/museumek.eu\/?page_id=40333"},"modified":"2015-05-25T14:15:55","modified_gmt":"2015-05-25T12:15:55","slug":"dlxxxii31","status":"publish","type":"page","link":"http:\/\/museumek.eu\/?page_id=40333","title":{"rendered":"D\/LXXXII\/31"},"content":{"rendered":"<p><strong>Abteilung Deutschland, Keramik 1860 \u2013 1960, Inventarnummer D\/LXXXII\/31<\/strong><\/p>\n<p>Westerw\u00e4lder Steinzeug ohne Fabrikzuordnung, Deutschland, Westerwald, um 1910, Seidel, K\u00fcnstler unbekannt, Werks.-Nr. 1650, Exemplar Nr. ohne, gemarkt keine Firmenmarke aber \u00bd L. \u00fcber Eichstrich sowie 1650 gepresst, nicht signiert, Dekorelemente von Charlotte Krause und Albin M\u00fcller im Dekor enthalten, deshalb wohl Entwurf von oder nach Charlotte Krause oder Albin M\u00fcller, Deckel nicht aus Zinn (evtl. vernickeltes Blech), Ausf\u00fchrung als Feinsteinzeug grau-blau glasiert,<br \/>\nH\u00f6he 10,8 cm, Breite 14,3 cm (nur die Keramik)<\/p>\n<p><a href=\"http:\/\/museumek.eu\/?attachment_id=40324\" rel=\"attachment wp-att-40324\"><img loading=\"lazy\" src=\"http:\/\/museumek.eu\/wp-content\/uploads\/2015\/05\/2476-208x300.jpg\" alt=\"\" title=\"2476\" width=\"208\" height=\"300\" class=\"alignnone size-medium wp-image-40324\" srcset=\"http:\/\/museumek.eu\/wp-content\/uploads\/2015\/05\/2476-208x300.jpg 208w, http:\/\/museumek.eu\/wp-content\/uploads\/2015\/05\/2476-104x150.jpg 104w, http:\/\/museumek.eu\/wp-content\/uploads\/2015\/05\/2476.jpg 556w\" sizes=\"(max-width: 208px) 100vw, 208px\" \/><\/a><\/p>\n<p><a href=\"http:\/\/museumek.eu\/?attachment_id=40325\" rel=\"attachment wp-att-40325\"><img loading=\"lazy\" src=\"http:\/\/museumek.eu\/wp-content\/uploads\/2015\/05\/2477-262x300.jpg\" alt=\"\" title=\"2477\" width=\"262\" height=\"300\" class=\"alignnone size-medium wp-image-40325\" srcset=\"http:\/\/museumek.eu\/wp-content\/uploads\/2015\/05\/2477-262x300.jpg 262w, http:\/\/museumek.eu\/wp-content\/uploads\/2015\/05\/2477-131x150.jpg 131w, http:\/\/museumek.eu\/wp-content\/uploads\/2015\/05\/2477.jpg 600w\" sizes=\"(max-width: 262px) 100vw, 262px\" \/><\/a><\/p>\n<p><a href=\"http:\/\/museumek.eu\/?attachment_id=40326\" rel=\"attachment wp-att-40326\"><img loading=\"lazy\" src=\"http:\/\/museumek.eu\/wp-content\/uploads\/2015\/05\/2478-255x300.jpg\" alt=\"\" title=\"2478\" width=\"255\" height=\"300\" class=\"alignnone size-medium wp-image-40326\" srcset=\"http:\/\/museumek.eu\/wp-content\/uploads\/2015\/05\/2478-255x300.jpg 255w, http:\/\/museumek.eu\/wp-content\/uploads\/2015\/05\/2478-127x150.jpg 127w, http:\/\/museumek.eu\/wp-content\/uploads\/2015\/05\/2478.jpg 600w\" sizes=\"(max-width: 255px) 100vw, 255px\" \/><\/a><\/p>\n<p><a href=\"http:\/\/museumek.eu\/?attachment_id=40327\" rel=\"attachment wp-att-40327\"><img loading=\"lazy\" src=\"http:\/\/museumek.eu\/wp-content\/uploads\/2015\/05\/2479-190x300.jpg\" alt=\"\" title=\"2479\" width=\"190\" height=\"300\" class=\"alignnone size-medium wp-image-40327\" srcset=\"http:\/\/museumek.eu\/wp-content\/uploads\/2015\/05\/2479-190x300.jpg 190w, http:\/\/museumek.eu\/wp-content\/uploads\/2015\/05\/2479-95x150.jpg 95w, http:\/\/museumek.eu\/wp-content\/uploads\/2015\/05\/2479.jpg 508w\" sizes=\"(max-width: 190px) 100vw, 190px\" \/><\/a><\/p>\n<p><a href=\"http:\/\/museumek.eu\/?attachment_id=40328\" rel=\"attachment wp-att-40328\"><img loading=\"lazy\" src=\"http:\/\/museumek.eu\/wp-content\/uploads\/2015\/05\/2480-259x300.jpg\" alt=\"\" title=\"2480\" width=\"259\" height=\"300\" class=\"alignnone size-medium wp-image-40328\" srcset=\"http:\/\/museumek.eu\/wp-content\/uploads\/2015\/05\/2480-259x300.jpg 259w, http:\/\/museumek.eu\/wp-content\/uploads\/2015\/05\/2480-129x150.jpg 129w, http:\/\/museumek.eu\/wp-content\/uploads\/2015\/05\/2480.jpg 600w\" sizes=\"(max-width: 259px) 100vw, 259px\" \/><\/a><\/p>\n<p><a href=\"http:\/\/museumek.eu\/?attachment_id=40329\" rel=\"attachment wp-att-40329\"><img loading=\"lazy\" src=\"http:\/\/museumek.eu\/wp-content\/uploads\/2015\/05\/2481-300x167.jpg\" alt=\"\" title=\"2481\" width=\"300\" height=\"167\" class=\"alignnone size-medium wp-image-40329\" srcset=\"http:\/\/museumek.eu\/wp-content\/uploads\/2015\/05\/2481-300x167.jpg 300w, http:\/\/museumek.eu\/wp-content\/uploads\/2015\/05\/2481-150x83.jpg 150w, http:\/\/museumek.eu\/wp-content\/uploads\/2015\/05\/2481-500x278.jpg 500w, http:\/\/museumek.eu\/wp-content\/uploads\/2015\/05\/2481.jpg 614w\" sizes=\"(max-width: 300px) 100vw, 300px\" \/><\/a><\/p>\n<p><a href=\"http:\/\/museumek.eu\/?attachment_id=40330\" rel=\"attachment wp-att-40330\"><img loading=\"lazy\" src=\"http:\/\/museumek.eu\/wp-content\/uploads\/2015\/05\/2482-300x177.jpg\" alt=\"\" title=\"2482\" width=\"300\" height=\"177\" class=\"alignnone size-medium wp-image-40330\" srcset=\"http:\/\/museumek.eu\/wp-content\/uploads\/2015\/05\/2482-300x177.jpg 300w, http:\/\/museumek.eu\/wp-content\/uploads\/2015\/05\/2482-150x88.jpg 150w, http:\/\/museumek.eu\/wp-content\/uploads\/2015\/05\/2482.jpg 478w\" sizes=\"(max-width: 300px) 100vw, 300px\" \/><\/a><\/p>\n","protected":false},"excerpt":{"rendered":"<p>Abteilung Deutschland, Keramik 1860 \u2013 1960, Inventarnummer D\/LXXXII\/31 Westerw\u00e4lder Steinzeug ohne Fabrikzuordnung, Deutschland, Westerwald, um 1910, Seidel, K\u00fcnstler unbekannt, Werks.-Nr. 1650, Exemplar Nr. ohne, gemarkt keine Firmenmarke aber \u00bd L. \u00fcber Eichstrich sowie 1650 gepresst, nicht signiert, Dekorelemente von Charlotte &hellip; <a href=\"http:\/\/museumek.eu\/?page_id=40333\">Weiterlesen <span class=\"meta-nav\">&rarr;<\/span><\/a><\/p>\n","protected":false},"author":1,"featured_media":0,"parent":40323,"menu_order":31,"comment_status":"closed","ping_status":"open","template":"","meta":[],"_links":{"self":[{"href":"http:\/\/museumek.eu\/index.php?rest_route=\/wp\/v2\/pages\/40333"}],"collection":[{"href":"http:\/\/museumek.eu\/index.php?rest_route=\/wp\/v2\/pages"}],"about":[{"href":"http:\/\/museumek.eu\/index.php?rest_route=\/wp\/v2\/types\/page"}],"author":[{"embeddable":true,"href":"http:\/\/museumek.eu\/index.php?rest_route=\/wp\/v2\/users\/1"}],"replies":[{"embeddable":true,"href":"http:\/\/museumek.eu\/index.php?rest_route=%2Fwp%2Fv2%2Fcomments&post=40333"}],"version-history":[{"count":6,"href":"http:\/\/museumek.eu\/index.php?rest_route=\/wp\/v2\/pages\/40333\/revisions"}],"predecessor-version":[{"id":40339,"href":"http:\/\/museumek.eu\/index.php?rest_route=\/wp\/v2\/pages\/40333\/revisions\/40339"}],"up":[{"embeddable":true,"href":"http:\/\/museumek.eu\/index.php?rest_route=\/wp\/v2\/pages\/40323"}],"wp:attachment":[{"href":"http:\/\/museumek.eu\/index.php?rest_route=%2Fwp%2Fv2%2Fmedia&parent=40333"}],"curies":[{"name":"wp","href":"https:\/\/api.w.org\/{rel}","templated":true}]}}