{"id":40801,"date":"2015-06-07T12:33:36","date_gmt":"2015-06-07T10:33:36","guid":{"rendered":"http:\/\/museumek.eu\/?page_id=40801"},"modified":"2015-06-07T12:33:36","modified_gmt":"2015-06-07T10:33:36","slug":"dxcviii2","status":"publish","type":"page","link":"http:\/\/museumek.eu\/?page_id=40801","title":{"rendered":"D\/XCVIII\/2"},"content":{"rendered":"<p><strong>Abteilung Deutschland, Keramik 1860 \u2013 1960, Inventarnummer D\/XCVIII\/2<\/strong><\/p>\n<p>Annaburger Steingutfabrik AG, vormals Steingutfabrik Adolf Heckmann, Deutschland, Annaburg, um 1925, Schale, K\u00fcnstler unbekannt, Werks.-Nr. 1290 (?), Exemplar Nr. ohne, gemarkt Firmenmarke mit Krone, darunter ein A (f\u00fcr Annaburg), in dem A die Buchstaben AG sowie St (f\u00fcr Steingutfabrik AG) sowie 1290 schwarze Stempel, Schriftzug Annaburg schwarz gemalt, 371 gepresst, nicht signiert, Literatur: Otto Pelka, Keramik der Neuzeit, Markentafel 1, in Markenkasten Nr. 3 identische Marke, Seite 209, Herstellerverzeichnis, dort unter 3. Annaburger Steingutfabrik sowie Seite 217, Namenverzeichnis, Annaburger Steingutfabrik, die Fabrik wurde 1874 als Hafnerwerkstatt von einem Hafner namens B\u00f6ttcher in Annaburg gegr\u00fcndet, 1883 kaufte Adolf Heckmann die Werkstatt und erweiterte sie zu einer Steingutfabrik, als Heckmann 1895 starb verkauften seine 3 S\u00f6hne die Fabrik, am 01.07.1895 gr\u00fcndete sich die Annaburger Steingutfabrik AG mit den Hauptaktion\u00e4ren Carl Untucht &#038; Co. (Berlin) und den beiden Annaburgern Gustav M\u00fcller und Hans Untucht, es gab in Magdeburg noch ein Zweigwerk, welches als Annaburger Steingutfabrik AG, Abteilung Untucht firmierte, 1945 wurde die Fabrik verstaatlicht,<br \/>\nDurchmesser 31 cm (von Henkel zu Henkel)<\/p>\n<p><a href=\"http:\/\/museumek.eu\/?attachment_id=40802\" rel=\"attachment wp-att-40802\"><img loading=\"lazy\" src=\"http:\/\/museumek.eu\/wp-content\/uploads\/2015\/06\/437-300x261.jpg\" alt=\"\" title=\"437\" width=\"300\" height=\"261\" class=\"alignnone size-medium wp-image-40802\" srcset=\"http:\/\/museumek.eu\/wp-content\/uploads\/2015\/06\/437-300x261.jpg 300w, http:\/\/museumek.eu\/wp-content\/uploads\/2015\/06\/437-150x130.jpg 150w, http:\/\/museumek.eu\/wp-content\/uploads\/2015\/06\/437-344x300.jpg 344w, http:\/\/museumek.eu\/wp-content\/uploads\/2015\/06\/437.jpg 552w\" sizes=\"(max-width: 300px) 100vw, 300px\" \/><\/a><\/p>\n<p><a href=\"http:\/\/museumek.eu\/?attachment_id=40803\" rel=\"attachment wp-att-40803\"><img loading=\"lazy\" src=\"http:\/\/museumek.eu\/wp-content\/uploads\/2015\/06\/438-300x291.jpg\" alt=\"\" title=\"438\" width=\"300\" height=\"291\" class=\"alignnone size-medium wp-image-40803\" srcset=\"http:\/\/museumek.eu\/wp-content\/uploads\/2015\/06\/438-300x291.jpg 300w, http:\/\/museumek.eu\/wp-content\/uploads\/2015\/06\/438-150x145.jpg 150w, http:\/\/museumek.eu\/wp-content\/uploads\/2015\/06\/438-308x300.jpg 308w, http:\/\/museumek.eu\/wp-content\/uploads\/2015\/06\/438.jpg 551w\" sizes=\"(max-width: 300px) 100vw, 300px\" \/><\/a><\/p>\n<p><a href=\"http:\/\/museumek.eu\/?attachment_id=40804\" rel=\"attachment wp-att-40804\"><img loading=\"lazy\" src=\"http:\/\/museumek.eu\/wp-content\/uploads\/2015\/06\/439-287x300.jpg\" alt=\"\" title=\"439\" width=\"287\" height=\"300\" class=\"alignnone size-medium wp-image-40804\" srcset=\"http:\/\/museumek.eu\/wp-content\/uploads\/2015\/06\/439-287x300.jpg 287w, http:\/\/museumek.eu\/wp-content\/uploads\/2015\/06\/439-143x150.jpg 143w, http:\/\/museumek.eu\/wp-content\/uploads\/2015\/06\/439.jpg 600w\" sizes=\"(max-width: 287px) 100vw, 287px\" \/><\/a><\/p>\n","protected":false},"excerpt":{"rendered":"<p>Abteilung Deutschland, Keramik 1860 \u2013 1960, Inventarnummer D\/XCVIII\/2 Annaburger Steingutfabrik AG, vormals Steingutfabrik Adolf Heckmann, Deutschland, Annaburg, um 1925, Schale, K\u00fcnstler unbekannt, Werks.-Nr. 1290 (?), Exemplar Nr. ohne, gemarkt Firmenmarke mit Krone, darunter ein A (f\u00fcr Annaburg), in dem A &hellip; <a href=\"http:\/\/museumek.eu\/?page_id=40801\">Weiterlesen <span class=\"meta-nav\">&rarr;<\/span><\/a><\/p>\n","protected":false},"author":1,"featured_media":0,"parent":24998,"menu_order":2,"comment_status":"closed","ping_status":"open","template":"","meta":[],"_links":{"self":[{"href":"http:\/\/museumek.eu\/index.php?rest_route=\/wp\/v2\/pages\/40801"}],"collection":[{"href":"http:\/\/museumek.eu\/index.php?rest_route=\/wp\/v2\/pages"}],"about":[{"href":"http:\/\/museumek.eu\/index.php?rest_route=\/wp\/v2\/types\/page"}],"author":[{"embeddable":true,"href":"http:\/\/museumek.eu\/index.php?rest_route=\/wp\/v2\/users\/1"}],"replies":[{"embeddable":true,"href":"http:\/\/museumek.eu\/index.php?rest_route=%2Fwp%2Fv2%2Fcomments&post=40801"}],"version-history":[{"count":4,"href":"http:\/\/museumek.eu\/index.php?rest_route=\/wp\/v2\/pages\/40801\/revisions"}],"predecessor-version":[{"id":40808,"href":"http:\/\/museumek.eu\/index.php?rest_route=\/wp\/v2\/pages\/40801\/revisions\/40808"}],"up":[{"embeddable":true,"href":"http:\/\/museumek.eu\/index.php?rest_route=\/wp\/v2\/pages\/24998"}],"wp:attachment":[{"href":"http:\/\/museumek.eu\/index.php?rest_route=%2Fwp%2Fv2%2Fmedia&parent=40801"}],"curies":[{"name":"wp","href":"https:\/\/api.w.org\/{rel}","templated":true}]}}