{"id":43174,"date":"2015-08-02T19:54:56","date_gmt":"2015-08-02T17:54:56","guid":{"rendered":"http:\/\/museumek.eu\/?page_id=43174"},"modified":"2015-08-02T19:54:56","modified_gmt":"2015-08-02T17:54:56","slug":"axxxix3","status":"publish","type":"page","link":"http:\/\/museumek.eu\/?page_id=43174","title":{"rendered":"A\/XXXIX\/3"},"content":{"rendered":"<p><strong>Abteilung Austria\/Ungarn\/B\u00f6hmen, Keramik 1860 \u2013 1960, Inventarnummer A\/XXXIX\/3<\/strong><\/p>\n<p>Eduard Stellmacher &#038; Co. Porzellanfabrik und kunstkeramische Industriewerke Turn, B\u00f6hmen\/Austria, Turn, Teplitz\/Trnovany, Teplice, um 1905\/1906, Vase, K\u00fcnstler Eduard Stellmacher, Werks.-Nr. ohne, Exemplar Nr. ohne, gemarkt Firmenmarke mit STELLMACHER, darunter eine verzierte Vase, darunter TEPLITZ goldener Stempel auf Glasur, Austria goldener Stempel auf Glasur, 2 gepresst, 4 wei\u00df gemalt, Literatur: Volker M\u00f6lle Riessner, Amphora Die Porzellan- und Keramik- Manufaktur in Nordb\u00f6hmen, S. 31, Beschreibung der Fabrik, Seite 33, weitere Beschreibung der Fabrik sowie Seite 164, Abbildung der identischen Marke f\u00fcr die Zeit 1905\/1906, Eduard Fritz Otto Stellmacher (geb. 07.06.1869 in Volkstedt, gest. im Oktober 1945 in Pilsen) trat am 10.08.1904 aus der von ihm mitgegr\u00fcndeten Fabrik Riessner, Stellmacher &#038; Kessel, sp\u00e4ter AMPHORA, aus und gr\u00fcndete in Turn am 27.03.1905 zusammen mit Karl Frank eine keramische Fabrik, Firmierung Eduard Stellmacher &#038; Co. Porzellanfabrik und kunstkeramische Industriewerke Turn, die Fabrik hatte in der Spitze 120 Mitarbeiter, exportierte weltweit und hatte Ausstellungsr\u00e4ume in Wien, Paris, Berlin, K\u00f6ln und Leipzig, am 10.02.1910 meldete die Fabrik Konkurs an, die Produktion wurde 1912 endg\u00fcltig eingestellt, H\u00f6he 11,5 cm, Breite 14,5 cm<\/p>\n<p><a href=\"http:\/\/museumek.eu\/?attachment_id=43175\" rel=\"attachment wp-att-43175\"><img loading=\"lazy\" src=\"http:\/\/museumek.eu\/wp-content\/uploads\/2015\/08\/1718-300x282.jpg\" alt=\"\" title=\"1718\" width=\"300\" height=\"282\" class=\"alignnone size-medium wp-image-43175\" srcset=\"http:\/\/museumek.eu\/wp-content\/uploads\/2015\/08\/1718-300x282.jpg 300w, http:\/\/museumek.eu\/wp-content\/uploads\/2015\/08\/1718-150x141.jpg 150w, http:\/\/museumek.eu\/wp-content\/uploads\/2015\/08\/1718-319x300.jpg 319w, http:\/\/museumek.eu\/wp-content\/uploads\/2015\/08\/1718.jpg 638w\" sizes=\"(max-width: 300px) 100vw, 300px\" \/><\/a><\/p>\n<p><a href=\"http:\/\/museumek.eu\/?attachment_id=43176\" rel=\"attachment wp-att-43176\"><img loading=\"lazy\" src=\"http:\/\/museumek.eu\/wp-content\/uploads\/2015\/08\/1719-300x280.jpg\" alt=\"\" title=\"1719\" width=\"300\" height=\"280\" class=\"alignnone size-medium wp-image-43176\" srcset=\"http:\/\/museumek.eu\/wp-content\/uploads\/2015\/08\/1719-300x280.jpg 300w, http:\/\/museumek.eu\/wp-content\/uploads\/2015\/08\/1719-150x140.jpg 150w, http:\/\/museumek.eu\/wp-content\/uploads\/2015\/08\/1719-321x300.jpg 321w, http:\/\/museumek.eu\/wp-content\/uploads\/2015\/08\/1719.jpg 642w\" sizes=\"(max-width: 300px) 100vw, 300px\" \/><\/a><\/p>\n<p><a href=\"http:\/\/museumek.eu\/?attachment_id=43177\" rel=\"attachment wp-att-43177\"><img loading=\"lazy\" src=\"http:\/\/museumek.eu\/wp-content\/uploads\/2015\/08\/1720-300x227.jpg\" alt=\"\" title=\"1720\" width=\"300\" height=\"227\" class=\"alignnone size-medium wp-image-43177\" srcset=\"http:\/\/museumek.eu\/wp-content\/uploads\/2015\/08\/1720-300x227.jpg 300w, http:\/\/museumek.eu\/wp-content\/uploads\/2015\/08\/1720-150x113.jpg 150w, http:\/\/museumek.eu\/wp-content\/uploads\/2015\/08\/1720-395x300.jpg 395w, http:\/\/museumek.eu\/wp-content\/uploads\/2015\/08\/1720.jpg 791w\" sizes=\"(max-width: 300px) 100vw, 300px\" \/><\/a><\/p>\n","protected":false},"excerpt":{"rendered":"<p>Abteilung Austria\/Ungarn\/B\u00f6hmen, Keramik 1860 \u2013 1960, Inventarnummer A\/XXXIX\/3 Eduard Stellmacher &#038; Co. Porzellanfabrik und kunstkeramische Industriewerke Turn, B\u00f6hmen\/Austria, Turn, Teplitz\/Trnovany, Teplice, um 1905\/1906, Vase, K\u00fcnstler Eduard Stellmacher, Werks.-Nr. ohne, Exemplar Nr. ohne, gemarkt Firmenmarke mit STELLMACHER, darunter eine verzierte Vase, &hellip; <a href=\"http:\/\/museumek.eu\/?page_id=43174\">Weiterlesen <span class=\"meta-nav\">&rarr;<\/span><\/a><\/p>\n","protected":false},"author":1,"featured_media":0,"parent":16443,"menu_order":3,"comment_status":"closed","ping_status":"open","template":"","meta":[],"_links":{"self":[{"href":"http:\/\/museumek.eu\/index.php?rest_route=\/wp\/v2\/pages\/43174"}],"collection":[{"href":"http:\/\/museumek.eu\/index.php?rest_route=\/wp\/v2\/pages"}],"about":[{"href":"http:\/\/museumek.eu\/index.php?rest_route=\/wp\/v2\/types\/page"}],"author":[{"embeddable":true,"href":"http:\/\/museumek.eu\/index.php?rest_route=\/wp\/v2\/users\/1"}],"replies":[{"embeddable":true,"href":"http:\/\/museumek.eu\/index.php?rest_route=%2Fwp%2Fv2%2Fcomments&post=43174"}],"version-history":[{"count":4,"href":"http:\/\/museumek.eu\/index.php?rest_route=\/wp\/v2\/pages\/43174\/revisions"}],"predecessor-version":[{"id":43181,"href":"http:\/\/museumek.eu\/index.php?rest_route=\/wp\/v2\/pages\/43174\/revisions\/43181"}],"up":[{"embeddable":true,"href":"http:\/\/museumek.eu\/index.php?rest_route=\/wp\/v2\/pages\/16443"}],"wp:attachment":[{"href":"http:\/\/museumek.eu\/index.php?rest_route=%2Fwp%2Fv2%2Fmedia&parent=43174"}],"curies":[{"name":"wp","href":"https:\/\/api.w.org\/{rel}","templated":true}]}}