{"id":43524,"date":"2015-08-09T16:57:04","date_gmt":"2015-08-09T14:57:04","guid":{"rendered":"http:\/\/museumek.eu\/?page_id=43524"},"modified":"2015-08-09T16:57:04","modified_gmt":"2015-08-09T14:57:04","slug":"matthes-ebel-mabendorfer-porzellanfabrik-und-malereien-vormals-mabendorfer-porzellanfabrik-richard-matthes-co-vormals-mabendorfer-porzellanfabrik-schlegelmilch-co-vormals-evtl-porzellanfab","status":"publish","type":"page","link":"http:\/\/museumek.eu\/?page_id=43524","title":{"rendered":"Matthes &#038; Ebel M\u00e4bendorfer Porzellanfabrik und Malereien, vormals M\u00e4bendorfer Porzellanfabrik Richard Matthes &#038; Co., vormals M\u00e4bendorfer Porzellanfabrik Schlegelmilch &#038; Co., vormals evtl. Porzellanfabrik Carl Schlegelmilch"},"content":{"rendered":"","protected":false},"excerpt":{"rendered":"","protected":false},"author":1,"featured_media":0,"parent":44,"menu_order":141,"comment_status":"closed","ping_status":"open","template":"","meta":[],"_links":{"self":[{"href":"http:\/\/museumek.eu\/index.php?rest_route=\/wp\/v2\/pages\/43524"}],"collection":[{"href":"http:\/\/museumek.eu\/index.php?rest_route=\/wp\/v2\/pages"}],"about":[{"href":"http:\/\/museumek.eu\/index.php?rest_route=\/wp\/v2\/types\/page"}],"author":[{"embeddable":true,"href":"http:\/\/museumek.eu\/index.php?rest_route=\/wp\/v2\/users\/1"}],"replies":[{"embeddable":true,"href":"http:\/\/museumek.eu\/index.php?rest_route=%2Fwp%2Fv2%2Fcomments&post=43524"}],"version-history":[{"count":2,"href":"http:\/\/museumek.eu\/index.php?rest_route=\/wp\/v2\/pages\/43524\/revisions"}],"predecessor-version":[{"id":43526,"href":"http:\/\/museumek.eu\/index.php?rest_route=\/wp\/v2\/pages\/43524\/revisions\/43526"}],"up":[{"embeddable":true,"href":"http:\/\/museumek.eu\/index.php?rest_route=\/wp\/v2\/pages\/44"}],"wp:attachment":[{"href":"http:\/\/museumek.eu\/index.php?rest_route=%2Fwp%2Fv2%2Fmedia&parent=43524"}],"curies":[{"name":"wp","href":"https:\/\/api.w.org\/{rel}","templated":true}]}}