{"id":43753,"date":"2015-08-11T21:43:33","date_gmt":"2015-08-11T19:43:33","guid":{"rendered":"http:\/\/museumek.eu\/?page_id=43753"},"modified":"2015-08-11T21:44:19","modified_gmt":"2015-08-11T19:44:19","slug":"dxlviii15","status":"publish","type":"page","link":"http:\/\/museumek.eu\/?page_id=43753","title":{"rendered":"D\/XLVIII\/15"},"content":{"rendered":"<p><strong>Abteilung Deutschland, Keramik 1860 \u2013 1960, Inventarnummer D\/XLVIII\/15<\/strong><\/p>\n<p>Albert Jacob Thewalt, Fabrik fein verzierter Steinzeugwaren, Deutschland, H\u00f6hr, um 1900, Krug, K\u00fcnstler Wilhelm Kamp (attr.), Werks.-Nr. 523, Exemplar Nr. ohne, gemarkt Firmenmarke mit A T und \u00fcber dem T ein Punkt, dieser besagt folgendes: im alten Schreibduktus wurde I und J oft gleich gesetzt, um den Buchstaben I bzw. J kenntlich zu machen, wurde dar\u00fcber ein Punkt gesetzt, Beispiel: ein senkrechter Strich mit einem Punkt dar\u00fcber bedeutet Buchstabe I oder bei Gleichsetzung auch J, insofern versteckt sich in der Marke beim Buchstabe T auch das J, somit ist der Sinn des Punktes ermittelt, so dass die Marke als AJT f\u00fcr Albert Jacob Thewalt zu lesen ist, GERMANY gepresst, 523 unter dem Henkel aufgelegt oder mit der Form gegossen, J (?) geritzt, nicht signiert, Literatur: J\u00fcrgen Schimanski, Braun geflammt und grau gesalzen, Seite 226, Beschreibung der Fabrik, Beschreibung, dass fast alle Entw\u00fcrfe von Wilhelm Anton Kamp stammen sowie Marke Nr. 43 identisch, der zweite Sohn von Joahnn Peter Thewalt jr., Albert Jacob Thewalt (1857 \u2013 1939) gr\u00fcndete 1882 zusammen mit seinem Schwager Jean Paulus die keramische Fabrik Paulus und Thewalt, trennt sich dann von Jean Paulus und gr\u00fcndet 1894 seine eigene Fabrik, die als Albert Jacob Thewalt, Fabrik fein verzierter Steinzeugwaren firmiert, nach Albert Jacobs\u2019s Tod f\u00fchren sein Sohn Albert Johann Thewalt und danach sein Enkel Albert Jakob Thewalt die Fabrik fort, K\u00fcnstlerzuschreibung: Wilhelm Anton Kamp trat 1897 in die Fabrik ein und schuf rund 800 Entw\u00fcrfe, keine Literangabe, MEK Nachmessung: 0,35 Liter,<br \/>\nH\u00f6he 13,5 cm, Breite 11,3 cm<\/p>\n<p><a href=\"http:\/\/museumek.eu\/?attachment_id=43754\" rel=\"attachment wp-att-43754\"><img loading=\"lazy\" src=\"http:\/\/museumek.eu\/wp-content\/uploads\/2015\/08\/852-181x300.jpg\" alt=\"\" title=\"852\" width=\"181\" height=\"300\" class=\"alignnone size-medium wp-image-43754\" srcset=\"http:\/\/museumek.eu\/wp-content\/uploads\/2015\/08\/852-181x300.jpg 181w, http:\/\/museumek.eu\/wp-content\/uploads\/2015\/08\/852-90x150.jpg 90w, http:\/\/museumek.eu\/wp-content\/uploads\/2015\/08\/852.jpg 385w\" sizes=\"(max-width: 181px) 100vw, 181px\" \/><\/a><\/p>\n<p><a href=\"http:\/\/museumek.eu\/?attachment_id=43755\" rel=\"attachment wp-att-43755\"><img loading=\"lazy\" src=\"http:\/\/museumek.eu\/wp-content\/uploads\/2015\/08\/854-228x300.jpg\" alt=\"\" title=\"854\" width=\"228\" height=\"300\" class=\"alignnone size-medium wp-image-43755\" srcset=\"http:\/\/museumek.eu\/wp-content\/uploads\/2015\/08\/854-228x300.jpg 228w, http:\/\/museumek.eu\/wp-content\/uploads\/2015\/08\/854-114x150.jpg 114w, http:\/\/museumek.eu\/wp-content\/uploads\/2015\/08\/854.jpg 445w\" sizes=\"(max-width: 228px) 100vw, 228px\" \/><\/a><\/p>\n<p><a href=\"http:\/\/museumek.eu\/?attachment_id=43756\" rel=\"attachment wp-att-43756\"><img loading=\"lazy\" src=\"http:\/\/museumek.eu\/wp-content\/uploads\/2015\/08\/855-233x300.jpg\" alt=\"\" title=\"855\" width=\"233\" height=\"300\" class=\"alignnone size-medium wp-image-43756\" srcset=\"http:\/\/museumek.eu\/wp-content\/uploads\/2015\/08\/855-233x300.jpg 233w, http:\/\/museumek.eu\/wp-content\/uploads\/2015\/08\/855-116x150.jpg 116w, http:\/\/museumek.eu\/wp-content\/uploads\/2015\/08\/855.jpg 499w\" sizes=\"(max-width: 233px) 100vw, 233px\" \/><\/a><\/p>\n<p><a href=\"http:\/\/museumek.eu\/?attachment_id=43757\" rel=\"attachment wp-att-43757\"><img loading=\"lazy\" src=\"http:\/\/museumek.eu\/wp-content\/uploads\/2015\/08\/857-156x300.jpg\" alt=\"\" title=\"857\" width=\"156\" height=\"300\" class=\"alignnone size-medium wp-image-43757\" srcset=\"http:\/\/museumek.eu\/wp-content\/uploads\/2015\/08\/857-156x300.jpg 156w, http:\/\/museumek.eu\/wp-content\/uploads\/2015\/08\/857-78x150.jpg 78w, http:\/\/museumek.eu\/wp-content\/uploads\/2015\/08\/857.jpg 313w\" sizes=\"(max-width: 156px) 100vw, 156px\" \/><\/a><\/p>\n<p><a href=\"http:\/\/museumek.eu\/?attachment_id=43758\" rel=\"attachment wp-att-43758\"><img loading=\"lazy\" src=\"http:\/\/museumek.eu\/wp-content\/uploads\/2015\/08\/853-156x300.jpg\" alt=\"\" title=\"853\" width=\"156\" height=\"300\" class=\"alignnone size-medium wp-image-43758\" srcset=\"http:\/\/museumek.eu\/wp-content\/uploads\/2015\/08\/853-156x300.jpg 156w, http:\/\/museumek.eu\/wp-content\/uploads\/2015\/08\/853-78x150.jpg 78w, http:\/\/museumek.eu\/wp-content\/uploads\/2015\/08\/853.jpg 308w\" sizes=\"(max-width: 156px) 100vw, 156px\" \/><\/a><\/p>\n<p><a href=\"http:\/\/museumek.eu\/?attachment_id=43759\" rel=\"attachment wp-att-43759\"><img loading=\"lazy\" src=\"http:\/\/museumek.eu\/wp-content\/uploads\/2015\/08\/856-251x300.jpg\" alt=\"\" title=\"856\" width=\"251\" height=\"300\" class=\"alignnone size-medium wp-image-43759\" srcset=\"http:\/\/museumek.eu\/wp-content\/uploads\/2015\/08\/856-251x300.jpg 251w, http:\/\/museumek.eu\/wp-content\/uploads\/2015\/08\/856-125x150.jpg 125w, http:\/\/museumek.eu\/wp-content\/uploads\/2015\/08\/856.jpg 600w\" sizes=\"(max-width: 251px) 100vw, 251px\" \/><\/a><\/p>\n<p><a href=\"http:\/\/museumek.eu\/?attachment_id=43760\" rel=\"attachment wp-att-43760\"><img loading=\"lazy\" src=\"http:\/\/museumek.eu\/wp-content\/uploads\/2015\/08\/858-267x300.jpg\" alt=\"\" title=\"858\" width=\"267\" height=\"300\" class=\"alignnone size-medium wp-image-43760\" srcset=\"http:\/\/museumek.eu\/wp-content\/uploads\/2015\/08\/858-267x300.jpg 267w, http:\/\/museumek.eu\/wp-content\/uploads\/2015\/08\/858-133x150.jpg 133w, http:\/\/museumek.eu\/wp-content\/uploads\/2015\/08\/858.jpg 539w\" sizes=\"(max-width: 267px) 100vw, 267px\" \/><\/a><\/p>\n","protected":false},"excerpt":{"rendered":"<p>Abteilung Deutschland, Keramik 1860 \u2013 1960, Inventarnummer D\/XLVIII\/15 Albert Jacob Thewalt, Fabrik fein verzierter Steinzeugwaren, Deutschland, H\u00f6hr, um 1900, Krug, K\u00fcnstler Wilhelm Kamp (attr.), Werks.-Nr. 523, Exemplar Nr. ohne, gemarkt Firmenmarke mit A T und \u00fcber dem T ein Punkt, &hellip; <a href=\"http:\/\/museumek.eu\/?page_id=43753\">Weiterlesen <span class=\"meta-nav\">&rarr;<\/span><\/a><\/p>\n","protected":false},"author":1,"featured_media":0,"parent":32687,"menu_order":15,"comment_status":"closed","ping_status":"open","template":"","meta":[],"_links":{"self":[{"href":"http:\/\/museumek.eu\/index.php?rest_route=\/wp\/v2\/pages\/43753"}],"collection":[{"href":"http:\/\/museumek.eu\/index.php?rest_route=\/wp\/v2\/pages"}],"about":[{"href":"http:\/\/museumek.eu\/index.php?rest_route=\/wp\/v2\/types\/page"}],"author":[{"embeddable":true,"href":"http:\/\/museumek.eu\/index.php?rest_route=\/wp\/v2\/users\/1"}],"replies":[{"embeddable":true,"href":"http:\/\/museumek.eu\/index.php?rest_route=%2Fwp%2Fv2%2Fcomments&post=43753"}],"version-history":[{"count":6,"href":"http:\/\/museumek.eu\/index.php?rest_route=\/wp\/v2\/pages\/43753\/revisions"}],"predecessor-version":[{"id":43766,"href":"http:\/\/museumek.eu\/index.php?rest_route=\/wp\/v2\/pages\/43753\/revisions\/43766"}],"up":[{"embeddable":true,"href":"http:\/\/museumek.eu\/index.php?rest_route=\/wp\/v2\/pages\/32687"}],"wp:attachment":[{"href":"http:\/\/museumek.eu\/index.php?rest_route=%2Fwp%2Fv2%2Fmedia&parent=43753"}],"curies":[{"name":"wp","href":"https:\/\/api.w.org\/{rel}","templated":true}]}}