{"id":44196,"date":"2015-08-20T12:56:19","date_gmt":"2015-08-20T10:56:19","guid":{"rendered":"http:\/\/museumek.eu\/?page_id=44196"},"modified":"2021-03-13T12:32:07","modified_gmt":"2021-03-13T11:32:07","slug":"keramia-komlos-testverek-inv-nr-al1","status":"publish","type":"page","link":"http:\/\/museumek.eu\/?page_id=44196","title":{"rendered":"Ker\u00e1mia Koml\u00f3s testv\u00e9rek &#8211; Inv.Nr. A\/L\/1"},"content":{"rendered":"","protected":false},"excerpt":{"rendered":"","protected":false},"author":1,"featured_media":0,"parent":2733,"menu_order":116,"comment_status":"closed","ping_status":"open","template":"","meta":[],"_links":{"self":[{"href":"http:\/\/museumek.eu\/index.php?rest_route=\/wp\/v2\/pages\/44196"}],"collection":[{"href":"http:\/\/museumek.eu\/index.php?rest_route=\/wp\/v2\/pages"}],"about":[{"href":"http:\/\/museumek.eu\/index.php?rest_route=\/wp\/v2\/types\/page"}],"author":[{"embeddable":true,"href":"http:\/\/museumek.eu\/index.php?rest_route=\/wp\/v2\/users\/1"}],"replies":[{"embeddable":true,"href":"http:\/\/museumek.eu\/index.php?rest_route=%2Fwp%2Fv2%2Fcomments&post=44196"}],"version-history":[{"count":3,"href":"http:\/\/museumek.eu\/index.php?rest_route=\/wp\/v2\/pages\/44196\/revisions"}],"predecessor-version":[{"id":54260,"href":"http:\/\/museumek.eu\/index.php?rest_route=\/wp\/v2\/pages\/44196\/revisions\/54260"}],"up":[{"embeddable":true,"href":"http:\/\/museumek.eu\/index.php?rest_route=\/wp\/v2\/pages\/2733"}],"wp:attachment":[{"href":"http:\/\/museumek.eu\/index.php?rest_route=%2Fwp%2Fv2%2Fmedia&parent=44196"}],"curies":[{"name":"wp","href":"https:\/\/api.w.org\/{rel}","templated":true}]}}