{"id":44436,"date":"2015-08-26T14:19:39","date_gmt":"2015-08-26T12:19:39","guid":{"rendered":"http:\/\/museumek.eu\/?page_id=44436"},"modified":"2015-08-26T14:19:39","modified_gmt":"2015-08-26T12:19:39","slug":"dlii5","status":"publish","type":"page","link":"http:\/\/museumek.eu\/?page_id=44436","title":{"rendered":"D\/LII\/5"},"content":{"rendered":"<p><strong>Abteilung Deutschland, Keramik 1860 \u2013 1960, Inventarnummer D\/LII\/5<\/strong><\/p>\n<p>Rosskopf &#038; Gerz Fabrik fein verzierter Steinzeugwaren, Deutschland, H\u00f6hr, um 1906, Seidel, K\u00fcnstler unbekannt, Werks.-Nr. 736, Exemplar Nr. ohne, gemarkt keine Firmenmarke aber GES. darunter GESCH\u00dcTZT, 736 einmal am Boden und einmal unter dem Henkel, W sowie 0,5 L. \u00fcber Eichstrich gepresst, nicht signiert, Literatur: Beate Dry-v. Zezschwitz, Westerw\u00e4lder Steinzeug des Jugendstils IV, Rosskopf &#038; Gerz, Steinzeugfabrik H\u00f6hr im Westerwald, 1901 \u2013 1914, Seite 12, Abbildung Nr. 2, identische Marke, Seite 32, Tabellen Nachtrag zum Werksverzeichnis, dort unter Werks.-Nr. 736 wie folgt beschrieben: \u00bd Liter, Flachb. mit Bild \u201eBiedermeier\u201c, Literatur: J\u00fcrgen Schimanski, Braun geflammt und grau gesalzen, Seite 221, Beschreibung der Fabrik sowie Marke Nr. 40 identisch, weitere Literatur: J\u00fcrgen Erlebach und J\u00fcrgen Schimanski, Westerw\u00e4lder Steinzeug, Die Neue \u00c4ra 1900 \u2013 1930, Jugendstil und Werkbund, Seite 115, Beschreibung der Fabrik sowie Marke Nr. 40 identisch, 1901 gr\u00fcndeten der Kaufmann Alois Jakob Gerz und der T\u00f6pfer und Modelleur Karl Wilhelm Ro\u00dfkopf eine Steinzeugfabrik in H\u00f6hr, die Fabrik firmierte als Ro\u00dfkopf &#038; Gerz Fabrik fein verzierter Steinzeugwaren, die Firmierung wurde von einer Zeitungsanzeige der Fabrik aus dem Jahr 1907 \u00fcbernommen, bereits 1905 scheidet Ro\u00dfkopf aus der Fabrik wieder aus, Gerz wird Alleineigent\u00fcmer, die Fabrik betrieb auch eine eigene Zinngie\u00dferei und Malerei, ab ca. 1907 \u00fcbernahm das H\u00f6hrer Handelsunternehmen Eckhardt &#038; Engler den Vertrieb der Fabrikate, dieses Handelsunternehmen \u00fcbernahm 1914 eine Eulerei und produzierte nun auch selbst Steinzeug, 1918 \u00fcbernahmen Eckhardt &#038; Engler einige Formen der Fabrik von Ro\u00dfkopf &#038; Gerz, markte diese aber mit der eigenen Marke, Gerz verstarb 1913 und seine Witwe Barbara Gerz \u00fcbernahm die Fabrik, auf Grund wirtschaftlicher Schwierigkeiten w\u00e4hrend der Kriegsjahre des WK I \u00fcbernahm 1917 der L\u00fcbecker Kaufmann Rudolf Reeder die Fabrik, allerdings wurde nach dem Krieg wohl nicht weiter produziert, 1922\/1923 \u00fcbernahm Eckardt &#038; Engler alle Formen der Fabrik, die amtliche L\u00f6schung der Fabrik erfolgte aber erst 1930, <strong>der 0,6 cm hohe und 1,2 cm breite 0,5 Liter \u00fcber Eichstrich Stempel, dient dem MEK als Identifizierungsstempel f\u00fcr nicht mit einer Firmenmarke versehene Fabrikate von Rosskopf &#038; Gerz<\/strong>, Ausf\u00fchrung als Feinsteinzeug, Zinndeckel wohl K\u00fcnstlerentwurf im reinsten Jugendstil, H\u00f6he 14,3 cm, Breite 13 cm (nur die Keramik)<\/p>\n<p><a href=\"http:\/\/museumek.eu\/?attachment_id=44437\" rel=\"attachment wp-att-44437\"><img loading=\"lazy\" src=\"http:\/\/museumek.eu\/wp-content\/uploads\/2015\/08\/4280-162x300.jpg\" alt=\"\" title=\"4280\" width=\"162\" height=\"300\" class=\"alignnone size-medium wp-image-44437\" srcset=\"http:\/\/museumek.eu\/wp-content\/uploads\/2015\/08\/4280-162x300.jpg 162w, http:\/\/museumek.eu\/wp-content\/uploads\/2015\/08\/4280-81x150.jpg 81w, http:\/\/museumek.eu\/wp-content\/uploads\/2015\/08\/4280.jpg 432w\" sizes=\"(max-width: 162px) 100vw, 162px\" \/><\/a><\/p>\n<p><a href=\"http:\/\/museumek.eu\/?attachment_id=44438\" rel=\"attachment wp-att-44438\"><img loading=\"lazy\" src=\"http:\/\/museumek.eu\/wp-content\/uploads\/2015\/08\/4281-215x300.jpg\" alt=\"\" title=\"4281\" width=\"215\" height=\"300\" class=\"alignnone size-medium wp-image-44438\" srcset=\"http:\/\/museumek.eu\/wp-content\/uploads\/2015\/08\/4281-215x300.jpg 215w, http:\/\/museumek.eu\/wp-content\/uploads\/2015\/08\/4281-107x150.jpg 107w, http:\/\/museumek.eu\/wp-content\/uploads\/2015\/08\/4281.jpg 575w\" sizes=\"(max-width: 215px) 100vw, 215px\" \/><\/a><\/p>\n<p><a href=\"http:\/\/museumek.eu\/?attachment_id=44439\" rel=\"attachment wp-att-44439\"><img loading=\"lazy\" src=\"http:\/\/museumek.eu\/wp-content\/uploads\/2015\/08\/4282-211x300.jpg\" alt=\"\" title=\"4282\" width=\"211\" height=\"300\" class=\"alignnone size-medium wp-image-44439\" srcset=\"http:\/\/museumek.eu\/wp-content\/uploads\/2015\/08\/4282-211x300.jpg 211w, http:\/\/museumek.eu\/wp-content\/uploads\/2015\/08\/4282-105x150.jpg 105w, http:\/\/museumek.eu\/wp-content\/uploads\/2015\/08\/4282.jpg 564w\" sizes=\"(max-width: 211px) 100vw, 211px\" \/><\/a><\/p>\n<p><a href=\"http:\/\/museumek.eu\/?attachment_id=44440\" rel=\"attachment wp-att-44440\"><img loading=\"lazy\" src=\"http:\/\/museumek.eu\/wp-content\/uploads\/2015\/08\/4283-150x300.jpg\" alt=\"\" title=\"4283\" width=\"150\" height=\"300\" class=\"alignnone size-medium wp-image-44440\" srcset=\"http:\/\/museumek.eu\/wp-content\/uploads\/2015\/08\/4283-150x300.jpg 150w, http:\/\/museumek.eu\/wp-content\/uploads\/2015\/08\/4283-75x150.jpg 75w, http:\/\/museumek.eu\/wp-content\/uploads\/2015\/08\/4283.jpg 402w\" sizes=\"(max-width: 150px) 100vw, 150px\" \/><\/a><\/p>\n<p><a href=\"http:\/\/museumek.eu\/?attachment_id=44442\" rel=\"attachment wp-att-44442\"><img loading=\"lazy\" src=\"http:\/\/museumek.eu\/wp-content\/uploads\/2015\/08\/4284-300x216.jpg\" alt=\"\" title=\"4284\" width=\"300\" height=\"216\" class=\"alignnone size-medium wp-image-44442\" srcset=\"http:\/\/museumek.eu\/wp-content\/uploads\/2015\/08\/4284-300x216.jpg 300w, http:\/\/museumek.eu\/wp-content\/uploads\/2015\/08\/4284-150x108.jpg 150w, http:\/\/museumek.eu\/wp-content\/uploads\/2015\/08\/4284.jpg 317w\" sizes=\"(max-width: 300px) 100vw, 300px\" \/><\/a><\/p>\n<p><a href=\"http:\/\/museumek.eu\/?attachment_id=44441\" rel=\"attachment wp-att-44441\"><img loading=\"lazy\" src=\"http:\/\/museumek.eu\/wp-content\/uploads\/2015\/08\/4285-300x291.jpg\" alt=\"\" title=\"4285\" width=\"300\" height=\"291\" class=\"alignnone size-medium wp-image-44441\" srcset=\"http:\/\/museumek.eu\/wp-content\/uploads\/2015\/08\/4285-300x291.jpg 300w, http:\/\/museumek.eu\/wp-content\/uploads\/2015\/08\/4285-150x145.jpg 150w, http:\/\/museumek.eu\/wp-content\/uploads\/2015\/08\/4285-308x300.jpg 308w, http:\/\/museumek.eu\/wp-content\/uploads\/2015\/08\/4285.jpg 617w\" sizes=\"(max-width: 300px) 100vw, 300px\" \/><\/a><\/p>\n<p><a href=\"http:\/\/museumek.eu\/?attachment_id=44443\" rel=\"attachment wp-att-44443\"><img loading=\"lazy\" src=\"http:\/\/museumek.eu\/wp-content\/uploads\/2015\/08\/4286-208x300.jpg\" alt=\"\" title=\"4286\" width=\"208\" height=\"300\" class=\"alignnone size-medium wp-image-44443\" srcset=\"http:\/\/museumek.eu\/wp-content\/uploads\/2015\/08\/4286-208x300.jpg 208w, http:\/\/museumek.eu\/wp-content\/uploads\/2015\/08\/4286-104x150.jpg 104w, http:\/\/museumek.eu\/wp-content\/uploads\/2015\/08\/4286.jpg 557w\" sizes=\"(max-width: 208px) 100vw, 208px\" \/><\/a><\/p>\n","protected":false},"excerpt":{"rendered":"<p>Abteilung Deutschland, Keramik 1860 \u2013 1960, Inventarnummer D\/LII\/5 Rosskopf &#038; Gerz Fabrik fein verzierter Steinzeugwaren, Deutschland, H\u00f6hr, um 1906, Seidel, K\u00fcnstler unbekannt, Werks.-Nr. 736, Exemplar Nr. ohne, gemarkt keine Firmenmarke aber GES. darunter GESCH\u00dcTZT, 736 einmal am Boden und einmal &hellip; <a href=\"http:\/\/museumek.eu\/?page_id=44436\">Weiterlesen <span class=\"meta-nav\">&rarr;<\/span><\/a><\/p>\n","protected":false},"author":1,"featured_media":0,"parent":12425,"menu_order":5,"comment_status":"closed","ping_status":"open","template":"","meta":[],"_links":{"self":[{"href":"http:\/\/museumek.eu\/index.php?rest_route=\/wp\/v2\/pages\/44436"}],"collection":[{"href":"http:\/\/museumek.eu\/index.php?rest_route=\/wp\/v2\/pages"}],"about":[{"href":"http:\/\/museumek.eu\/index.php?rest_route=\/wp\/v2\/types\/page"}],"author":[{"embeddable":true,"href":"http:\/\/museumek.eu\/index.php?rest_route=\/wp\/v2\/users\/1"}],"replies":[{"embeddable":true,"href":"http:\/\/museumek.eu\/index.php?rest_route=%2Fwp%2Fv2%2Fcomments&post=44436"}],"version-history":[{"count":4,"href":"http:\/\/museumek.eu\/index.php?rest_route=\/wp\/v2\/pages\/44436\/revisions"}],"predecessor-version":[{"id":44447,"href":"http:\/\/museumek.eu\/index.php?rest_route=\/wp\/v2\/pages\/44436\/revisions\/44447"}],"up":[{"embeddable":true,"href":"http:\/\/museumek.eu\/index.php?rest_route=\/wp\/v2\/pages\/12425"}],"wp:attachment":[{"href":"http:\/\/museumek.eu\/index.php?rest_route=%2Fwp%2Fv2%2Fmedia&parent=44436"}],"curies":[{"name":"wp","href":"https:\/\/api.w.org\/{rel}","templated":true}]}}