{"id":45079,"date":"2015-09-13T12:31:53","date_gmt":"2015-09-13T10:31:53","guid":{"rendered":"http:\/\/museumek.eu\/?page_id=45079"},"modified":"2015-09-13T12:31:53","modified_gmt":"2015-09-13T10:31:53","slug":"k-k-priv-porzellanfabrik-fischer-mieg-vormals-k-k-priv-porzellanfabrik-fischer-vormals-k-k-priv-porzellanfabrik-fischer-reichenbach-vormals-porzellanfabrik-fischer-reichenbach-vormal","status":"publish","type":"page","link":"http:\/\/museumek.eu\/?page_id=45079","title":{"rendered":"K.K. priv. Porzellanfabrik Fischer &#038; Mieg, vormals K. K. priv. Porzellanfabrik Fischer, vormals K. K. priv. Porzellanfabrik Fischer &#038; Reichenbach, vormals Porzellanfabrik Fischer &#038; Reichenbach, vormals Steingutfabrik H\u00f6cke &#038; List und Nachfolger \u00d6sterreichische Porzellanindustrie AG (\u00d6PIAG) und Nachfolger Erste B\u00f6hmische Porzellanindustrie AG (EPIAG)"},"content":{"rendered":"","protected":false},"excerpt":{"rendered":"","protected":false},"author":1,"featured_media":0,"parent":29,"menu_order":52,"comment_status":"closed","ping_status":"open","template":"","meta":[],"_links":{"self":[{"href":"http:\/\/museumek.eu\/index.php?rest_route=\/wp\/v2\/pages\/45079"}],"collection":[{"href":"http:\/\/museumek.eu\/index.php?rest_route=\/wp\/v2\/pages"}],"about":[{"href":"http:\/\/museumek.eu\/index.php?rest_route=\/wp\/v2\/types\/page"}],"author":[{"embeddable":true,"href":"http:\/\/museumek.eu\/index.php?rest_route=\/wp\/v2\/users\/1"}],"replies":[{"embeddable":true,"href":"http:\/\/museumek.eu\/index.php?rest_route=%2Fwp%2Fv2%2Fcomments&post=45079"}],"version-history":[{"count":2,"href":"http:\/\/museumek.eu\/index.php?rest_route=\/wp\/v2\/pages\/45079\/revisions"}],"predecessor-version":[{"id":45081,"href":"http:\/\/museumek.eu\/index.php?rest_route=\/wp\/v2\/pages\/45079\/revisions\/45081"}],"up":[{"embeddable":true,"href":"http:\/\/museumek.eu\/index.php?rest_route=\/wp\/v2\/pages\/29"}],"wp:attachment":[{"href":"http:\/\/museumek.eu\/index.php?rest_route=%2Fwp%2Fv2%2Fmedia&parent=45079"}],"curies":[{"name":"wp","href":"https:\/\/api.w.org\/{rel}","templated":true}]}}