{"id":45209,"date":"2015-09-13T21:11:00","date_gmt":"2015-09-13T19:11:00","guid":{"rendered":"http:\/\/museumek.eu\/?page_id=45209"},"modified":"2015-09-13T21:11:00","modified_gmt":"2015-09-13T19:11:00","slug":"dcxlvii1","status":"publish","type":"page","link":"http:\/\/museumek.eu\/?page_id=45209","title":{"rendered":"D\/CXLVII\/1"},"content":{"rendered":"<p><strong>Abteilung Deutschland, Keramik 1860 \u2013 1960, Inventarnummer D\/CXLVII\/1<\/strong><\/p>\n<p>Porzellanfabrik Friedrich K\u00e4stner und Nachfolger Porzellanfabrik Friedrich K\u00e4stner GmbH, Deutschland, Oberhohndorf\/Zwickau, um 1905, Suppenteller, K\u00fcnstler unbekannt, Werks.-Nr. ohne, Exemplar Nr. ohne, gemarkt Firmenmarke zwei gekreuzte Bergmannh\u00e4mmer (Schl\u00e4gel und Eisen), daneben mittig links F (f\u00fcr Friedrich), daneben mittig rechts K (f\u00fcr K\u00e4stner), darunter O (f\u00fcr Oberhohndorf), darunter Querstrich, darunter Z (f\u00fcr Zwickau) dunkelgr\u00fcner Stempel unter Glasur (g\u00fcltig f\u00fcr die Zeit von 1883 bis 1932), 4855 gr\u00fcn auf Glasur gemalt, 23 gepresst, nicht signiert, Literatur: Gustav Wei\u00df, Ullstein Porzellanbuch, Seite 320, Marke Nr. 4 identisch, weitere Literatur: Emanuel Poche, Porzellan-Marken aus aller Welt, Marke Nr. 1731 identisch, weitere Literatur: Otto Pelka, Keramik der Neuzeit, Markentafel VI, Marke Nr. 105 identisch (dort O, darunter Querstrich, darunter Z nicht detailliert erfasst, sondern nur als schwarzer, senkrechter Balken abgebildet), weitere Literatur: J. G. Th. Graesse und E. Jaennicke, F\u00fchrer f\u00fcr Sammler von Porzellan und Fayence, Steinzeug, Steingut usw., Seite 497, Marke Nr. 1 identisch, weitere Literatur: Robert E. R\u00f6ntgen, Deutsche Porzellanmarken von 1710 bis heute (Ausgabe Jahr 2000), Seite 265, Marke Nr. 2053 identisch (dort angegeben f\u00fcr die Zeit von 1984 bis 1932), 1882 gr\u00fcndete Florian K\u00e4stner, Besitzer mehrerer Steinkohlebergwerke um Zwickau, f\u00fcr seinen Sohn Friedrich K\u00e4stner (geb. 1855, gest. 1924) in Oberhohndorf bei Zwickau eine Porzellanfabrik, Firmierung Porzellanfabrik Friedrich K\u00e4stner, 1883\/1884 begann die Produktion, ab 1905 auch Jugendstildekore und Unterglasurmalerei nach Kopenhagener Vorbild, 1919 wurde die Fabrik GmbH, Firmierung Porzellanfabrik Friedrich K\u00e4stner GmbH, im gleichen Jahr gr\u00fcndete K\u00e4stner zusammen mit der Fraureuther Porzellanfabrik, der Zwickauer Porzellanfabrik und der Porzellanmalerei Karl Steubler die Kunstgewerbliche Fachschule f\u00fcr Porzellan in Zwickau, ab 1920 arbeitete die Fabrik mit dem Bunzlauer Formengestalter Prof. Artur Henning zusammen, anscheinend blieb die Fabrik nach Friedrich K\u00e4stners Tod bis 1945 in Familienbesitz, nach 1945 wurde die Fabrik verstaatlicht und unter Hennings Leitung weitergef\u00fchrt, der Suppenteller aus der Zeit um 1905, stammt aus dem Inventar des Gasthauses \u201eWaldhaus zum Herzog Carl Eduard\u201c, in Zella-Mehlis, Am Kupferberg, Durchmesser 23 cm<\/p>\n<p><a href=\"http:\/\/museumek.eu\/?attachment_id=45210\" rel=\"attachment wp-att-45210\"><img loading=\"lazy\" src=\"http:\/\/museumek.eu\/wp-content\/uploads\/2015\/09\/3820-288x300.jpg\" alt=\"\" title=\"3820\" width=\"288\" height=\"300\" class=\"alignnone size-medium wp-image-45210\" srcset=\"http:\/\/museumek.eu\/wp-content\/uploads\/2015\/09\/3820-288x300.jpg 288w, http:\/\/museumek.eu\/wp-content\/uploads\/2015\/09\/3820-144x150.jpg 144w, http:\/\/museumek.eu\/wp-content\/uploads\/2015\/09\/3820.jpg 600w\" sizes=\"(max-width: 288px) 100vw, 288px\" \/><\/a><\/p>\n<p><a href=\"http:\/\/museumek.eu\/?attachment_id=45211\" rel=\"attachment wp-att-45211\"><img loading=\"lazy\" src=\"http:\/\/museumek.eu\/wp-content\/uploads\/2015\/09\/3821-300x100.jpg\" alt=\"\" title=\"3821\" width=\"300\" height=\"100\" class=\"alignnone size-medium wp-image-45211\" srcset=\"http:\/\/museumek.eu\/wp-content\/uploads\/2015\/09\/3821-300x100.jpg 300w, http:\/\/museumek.eu\/wp-content\/uploads\/2015\/09\/3821-150x50.jpg 150w, http:\/\/museumek.eu\/wp-content\/uploads\/2015\/09\/3821-500x167.jpg 500w, http:\/\/museumek.eu\/wp-content\/uploads\/2015\/09\/3821.jpg 800w\" sizes=\"(max-width: 300px) 100vw, 300px\" \/><\/a><\/p>\n<p><a href=\"http:\/\/museumek.eu\/?attachment_id=45212\" rel=\"attachment wp-att-45212\"><img loading=\"lazy\" src=\"http:\/\/museumek.eu\/wp-content\/uploads\/2015\/09\/3822-300x288.jpg\" alt=\"\" title=\"3822\" width=\"300\" height=\"288\" class=\"alignnone size-medium wp-image-45212\" srcset=\"http:\/\/museumek.eu\/wp-content\/uploads\/2015\/09\/3822-300x288.jpg 300w, http:\/\/museumek.eu\/wp-content\/uploads\/2015\/09\/3822-150x144.jpg 150w, http:\/\/museumek.eu\/wp-content\/uploads\/2015\/09\/3822-312x300.jpg 312w, http:\/\/museumek.eu\/wp-content\/uploads\/2015\/09\/3822.jpg 625w\" sizes=\"(max-width: 300px) 100vw, 300px\" \/><\/a><\/p>\n<p><a href=\"http:\/\/museumek.eu\/?attachment_id=45213\" rel=\"attachment wp-att-45213\"><img loading=\"lazy\" src=\"http:\/\/museumek.eu\/wp-content\/uploads\/2015\/09\/3823-300x204.jpg\" alt=\"\" title=\"3823\" width=\"300\" height=\"204\" class=\"alignnone size-medium wp-image-45213\" srcset=\"http:\/\/museumek.eu\/wp-content\/uploads\/2015\/09\/3823-300x204.jpg 300w, http:\/\/museumek.eu\/wp-content\/uploads\/2015\/09\/3823-150x102.jpg 150w, http:\/\/museumek.eu\/wp-content\/uploads\/2015\/09\/3823-439x300.jpg 439w, http:\/\/museumek.eu\/wp-content\/uploads\/2015\/09\/3823.jpg 800w\" sizes=\"(max-width: 300px) 100vw, 300px\" \/><\/a><\/p>\n<p><a href=\"http:\/\/museumek.eu\/?attachment_id=45214\" rel=\"attachment wp-att-45214\"><img loading=\"lazy\" src=\"http:\/\/museumek.eu\/wp-content\/uploads\/2015\/09\/3824-300x262.jpg\" alt=\"\" title=\"3824\" width=\"300\" height=\"262\" class=\"alignnone size-medium wp-image-45214\" srcset=\"http:\/\/museumek.eu\/wp-content\/uploads\/2015\/09\/3824-300x262.jpg 300w, http:\/\/museumek.eu\/wp-content\/uploads\/2015\/09\/3824-150x131.jpg 150w, http:\/\/museumek.eu\/wp-content\/uploads\/2015\/09\/3824-343x300.jpg 343w, http:\/\/museumek.eu\/wp-content\/uploads\/2015\/09\/3824.jpg 687w\" sizes=\"(max-width: 300px) 100vw, 300px\" \/><\/a><\/p>\n<p><a href=\"http:\/\/museumek.eu\/?attachment_id=45215\" rel=\"attachment wp-att-45215\"><img loading=\"lazy\" src=\"http:\/\/museumek.eu\/wp-content\/uploads\/2015\/09\/3825-300x220.jpg\" alt=\"\" title=\"3825\" width=\"300\" height=\"220\" class=\"alignnone size-medium wp-image-45215\" srcset=\"http:\/\/museumek.eu\/wp-content\/uploads\/2015\/09\/3825-300x220.jpg 300w, http:\/\/museumek.eu\/wp-content\/uploads\/2015\/09\/3825-150x110.jpg 150w, http:\/\/museumek.eu\/wp-content\/uploads\/2015\/09\/3825-408x300.jpg 408w, http:\/\/museumek.eu\/wp-content\/uploads\/2015\/09\/3825.jpg 637w\" sizes=\"(max-width: 300px) 100vw, 300px\" \/><\/a><\/p>\n","protected":false},"excerpt":{"rendered":"<p>Abteilung Deutschland, Keramik 1860 \u2013 1960, Inventarnummer D\/CXLVII\/1 Porzellanfabrik Friedrich K\u00e4stner und Nachfolger Porzellanfabrik Friedrich K\u00e4stner GmbH, Deutschland, Oberhohndorf\/Zwickau, um 1905, Suppenteller, K\u00fcnstler unbekannt, Werks.-Nr. ohne, Exemplar Nr. ohne, gemarkt Firmenmarke zwei gekreuzte Bergmannh\u00e4mmer (Schl\u00e4gel und Eisen), daneben mittig links &hellip; <a href=\"http:\/\/museumek.eu\/?page_id=45209\">Weiterlesen <span class=\"meta-nav\">&rarr;<\/span><\/a><\/p>\n","protected":false},"author":1,"featured_media":0,"parent":45157,"menu_order":1,"comment_status":"closed","ping_status":"open","template":"","meta":[],"_links":{"self":[{"href":"http:\/\/museumek.eu\/index.php?rest_route=\/wp\/v2\/pages\/45209"}],"collection":[{"href":"http:\/\/museumek.eu\/index.php?rest_route=\/wp\/v2\/pages"}],"about":[{"href":"http:\/\/museumek.eu\/index.php?rest_route=\/wp\/v2\/types\/page"}],"author":[{"embeddable":true,"href":"http:\/\/museumek.eu\/index.php?rest_route=\/wp\/v2\/users\/1"}],"replies":[{"embeddable":true,"href":"http:\/\/museumek.eu\/index.php?rest_route=%2Fwp%2Fv2%2Fcomments&post=45209"}],"version-history":[{"count":4,"href":"http:\/\/museumek.eu\/index.php?rest_route=\/wp\/v2\/pages\/45209\/revisions"}],"predecessor-version":[{"id":45219,"href":"http:\/\/museumek.eu\/index.php?rest_route=\/wp\/v2\/pages\/45209\/revisions\/45219"}],"up":[{"embeddable":true,"href":"http:\/\/museumek.eu\/index.php?rest_route=\/wp\/v2\/pages\/45157"}],"wp:attachment":[{"href":"http:\/\/museumek.eu\/index.php?rest_route=%2Fwp%2Fv2%2Fmedia&parent=45209"}],"curies":[{"name":"wp","href":"https:\/\/api.w.org\/{rel}","templated":true}]}}