{"id":45446,"date":"2020-04-01T21:35:38","date_gmt":"2020-04-01T19:35:38","guid":{"rendered":"http:\/\/museumek.eu\/?page_id=45446"},"modified":"2020-04-01T21:35:38","modified_gmt":"2020-04-01T19:35:38","slug":"kurzbiografie-und-inventar-zum-kunstler","status":"publish","type":"page","link":"http:\/\/museumek.eu\/?page_id=45446","title":{"rendered":"Kurzbiografie und Inventar zum K\u00fcnstler"},"content":{"rendered":"<p>Jaray Sandor wurde am 11.11.1870 in Temesvar\/Ungarn geboren. Das Sterbedatum ist nicht bekannt. Er studierte an der Wiener Akademie die Bildhauerei. Er war auch als Schauspieler t\u00e4tig. 1899 erhielt er ein Stipendium, ging nach Rom und widmete sich fortan nur noch der Bildhauerei. Weiterhin lebte er dann in Berlin und Wien. In Wien betrieb er ein eigenes Atelier. F\u00fcr die Stadt Wien schuf er 1911 das Bronzedenkmal Josef Kainz.<\/p>\n<p><strong>Abteilung Austria\/Ungarn\/B\u00f6hmen, Keramik 1860 &#8211; 1960, Inventarnummer A\/I\/148<\/strong><\/p>\n<p>Manufaktur Friedrich Goldscheider, Austria, Wien, um 1901\/02, Gruppe Adam und Eva, K\u00fcnstler Sandor Jaray, Werks.-Nr. 2306\/Exemplar Nr. 116\/Modelleur Nr. 3, gemarkt Friedrich Goldscheider Wien Sculpturemarke aufgelegt, verwendet zwischen 1900 \u2013 1920 sowie REPRODUCTION R\u00c9SERV\u00c9E gepresst, 2306, 116, 3 gepresst, 606 geritzt, Zusatzzeichen gepresst, Jaray geritzt, signiert Jaray, Literatur: Robert E. Dechant\/Filipp Goldscheider, Goldscheider Firmengeschichte und Werkverzeichnis, Seite 355, dort ohne Foto erfasst, Seite 604, Firmenmarke GS 13 (f\u00fcr die Zeit 1900 \u2013 1920), Seite 606, Zusatz GS Z 11 (f\u00fcr die Zeit 1885 &#8211; 1922) identisch sowie Seite 606, Zeichen GS Z 2 (f\u00fcr die Zeit 1885 \u2013 1922) identisch, die Urspr\u00fcnge der Firma gehen zur\u00fcck auf das Pilsener Handelsunternehmen Moritz Goldscheider der 1860\u2018 Jahre, nach dem Tode von Moritz Goldscheider werden die Br\u00fcder Eduard und Friedrich Goldscheider Eigent\u00fcmer und firmieren ab 1877 als M. Goldscheider\u2019s Erben, Thon-und Kunststeinmanufactur Werk Moldau und ab 1878 als Br\u00fcder Goldscheider, im Jahre 1878 wandert Friedrich Goldscheider nach Wien aus und Eduard f\u00fchrt die Firma in Pilsen bis zum Konkurs 1892 allein weiter, Friedrich Goldscheider firmiert in Wien ab 1880 als Goldscheider\u2019sche Porzellan-Manufaktur und Porzellanmalerei, neben Handelsgesch\u00e4ften betreibt die Firma vorwiegend die Porzellanmalerei, das Porzellan wird von b\u00f6hmischen Manufakturen bezogen und teilweise auch in B\u00f6hmen bemalt, ab 1885 \u00e4ndert sich die Firmierung in Goldscheider\u2019sche Porzellan-Manufaktur und Majolicafabrik, das Jahr 1885 gilt als das offizielle Gr\u00fcndungsjahr, ab 1887 bezeichnet Friedrich Goldscheider seine Fabrik als Erste Wiener Terracotta- und Majolika-Fabrik Friedrich Goldscheider oder als Erste Wiener Kunst-Terracotta-Fabrik und kunstgewerbliche Ateliers Friedrich Goldscheider und offiziell ab 1894 als Friedrich Goldscheider Erste Wiener Terrakottafabrik, Friedrich Goldscheider stirbt im Jahre 1897, seine Ehefrau Regine Goldscheider wird Alleineigent\u00fcmer und firmiert ab 1899 als Friedrich Goldscheider in Wien, Berlin und Leipzig, ab 1907 firmiert die Firma als Erste Wiener Terrakottafabrik und Atelier f\u00fcr k\u00fcnstlerische Fayencen Friedrich Goldscheider, im Jahre 1918 stirbt Regine und die S\u00f6hne Walter und Marcell Goldscheider werden Inhaber, ab 1921 \u00e4ndert sich die Firmierung in Wiener Manufaktur Friedrich Goldscheider, 1928 scheidet Marcell Goldscheider aus und gr\u00fcndet seine eigene Firma in Wien, 1939 wird die Firma arisiert und Josef Schuster wird Inhaber, Firmierung ab 1939, Wiener Manufaktur Friedrich Goldscheider Nachf., Inhaber Josef Schuster, ab 1941 lautet die Firmierung Wiener Manufaktur Josef Schuster, vorm. Friedrich Goldscheider, nach dem WK II erh\u00e4lt Friedrich Goldscheider seine Firma zur\u00fcck und firmiert ab 1950 wieder als Wiener Manufaktur Friedrich Goldscheider, in dieser Zeit verkauft er die Firma an die Majolikafabrik Carstens, in Fredelsloh, die in Fredelsloh Wiederauflagen alter Modelle in minderwertigem braunem Ton aber auch neue Modelle ebenfalls in dieser Tonart produziert, ab 1953 firmiert die Firma als Kunstkeramische Manufaktur Goldscheider GmbH und 1960 wird die Produktion in Fredelsloh eingestellt, <strong>das MEK Exemplar dieser B\u00fcste ist eines der Wenigen, erhalten gebliebene Exemplare, nach den Ausf\u00fchrungen von Dechant\/Goldscheider, gibt es 3 weitere Exemplare<\/strong>, H\u00f6he 33 cm, Breite 23 cm<\/p>\n<p><a href=\"http:\/\/museumek.eu\/?attachment_id=45413\" rel=\"attachment wp-att-45413\"><img loading=\"lazy\" src=\"http:\/\/museumek.eu\/wp-content\/uploads\/2013\/02\/Adam-und-Eva-1-174x300.jpg\" alt=\"\" title=\"Adam und Eva 1\" width=\"174\" height=\"300\" class=\"alignnone size-medium wp-image-45413\" srcset=\"http:\/\/museumek.eu\/wp-content\/uploads\/2013\/02\/Adam-und-Eva-1-174x300.jpg 174w, http:\/\/museumek.eu\/wp-content\/uploads\/2013\/02\/Adam-und-Eva-1-87x150.jpg 87w\" sizes=\"(max-width: 174px) 100vw, 174px\" \/><\/a><\/p>\n<p><a href=\"http:\/\/museumek.eu\/?attachment_id=45414\" rel=\"attachment wp-att-45414\"><img loading=\"lazy\" src=\"http:\/\/museumek.eu\/wp-content\/uploads\/2013\/02\/Adam-und-Eva-3-163x300.jpg\" alt=\"\" title=\"Adam und Eva 3\" width=\"163\" height=\"300\" class=\"alignnone size-medium wp-image-45414\" srcset=\"http:\/\/museumek.eu\/wp-content\/uploads\/2013\/02\/Adam-und-Eva-3-163x300.jpg 163w, http:\/\/museumek.eu\/wp-content\/uploads\/2013\/02\/Adam-und-Eva-3-81x150.jpg 81w, http:\/\/museumek.eu\/wp-content\/uploads\/2013\/02\/Adam-und-Eva-3.jpg 362w\" sizes=\"(max-width: 163px) 100vw, 163px\" \/><\/a><\/p>\n<p><a href=\"http:\/\/museumek.eu\/?attachment_id=45415\" rel=\"attachment wp-att-45415\"><img loading=\"lazy\" src=\"http:\/\/museumek.eu\/wp-content\/uploads\/2013\/02\/Adam-und-Eva-4-180x300.jpg\" alt=\"\" title=\"Adam und Eva 4\" width=\"180\" height=\"300\" class=\"alignnone size-medium wp-image-45415\" srcset=\"http:\/\/museumek.eu\/wp-content\/uploads\/2013\/02\/Adam-und-Eva-4-180x300.jpg 180w, http:\/\/museumek.eu\/wp-content\/uploads\/2013\/02\/Adam-und-Eva-4-90x150.jpg 90w\" sizes=\"(max-width: 180px) 100vw, 180px\" \/><\/a><\/p>\n<p><a href=\"http:\/\/museumek.eu\/?attachment_id=45416\" rel=\"attachment wp-att-45416\"><img loading=\"lazy\" src=\"http:\/\/museumek.eu\/wp-content\/uploads\/2013\/02\/Adam-und-Eva-5-155x300.jpg\" alt=\"\" title=\"Adam und Eva 5\" width=\"155\" height=\"300\" class=\"alignnone size-medium wp-image-45416\" srcset=\"http:\/\/museumek.eu\/wp-content\/uploads\/2013\/02\/Adam-und-Eva-5-155x300.jpg 155w, http:\/\/museumek.eu\/wp-content\/uploads\/2013\/02\/Adam-und-Eva-5-77x150.jpg 77w\" sizes=\"(max-width: 155px) 100vw, 155px\" \/><\/a><\/p>\n<p><a href=\"http:\/\/museumek.eu\/?attachment_id=45417\" rel=\"attachment wp-att-45417\"><img loading=\"lazy\" src=\"http:\/\/museumek.eu\/wp-content\/uploads\/2013\/02\/Adam-und-Eva-2-168x300.jpg\" alt=\"\" title=\"Adam und Eva 2\" width=\"168\" height=\"300\" class=\"alignnone size-medium wp-image-45417\" srcset=\"http:\/\/museumek.eu\/wp-content\/uploads\/2013\/02\/Adam-und-Eva-2-168x300.jpg 168w, http:\/\/museumek.eu\/wp-content\/uploads\/2013\/02\/Adam-und-Eva-2-84x150.jpg 84w, http:\/\/museumek.eu\/wp-content\/uploads\/2013\/02\/Adam-und-Eva-2.jpg 385w\" sizes=\"(max-width: 168px) 100vw, 168px\" \/><\/a><\/p>\n<p><a href=\"http:\/\/museumek.eu\/?attachment_id=45420\" rel=\"attachment wp-att-45420\"><img loading=\"lazy\" src=\"http:\/\/museumek.eu\/wp-content\/uploads\/2013\/02\/Adam-und-Eva-6-283x300.jpg\" alt=\"\" title=\"Adam und Eva 6\" width=\"283\" height=\"300\" class=\"alignnone size-medium wp-image-45420\" srcset=\"http:\/\/museumek.eu\/wp-content\/uploads\/2013\/02\/Adam-und-Eva-6-283x300.jpg 283w, http:\/\/museumek.eu\/wp-content\/uploads\/2013\/02\/Adam-und-Eva-6-141x150.jpg 141w, http:\/\/museumek.eu\/wp-content\/uploads\/2013\/02\/Adam-und-Eva-6.jpg 620w\" sizes=\"(max-width: 283px) 100vw, 283px\" \/><\/a><\/p>\n<p><a href=\"http:\/\/museumek.eu\/?attachment_id=45421\" rel=\"attachment wp-att-45421\"><img loading=\"lazy\" src=\"http:\/\/museumek.eu\/wp-content\/uploads\/2013\/02\/Adam-und-Eva-11-300x295.jpg\" alt=\"\" title=\"Adam und Eva 11\" width=\"300\" height=\"295\" class=\"alignnone size-medium wp-image-45421\" srcset=\"http:\/\/museumek.eu\/wp-content\/uploads\/2013\/02\/Adam-und-Eva-11-300x295.jpg 300w, http:\/\/museumek.eu\/wp-content\/uploads\/2013\/02\/Adam-und-Eva-11-150x147.jpg 150w, http:\/\/museumek.eu\/wp-content\/uploads\/2013\/02\/Adam-und-Eva-11-304x300.jpg 304w, http:\/\/museumek.eu\/wp-content\/uploads\/2013\/02\/Adam-und-Eva-11.jpg 672w\" sizes=\"(max-width: 300px) 100vw, 300px\" \/><\/a><\/p>\n<p><a href=\"http:\/\/museumek.eu\/?attachment_id=45422\" rel=\"attachment wp-att-45422\"><img loading=\"lazy\" src=\"http:\/\/museumek.eu\/wp-content\/uploads\/2013\/02\/Adam-und-Eva-7-300x178.jpg\" alt=\"\" title=\"Adam und Eva 7\" width=\"300\" height=\"178\" class=\"alignnone size-medium wp-image-45422\" srcset=\"http:\/\/museumek.eu\/wp-content\/uploads\/2013\/02\/Adam-und-Eva-7-300x178.jpg 300w, http:\/\/museumek.eu\/wp-content\/uploads\/2013\/02\/Adam-und-Eva-7-150x89.jpg 150w, http:\/\/museumek.eu\/wp-content\/uploads\/2013\/02\/Adam-und-Eva-7-1024x610.jpg 1024w, http:\/\/museumek.eu\/wp-content\/uploads\/2013\/02\/Adam-und-Eva-7-500x298.jpg 500w, http:\/\/museumek.eu\/wp-content\/uploads\/2013\/02\/Adam-und-Eva-7.jpg 1076w\" sizes=\"(max-width: 300px) 100vw, 300px\" \/><\/a><\/p>\n<p><a href=\"http:\/\/museumek.eu\/?attachment_id=45423\" rel=\"attachment wp-att-45423\"><img loading=\"lazy\" src=\"http:\/\/museumek.eu\/wp-content\/uploads\/2013\/02\/Adam-und-Eva-13-169x300.jpg\" alt=\"\" title=\"Adam und Eva 13\" width=\"169\" height=\"300\" class=\"alignnone size-medium wp-image-45423\" srcset=\"http:\/\/museumek.eu\/wp-content\/uploads\/2013\/02\/Adam-und-Eva-13-169x300.jpg 169w, http:\/\/museumek.eu\/wp-content\/uploads\/2013\/02\/Adam-und-Eva-13-84x150.jpg 84w, http:\/\/museumek.eu\/wp-content\/uploads\/2013\/02\/Adam-und-Eva-13.jpg 386w\" sizes=\"(max-width: 169px) 100vw, 169px\" \/><\/a><\/p>\n<p><a href=\"http:\/\/museumek.eu\/?attachment_id=45424\" rel=\"attachment wp-att-45424\"><img loading=\"lazy\" src=\"http:\/\/museumek.eu\/wp-content\/uploads\/2013\/02\/Adam-und-Eva-8-300x209.jpg\" alt=\"\" title=\"Adam und Eva 8\" width=\"300\" height=\"209\" class=\"alignnone size-medium wp-image-45424\" srcset=\"http:\/\/museumek.eu\/wp-content\/uploads\/2013\/02\/Adam-und-Eva-8-300x209.jpg 300w, http:\/\/museumek.eu\/wp-content\/uploads\/2013\/02\/Adam-und-Eva-8-150x104.jpg 150w, http:\/\/museumek.eu\/wp-content\/uploads\/2013\/02\/Adam-und-Eva-8-430x300.jpg 430w, http:\/\/museumek.eu\/wp-content\/uploads\/2013\/02\/Adam-und-Eva-8.jpg 767w\" sizes=\"(max-width: 300px) 100vw, 300px\" \/><\/a><\/p>\n<p><a href=\"http:\/\/museumek.eu\/?attachment_id=45425\" rel=\"attachment wp-att-45425\"><img loading=\"lazy\" src=\"http:\/\/museumek.eu\/wp-content\/uploads\/2013\/02\/Adam-und-Eva-12-218x300.jpg\" alt=\"\" title=\"Adam und Eva 12\" width=\"218\" height=\"300\" class=\"alignnone size-medium wp-image-45425\" srcset=\"http:\/\/museumek.eu\/wp-content\/uploads\/2013\/02\/Adam-und-Eva-12-218x300.jpg 218w, http:\/\/museumek.eu\/wp-content\/uploads\/2013\/02\/Adam-und-Eva-12-109x150.jpg 109w, http:\/\/museumek.eu\/wp-content\/uploads\/2013\/02\/Adam-und-Eva-12.jpg 379w\" sizes=\"(max-width: 218px) 100vw, 218px\" \/><\/a><\/p>\n<p><a href=\"http:\/\/museumek.eu\/?attachment_id=45428\" rel=\"attachment wp-att-45428\"><img loading=\"lazy\" src=\"http:\/\/museumek.eu\/wp-content\/uploads\/2013\/02\/Adam-und-Eva-9-226x300.jpg\" alt=\"\" title=\"Adam und Eva 9\" width=\"226\" height=\"300\" class=\"alignnone size-medium wp-image-45428\" srcset=\"http:\/\/museumek.eu\/wp-content\/uploads\/2013\/02\/Adam-und-Eva-9-226x300.jpg 226w, http:\/\/museumek.eu\/wp-content\/uploads\/2013\/02\/Adam-und-Eva-9-113x150.jpg 113w, http:\/\/museumek.eu\/wp-content\/uploads\/2013\/02\/Adam-und-Eva-9.jpg 415w\" sizes=\"(max-width: 226px) 100vw, 226px\" \/><\/a><\/p>\n<p><a href=\"http:\/\/museumek.eu\/?attachment_id=45429\" rel=\"attachment wp-att-45429\"><img loading=\"lazy\" src=\"http:\/\/museumek.eu\/wp-content\/uploads\/2013\/02\/Adam-und-Eva-14-300x152.jpg\" alt=\"\" title=\"Adam und Eva 14\" width=\"300\" height=\"152\" class=\"alignnone size-medium wp-image-45429\" srcset=\"http:\/\/museumek.eu\/wp-content\/uploads\/2013\/02\/Adam-und-Eva-14-300x152.jpg 300w, http:\/\/museumek.eu\/wp-content\/uploads\/2013\/02\/Adam-und-Eva-14-150x76.jpg 150w, http:\/\/museumek.eu\/wp-content\/uploads\/2013\/02\/Adam-und-Eva-14.jpg 383w\" sizes=\"(max-width: 300px) 100vw, 300px\" \/><\/a><\/p>\n<p><a href=\"http:\/\/museumek.eu\/?attachment_id=45435\" rel=\"attachment wp-att-45435\"><img loading=\"lazy\" src=\"http:\/\/museumek.eu\/wp-content\/uploads\/2013\/02\/Adam-und-Eva-101-300x259.jpg\" alt=\"\" title=\"Adam und Eva 10\" width=\"300\" height=\"259\" class=\"alignnone size-medium wp-image-45435\" srcset=\"http:\/\/museumek.eu\/wp-content\/uploads\/2013\/02\/Adam-und-Eva-101-300x259.jpg 300w, http:\/\/museumek.eu\/wp-content\/uploads\/2013\/02\/Adam-und-Eva-101-150x129.jpg 150w, http:\/\/museumek.eu\/wp-content\/uploads\/2013\/02\/Adam-und-Eva-101-346x300.jpg 346w, http:\/\/museumek.eu\/wp-content\/uploads\/2013\/02\/Adam-und-Eva-101.jpg 485w\" sizes=\"(max-width: 300px) 100vw, 300px\" \/><\/a><\/p>\n","protected":false},"excerpt":{"rendered":"<p>Jaray Sandor wurde am 11.11.1870 in Temesvar\/Ungarn geboren. Das Sterbedatum ist nicht bekannt. Er studierte an der Wiener Akademie die Bildhauerei. Er war auch als Schauspieler t\u00e4tig. 1899 erhielt er ein Stipendium, ging nach Rom und widmete sich fortan nur &hellip; <a href=\"http:\/\/museumek.eu\/?page_id=45446\">Weiterlesen <span class=\"meta-nav\">&rarr;<\/span><\/a><\/p>\n","protected":false},"author":1,"featured_media":0,"parent":45444,"menu_order":0,"comment_status":"closed","ping_status":"open","template":"","meta":[],"_links":{"self":[{"href":"http:\/\/museumek.eu\/index.php?rest_route=\/wp\/v2\/pages\/45446"}],"collection":[{"href":"http:\/\/museumek.eu\/index.php?rest_route=\/wp\/v2\/pages"}],"about":[{"href":"http:\/\/museumek.eu\/index.php?rest_route=\/wp\/v2\/types\/page"}],"author":[{"embeddable":true,"href":"http:\/\/museumek.eu\/index.php?rest_route=\/wp\/v2\/users\/1"}],"replies":[{"embeddable":true,"href":"http:\/\/museumek.eu\/index.php?rest_route=%2Fwp%2Fv2%2Fcomments&post=45446"}],"version-history":[{"count":2,"href":"http:\/\/museumek.eu\/index.php?rest_route=\/wp\/v2\/pages\/45446\/revisions"}],"predecessor-version":[{"id":45448,"href":"http:\/\/museumek.eu\/index.php?rest_route=\/wp\/v2\/pages\/45446\/revisions\/45448"}],"up":[{"embeddable":true,"href":"http:\/\/museumek.eu\/index.php?rest_route=\/wp\/v2\/pages\/45444"}],"wp:attachment":[{"href":"http:\/\/museumek.eu\/index.php?rest_route=%2Fwp%2Fv2%2Fmedia&parent=45446"}],"curies":[{"name":"wp","href":"https:\/\/api.w.org\/{rel}","templated":true}]}}