{"id":46335,"date":"2020-04-24T22:25:06","date_gmt":"2020-04-24T20:25:06","guid":{"rendered":"http:\/\/museumek.eu\/?page_id=46335"},"modified":"2021-05-16T15:21:41","modified_gmt":"2021-05-16T13:21:41","slug":"ni5","status":"publish","type":"page","link":"http:\/\/museumek.eu\/?page_id=46335","title":{"rendered":"N\/I\/5"},"content":{"rendered":"<p><strong>Abteilung Niederlande, Keramik 1860 \u2013 1960, Inventarnummer N\/I\/5<\/strong><\/p>\n<p>Haagsche Plateelbakkerij Rozenburg, vormals N. V. &#8217;s-Gravenhaag-sche Kunstaardewerkfabriek und Nachf. Haagsche Plateelbakkerij N. V. Rozenburg und Nachf. Koninklijke Porcelein- en Aardewerkfabriek N. V. Rozenburg, Niederlande, Den Haag, nach 1900, Vase, K\u00fcnstler MR (unbekannt), Werks.-Nr. 256 (Auftragsnummer), Exemplar Nr. ohne, gemarkt Firmenmarke mit Krone, Rozenburg, Storch, den Haag, schwarzer Stempel unter Glasur, Fenster schwarz gemalt unter Glasur, MR (K\u00fcnstlersignatur) schwarz unter Glasur gemalt, W6aB geritzt, Literatur: Edgar Pelichet, Jugendstilkeramik, Seite 186 Marke und Jahreszeichenerkl\u00e4rung, weitere Literatur: Gisela Reineking von Bock und Carl-Wolfgang Sch\u00fcmann, Kunstgewerbemuseum der Stadt K\u00f6ln, Sammlung Gertrud und Dr. Karl Funke-Kaiser, Keramik vom Historismus bis zur Gegenwart, Seite 399, Marke Bildtafel 65 identisch, weitere Literatur: Dieter Z\u00fchlsdorff, Markenlexikon Band 1, Porzellan und Keramik Report 1885 &#8211; 1935, Seite 188, Werk-Teil 1., Gruppennummer des Werkteils 2., laufende Nummer innerhalb der Gruppe 1654 identische Marke (dort f\u00fcr die Zeit von 1900 &#8211; 1914) sowie Seiten 487\/488, Werk-Teil 3., laufende Nummer des Werkteils 237, dort Beschreibung der Fabrik sowie Jahreszahlen-Schl\u00fcssel und Erl\u00e4uterung der Bildsymbole, der deutsche ehemaliger Kavallerieoffizier, Freiherr Wolf von Gudenberg, der in Delft bei Joost Thooft &#038; Labouch\u00e8re als Fliesenmaler gearbeitet hatte, beschloss 1883, auf eigene Rechnung\u201a Holl\u00e4ndisches Delft\u2019 herzustellen, ein Steingut, das seit circa Mitte des 17. Jahrhunderts haupts\u00e4chlich in dieser Stadt erzeugt und mit typischer Blau-Wei\u00df Malerei verziert wurde, er errichtete einen Betrieb in Den Haag, Firmierung N. V. &#8217;s-Gravenhaag-sche Kunstaardewerkfabriek, 1885 verlegt er die Fabrik in ein Landhaus in Den Haag, das sich Rozenburg nannte, diesen Namen \u00fcbernahm die Manufaktur, Firmierung Haagsche Plateelbakkerij Rozenburg, die produzierte Fayence war nicht ertragreich, 1885 bis 1889 war A. C. Theodorus Colenbrander k\u00fcnstlerischer Leiter der Fabrik, unter ihm wurde ein neuer Stil entwickelt, mehrfarbige Unterglasurmalerei im fern\u00f6stlichen Stil, Colenbranders Nachfolger wird A. Vosmaer, 1887 wird die Fabrik in eine AG umgewandelt, Firmierung ab da Haagsche Plateelbakkerij N. V. Rozenburg, der wirtschaftliche Erfolg bleibt aus, 1889 Gudenberg scheidet aus der Fabrik aus (inzwischen war er seit 1897 und bis 1902 Inhaber der Steingutfabrik Neum\u00e4rkische Steingutfabrik, vormals Steingutfabrik A. Franke in Vordamm), 1894 wird J. Juriaan Kok (geb. 1861, gest. 1919), k\u00fcnstlerischer Berater der Fabrik und von 1895 bis 1913 Leiter der Fabrik, Kok entwickelte in Zusammenarbeit mit dem Chemiker M. N. Engelen feines, durchsichtiges Porzellan, das sogenannte Eierschalenporzellan, von diesem Porzellan gingen seit 1899 circa 315 Modelle in Serienfertigung, mit diesem Produkt, hatte die Fabrik sehr gro\u00dfen Erfolg auf der Pariser Weltausstellung um im Jahre 1900, von 1898 bis 1914 ist D. de Ruiter Leiter der Malabteilung, seit 1890 wurden die W\u00f6rter &#8222;Rozenburg den Haag&#8220; mit in der Firmenmmarke verwendet, 1892 kam der Storch hinzu, seit der Pariser Weltausstellung 1900, in Anerkennung des gro\u00dfen Erfolgs, geh\u00f6rte die Krone mit zur Bezeichnung, K\u00f6nigin Wilhelmina verlieh der Fabrik den Namen K\u00f6nigliche Porzellan- und Faiencefabrik Rozenburg, Firmierung auf holl\u00e4ndisch Koninklijke Porcelein- en Aardewerkfabriek N. V. Rozenburg, als Jahreszeichen dienten zuerst Buchstaben, seit circa 1899 wurden bildliche Zeichen eingef\u00fchrt, zum Beispiel Bienen, Anker oder Laternen, in den letzten Jahre produzierte die Fabrik haupts\u00e4chlich polychrome bemaltes Steinzeug,<br \/>\n1917 wurde die Fabrik geschlossen, H\u00f6he 5,5 cm, Breite 9,5 cm<\/p>\n<p><a href=\"http:\/\/museumek.eu\/?attachment_id=46318\" rel=\"attachment wp-att-46318\"><img loading=\"lazy\" src=\"http:\/\/museumek.eu\/wp-content\/uploads\/2011\/09\/Rozenburg-Vase-11-300x239.jpg\" alt=\"\" title=\"Rozenburg Vase 1\" width=\"300\" height=\"239\" class=\"alignnone size-medium wp-image-46318\" srcset=\"http:\/\/museumek.eu\/wp-content\/uploads\/2011\/09\/Rozenburg-Vase-11-300x239.jpg 300w, http:\/\/museumek.eu\/wp-content\/uploads\/2011\/09\/Rozenburg-Vase-11-150x119.jpg 150w, http:\/\/museumek.eu\/wp-content\/uploads\/2011\/09\/Rozenburg-Vase-11-376x300.jpg 376w, http:\/\/museumek.eu\/wp-content\/uploads\/2011\/09\/Rozenburg-Vase-11.jpg 602w\" sizes=\"(max-width: 300px) 100vw, 300px\" \/><\/a><\/p>\n<p><a href=\"http:\/\/museumek.eu\/?attachment_id=46319\" rel=\"attachment wp-att-46319\"><img loading=\"lazy\" src=\"http:\/\/museumek.eu\/wp-content\/uploads\/2011\/09\/Rozenburg-Vase-2-300x227.jpg\" alt=\"\" title=\"Rozenburg Vase 2\" width=\"300\" height=\"227\" class=\"alignnone size-medium wp-image-46319\" srcset=\"http:\/\/museumek.eu\/wp-content\/uploads\/2011\/09\/Rozenburg-Vase-2-300x227.jpg 300w, http:\/\/museumek.eu\/wp-content\/uploads\/2011\/09\/Rozenburg-Vase-2-150x113.jpg 150w, http:\/\/museumek.eu\/wp-content\/uploads\/2011\/09\/Rozenburg-Vase-2-396x300.jpg 396w, http:\/\/museumek.eu\/wp-content\/uploads\/2011\/09\/Rozenburg-Vase-2.jpg 634w\" sizes=\"(max-width: 300px) 100vw, 300px\" \/><\/a><\/p>\n<p><a href=\"http:\/\/museumek.eu\/?attachment_id=46320\" rel=\"attachment wp-att-46320\"><img loading=\"lazy\" src=\"http:\/\/museumek.eu\/wp-content\/uploads\/2011\/09\/Rozenburg-Vase-3-300x300.jpg\" alt=\"\" title=\"Rozenburg Vase 3\" width=\"300\" height=\"300\" class=\"alignnone size-medium wp-image-46320\" srcset=\"http:\/\/museumek.eu\/wp-content\/uploads\/2011\/09\/Rozenburg-Vase-3-300x300.jpg 300w, http:\/\/museumek.eu\/wp-content\/uploads\/2011\/09\/Rozenburg-Vase-3-150x150.jpg 150w, http:\/\/museumek.eu\/wp-content\/uploads\/2011\/09\/Rozenburg-Vase-3-299x300.jpg 299w, http:\/\/museumek.eu\/wp-content\/uploads\/2011\/09\/Rozenburg-Vase-3.jpg 480w\" sizes=\"(max-width: 300px) 100vw, 300px\" \/><\/a><\/p>\n<p><a href=\"http:\/\/museumek.eu\/?attachment_id=46321\" rel=\"attachment wp-att-46321\"><img loading=\"lazy\" src=\"http:\/\/museumek.eu\/wp-content\/uploads\/2011\/09\/Rozenburg-Vase-4-300x286.jpg\" alt=\"\" title=\"Rozenburg Vase 4\" width=\"300\" height=\"286\" class=\"alignnone size-medium wp-image-46321\" srcset=\"http:\/\/museumek.eu\/wp-content\/uploads\/2011\/09\/Rozenburg-Vase-4-300x286.jpg 300w, http:\/\/museumek.eu\/wp-content\/uploads\/2011\/09\/Rozenburg-Vase-4-150x143.jpg 150w, http:\/\/museumek.eu\/wp-content\/uploads\/2011\/09\/Rozenburg-Vase-4-314x300.jpg 314w, http:\/\/museumek.eu\/wp-content\/uploads\/2011\/09\/Rozenburg-Vase-4.jpg 503w\" sizes=\"(max-width: 300px) 100vw, 300px\" \/><\/a><\/p>\n<p><a href=\"http:\/\/museumek.eu\/?attachment_id=46322\" rel=\"attachment wp-att-46322\"><img loading=\"lazy\" src=\"http:\/\/museumek.eu\/wp-content\/uploads\/2011\/09\/Rozenburg-Vase-5-240x300.jpg\" alt=\"\" title=\"Rozenburg Vase 5\" width=\"240\" height=\"300\" class=\"alignnone size-medium wp-image-46322\" srcset=\"http:\/\/museumek.eu\/wp-content\/uploads\/2011\/09\/Rozenburg-Vase-5-240x300.jpg 240w, http:\/\/museumek.eu\/wp-content\/uploads\/2011\/09\/Rozenburg-Vase-5-120x150.jpg 120w, http:\/\/museumek.eu\/wp-content\/uploads\/2011\/09\/Rozenburg-Vase-5.jpg 480w\" sizes=\"(max-width: 240px) 100vw, 240px\" \/><\/a><\/p>\n","protected":false},"excerpt":{"rendered":"<p>Abteilung Niederlande, Keramik 1860 \u2013 1960, Inventarnummer N\/I\/5 Haagsche Plateelbakkerij Rozenburg, vormals N. V. &#8217;s-Gravenhaag-sche Kunstaardewerkfabriek und Nachf. Haagsche Plateelbakkerij N. V. Rozenburg und Nachf. Koninklijke Porcelein- en Aardewerkfabriek N. V. Rozenburg, Niederlande, Den Haag, nach 1900, Vase, K\u00fcnstler MR &hellip; <a href=\"http:\/\/museumek.eu\/?page_id=46335\">Weiterlesen <span class=\"meta-nav\">&rarr;<\/span><\/a><\/p>\n","protected":false},"author":1,"featured_media":0,"parent":2572,"menu_order":5,"comment_status":"closed","ping_status":"open","template":"","meta":[],"_links":{"self":[{"href":"http:\/\/museumek.eu\/index.php?rest_route=\/wp\/v2\/pages\/46335"}],"collection":[{"href":"http:\/\/museumek.eu\/index.php?rest_route=\/wp\/v2\/pages"}],"about":[{"href":"http:\/\/museumek.eu\/index.php?rest_route=\/wp\/v2\/types\/page"}],"author":[{"embeddable":true,"href":"http:\/\/museumek.eu\/index.php?rest_route=\/wp\/v2\/users\/1"}],"replies":[{"embeddable":true,"href":"http:\/\/museumek.eu\/index.php?rest_route=%2Fwp%2Fv2%2Fcomments&post=46335"}],"version-history":[{"count":4,"href":"http:\/\/museumek.eu\/index.php?rest_route=\/wp\/v2\/pages\/46335\/revisions"}],"predecessor-version":[{"id":56922,"href":"http:\/\/museumek.eu\/index.php?rest_route=\/wp\/v2\/pages\/46335\/revisions\/56922"}],"up":[{"embeddable":true,"href":"http:\/\/museumek.eu\/index.php?rest_route=\/wp\/v2\/pages\/2572"}],"wp:attachment":[{"href":"http:\/\/museumek.eu\/index.php?rest_route=%2Fwp%2Fv2%2Fmedia&parent=46335"}],"curies":[{"name":"wp","href":"https:\/\/api.w.org\/{rel}","templated":true}]}}