{"id":46928,"date":"2020-05-21T21:07:06","date_gmt":"2020-05-21T19:07:06","guid":{"rendered":"http:\/\/museumek.eu\/?page_id=46928"},"modified":"2021-01-13T16:36:50","modified_gmt":"2021-01-13T15:36:50","slug":"nvi1","status":"publish","type":"page","link":"http:\/\/museumek.eu\/?page_id=46928","title":{"rendered":"N\/VI\/1"},"content":{"rendered":"<p><strong>Abteilung Niederlande, Keramik 1860 \u2013 1960, Inventarnummer N\/VI\/1<\/strong><\/p>\n<p>Petrus Regout &#038; Co. und Nachf. NV Kristal-, Glas- en Aardewerksfabrieken Petrus Regout &#038; Co.  und Nachf. NV Kristal-, Glas- en Aardewerksfabrieken &#8222;De Sphinx&#8220; und Nachf. NV Sphinx C\u00e9ramique und Nachf. NV Koninklijke Sphinx, Niederlande, Maastricht, um\/nach 1900, gro\u00dfer Zierteller mit franz\u00f6sischer Bezeichnung &#8222;Potiche&#8220; (sinngem\u00e4\u00df: Porzellanvase\/Zierst\u00fcck), K\u00fcnstler unbekannt, Werks.-Nr. ohne, Exemplar Nr. ohne, gemarkt Sphinx Figur darunter in einem Rechteck P. Regout &#038; Co. sowie darunter Maastricht blauer Stempel unter Glasur, unter dem Stempel handschriftlich in blauer Farbe unter Glasur POTICHE, neben dem Stempel sind links ganz klein Buchstaben und Zahlen die nicht zu entziffern sind, B, F sowie 11 gepresst, wobei die Zahl 11 braun ausgemalt ist, nicht signiert, Literatur: Dieter Z\u00fchlsdorff, Markenlexikon Band 1, Porzellan und Keramik Report 1885 &#8211; 1935, Seite 226, Marke Werkteil-Nummer 1, Gruppen-Nummer 2 fortlaufende Nummern innerhalb der Gruppe 2611 und 2624 identische Marke mit dem Zusatz NV, sowie Seite 555, kurze Beschreibung der Fabrik, im Jahre 1827 gr\u00fcndet Petrus Regout in Maastricht eine Glasschleiferei und firmiert als Petrus Regout &#038; Co., parallel f\u00fchrt er einen Gro\u00dfhandel mit Glas, Kristall und Keramik, 1836 gr\u00fcndete er eine eigene T\u00f6pferei, Firmierung seiner gesamten gewerblichen T\u00e4tigkeit bis 1870 wohl immer Petrus Regout &#038; Co., 1870 wurden seine S\u00f6hne Mitinhaber und Co-Direktoren und es wurde eine NV (Die naamloze vennootschap, abgek\u00fcrzt N.V. oder NV, ist die niederl\u00e4ndische Rechtsform f\u00fcr eine Aktiengesellschaft. W\u00f6rtlich \u00fcbersetzt bedeutet der Name \u201aNamenlose Partnerschaft&#8216;) gegr\u00fcndet, Firmierung ab da NV Kristal-, Glas- en Aardewerksfabrieken Petrus Regout &#038; Co., seit 1879 wurde die Sphinx Marke verwendet, 1899 \u00e4nderte sich die Firmierung in  NV Kristal-, Glas- en Aardewerksfabrieken &#8222;De Sphinx&#8220;, 1934 bis 1954 war die Fabrik im Besitz von Adolphe Regout, 1958 \u00e4nderte sich die Firmierung in NV Sphinx C\u00e9ramique, 1959 erhielt die Fabrik den Titel &#8222;K\u00f6niglich&#8220;, die Firmierung \u00e4ndert sich 1960 in NV Koninklijke Sphinx, die Fabrik existiert heute noch,<br \/>\nDurchmesser 34,5 cm<\/p>\n<p><a href=\"http:\/\/museumek.eu\/?attachment_id=46900\" rel=\"attachment wp-att-46900\"><img loading=\"lazy\" src=\"http:\/\/museumek.eu\/wp-content\/uploads\/2020\/05\/Petrus-Regout-Teller-1-295x300.jpg\" alt=\"\" title=\"Petrus Regout Teller 1\" width=\"295\" height=\"300\" class=\"alignnone size-medium wp-image-46900\" srcset=\"http:\/\/museumek.eu\/wp-content\/uploads\/2020\/05\/Petrus-Regout-Teller-1-295x300.jpg 295w, http:\/\/museumek.eu\/wp-content\/uploads\/2020\/05\/Petrus-Regout-Teller-1-147x150.jpg 147w, http:\/\/museumek.eu\/wp-content\/uploads\/2020\/05\/Petrus-Regout-Teller-1.jpg 480w\" sizes=\"(max-width: 295px) 100vw, 295px\" \/><\/a><\/p>\n<p><a href=\"http:\/\/museumek.eu\/?attachment_id=46901\" rel=\"attachment wp-att-46901\"><img loading=\"lazy\" src=\"http:\/\/museumek.eu\/wp-content\/uploads\/2020\/05\/Petrus-Regout-Teller-2-225x300.jpg\" alt=\"\" title=\"Petrus Regout Teller 2\" width=\"225\" height=\"300\" class=\"alignnone size-medium wp-image-46901\" srcset=\"http:\/\/museumek.eu\/wp-content\/uploads\/2020\/05\/Petrus-Regout-Teller-2-225x300.jpg 225w, http:\/\/museumek.eu\/wp-content\/uploads\/2020\/05\/Petrus-Regout-Teller-2-112x150.jpg 112w, http:\/\/museumek.eu\/wp-content\/uploads\/2020\/05\/Petrus-Regout-Teller-2.jpg 480w\" sizes=\"(max-width: 225px) 100vw, 225px\" \/><\/a><\/p>\n<p><a href=\"http:\/\/museumek.eu\/?attachment_id=46902\" rel=\"attachment wp-att-46902\"><img loading=\"lazy\" src=\"http:\/\/museumek.eu\/wp-content\/uploads\/2020\/05\/Petrus-Regout-Teller-3-300x298.jpg\" alt=\"\" title=\"Petrus Regout Teller 3\" width=\"300\" height=\"298\" class=\"alignnone size-medium wp-image-46902\" srcset=\"http:\/\/museumek.eu\/wp-content\/uploads\/2020\/05\/Petrus-Regout-Teller-3-300x298.jpg 300w, http:\/\/museumek.eu\/wp-content\/uploads\/2020\/05\/Petrus-Regout-Teller-3-150x150.jpg 150w, http:\/\/museumek.eu\/wp-content\/uploads\/2020\/05\/Petrus-Regout-Teller-3-301x300.jpg 301w, http:\/\/museumek.eu\/wp-content\/uploads\/2020\/05\/Petrus-Regout-Teller-3.jpg 483w\" sizes=\"(max-width: 300px) 100vw, 300px\" \/><\/a><\/p>\n<p><a href=\"http:\/\/museumek.eu\/?attachment_id=46904\" rel=\"attachment wp-att-46904\"><img loading=\"lazy\" src=\"http:\/\/museumek.eu\/wp-content\/uploads\/2020\/05\/Petrus-Regout-Teller-4-300x289.jpg\" alt=\"\" title=\"Petrus Regout Teller 4\" width=\"300\" height=\"289\" class=\"alignnone size-medium wp-image-46904\" srcset=\"http:\/\/museumek.eu\/wp-content\/uploads\/2020\/05\/Petrus-Regout-Teller-4-300x289.jpg 300w, http:\/\/museumek.eu\/wp-content\/uploads\/2020\/05\/Petrus-Regout-Teller-4-150x144.jpg 150w, http:\/\/museumek.eu\/wp-content\/uploads\/2020\/05\/Petrus-Regout-Teller-4-310x300.jpg 310w, http:\/\/museumek.eu\/wp-content\/uploads\/2020\/05\/Petrus-Regout-Teller-4.jpg 497w\" sizes=\"(max-width: 300px) 100vw, 300px\" \/><\/a><\/p>\n<p><a href=\"http:\/\/museumek.eu\/?attachment_id=46905\" rel=\"attachment wp-att-46905\"><img loading=\"lazy\" src=\"http:\/\/museumek.eu\/wp-content\/uploads\/2020\/05\/Petrus-Regout-Teller-5-174x300.jpg\" alt=\"\" title=\"Petrus Regout Teller 5\" width=\"174\" height=\"300\" class=\"alignnone size-medium wp-image-46905\" srcset=\"http:\/\/museumek.eu\/wp-content\/uploads\/2020\/05\/Petrus-Regout-Teller-5-174x300.jpg 174w, http:\/\/museumek.eu\/wp-content\/uploads\/2020\/05\/Petrus-Regout-Teller-5-87x150.jpg 87w, http:\/\/museumek.eu\/wp-content\/uploads\/2020\/05\/Petrus-Regout-Teller-5.jpg 372w\" sizes=\"(max-width: 174px) 100vw, 174px\" \/><\/a><\/p>\n<p><a href=\"http:\/\/museumek.eu\/?attachment_id=46906\" rel=\"attachment wp-att-46906\"><img loading=\"lazy\" src=\"http:\/\/museumek.eu\/wp-content\/uploads\/2020\/05\/Petrus-Regout-Teller-6-300x266.jpg\" alt=\"\" title=\"Petrus Regout Teller 6\" width=\"300\" height=\"266\" class=\"alignnone size-medium wp-image-46906\" srcset=\"http:\/\/museumek.eu\/wp-content\/uploads\/2020\/05\/Petrus-Regout-Teller-6-300x266.jpg 300w, http:\/\/museumek.eu\/wp-content\/uploads\/2020\/05\/Petrus-Regout-Teller-6-150x133.jpg 150w, http:\/\/museumek.eu\/wp-content\/uploads\/2020\/05\/Petrus-Regout-Teller-6-337x300.jpg 337w, http:\/\/museumek.eu\/wp-content\/uploads\/2020\/05\/Petrus-Regout-Teller-6.jpg 540w\" sizes=\"(max-width: 300px) 100vw, 300px\" \/><\/a><\/p>\n<p><a href=\"http:\/\/museumek.eu\/?attachment_id=46907\" rel=\"attachment wp-att-46907\"><img loading=\"lazy\" src=\"http:\/\/museumek.eu\/wp-content\/uploads\/2020\/05\/Petrus-Regout-Teller-7-291x300.jpg\" alt=\"\" title=\"Petrus Regout Teller 7\" width=\"291\" height=\"300\" class=\"alignnone size-medium wp-image-46907\" srcset=\"http:\/\/museumek.eu\/wp-content\/uploads\/2020\/05\/Petrus-Regout-Teller-7-291x300.jpg 291w, http:\/\/museumek.eu\/wp-content\/uploads\/2020\/05\/Petrus-Regout-Teller-7-145x150.jpg 145w, http:\/\/museumek.eu\/wp-content\/uploads\/2020\/05\/Petrus-Regout-Teller-7.jpg 480w\" sizes=\"(max-width: 291px) 100vw, 291px\" \/><\/a><\/p>\n","protected":false},"excerpt":{"rendered":"<p>Abteilung Niederlande, Keramik 1860 \u2013 1960, Inventarnummer N\/VI\/1 Petrus Regout &#038; Co. und Nachf. NV Kristal-, Glas- en Aardewerksfabrieken Petrus Regout &#038; Co. und Nachf. NV Kristal-, Glas- en Aardewerksfabrieken &#8222;De Sphinx&#8220; und Nachf. NV Sphinx C\u00e9ramique und Nachf. NV &hellip; <a href=\"http:\/\/museumek.eu\/?page_id=46928\">Weiterlesen <span class=\"meta-nav\">&rarr;<\/span><\/a><\/p>\n","protected":false},"author":1,"featured_media":0,"parent":46926,"menu_order":0,"comment_status":"closed","ping_status":"open","template":"","meta":[],"_links":{"self":[{"href":"http:\/\/museumek.eu\/index.php?rest_route=\/wp\/v2\/pages\/46928"}],"collection":[{"href":"http:\/\/museumek.eu\/index.php?rest_route=\/wp\/v2\/pages"}],"about":[{"href":"http:\/\/museumek.eu\/index.php?rest_route=\/wp\/v2\/types\/page"}],"author":[{"embeddable":true,"href":"http:\/\/museumek.eu\/index.php?rest_route=\/wp\/v2\/users\/1"}],"replies":[{"embeddable":true,"href":"http:\/\/museumek.eu\/index.php?rest_route=%2Fwp%2Fv2%2Fcomments&post=46928"}],"version-history":[{"count":6,"href":"http:\/\/museumek.eu\/index.php?rest_route=\/wp\/v2\/pages\/46928\/revisions"}],"predecessor-version":[{"id":52090,"href":"http:\/\/museumek.eu\/index.php?rest_route=\/wp\/v2\/pages\/46928\/revisions\/52090"}],"up":[{"embeddable":true,"href":"http:\/\/museumek.eu\/index.php?rest_route=\/wp\/v2\/pages\/46926"}],"wp:attachment":[{"href":"http:\/\/museumek.eu\/index.php?rest_route=%2Fwp%2Fv2%2Fmedia&parent=46928"}],"curies":[{"name":"wp","href":"https:\/\/api.w.org\/{rel}","templated":true}]}}