{"id":46982,"date":"2020-05-23T21:33:19","date_gmt":"2020-05-23T19:33:19","guid":{"rendered":"http:\/\/museumek.eu\/?page_id=46982"},"modified":"2021-03-28T13:03:20","modified_gmt":"2021-03-28T11:03:20","slug":"faiencerie-des-freres-paillart-und-nachf-faiencerie-boulenger-hautin-cie-und-nachf-hautin-boulenger-cie-und-nachf-societe-anonyme-hippolyte-boulenger-et-cie-inv-nr-flii1","status":"publish","type":"page","link":"http:\/\/museumek.eu\/?page_id=46982","title":{"rendered":"Fa\u00efencerie des fr\u00e8res Paillart und Nachf. Fa\u00efencerie Boulenger &#8211; Hautin &#038; Cie. und Nachf. Hautin Boulenger &#038; Cie. und Nachf. Soci\u00e9te anonyme Hippolyte Boulenger et Cie. &#8211; Inv.Nr. F\/LII\/1"},"content":{"rendered":"","protected":false},"excerpt":{"rendered":"","protected":false},"author":1,"featured_media":0,"parent":2680,"menu_order":230,"comment_status":"closed","ping_status":"open","template":"","meta":[],"_links":{"self":[{"href":"http:\/\/museumek.eu\/index.php?rest_route=\/wp\/v2\/pages\/46982"}],"collection":[{"href":"http:\/\/museumek.eu\/index.php?rest_route=\/wp\/v2\/pages"}],"about":[{"href":"http:\/\/museumek.eu\/index.php?rest_route=\/wp\/v2\/types\/page"}],"author":[{"embeddable":true,"href":"http:\/\/museumek.eu\/index.php?rest_route=\/wp\/v2\/users\/1"}],"replies":[{"embeddable":true,"href":"http:\/\/museumek.eu\/index.php?rest_route=%2Fwp%2Fv2%2Fcomments&post=46982"}],"version-history":[{"count":6,"href":"http:\/\/museumek.eu\/index.php?rest_route=\/wp\/v2\/pages\/46982\/revisions"}],"predecessor-version":[{"id":54957,"href":"http:\/\/museumek.eu\/index.php?rest_route=\/wp\/v2\/pages\/46982\/revisions\/54957"}],"up":[{"embeddable":true,"href":"http:\/\/museumek.eu\/index.php?rest_route=\/wp\/v2\/pages\/2680"}],"wp:attachment":[{"href":"http:\/\/museumek.eu\/index.php?rest_route=%2Fwp%2Fv2%2Fmedia&parent=46982"}],"curies":[{"name":"wp","href":"https:\/\/api.w.org\/{rel}","templated":true}]}}