{"id":4703,"date":"2011-09-20T20:43:38","date_gmt":"2011-09-20T18:43:38","guid":{"rendered":"http:\/\/museumek.eu\/?page_id=4703"},"modified":"2013-05-27T20:25:22","modified_gmt":"2013-05-27T18:25:22","slug":"fotos-und-beschreibung","status":"publish","type":"page","link":"http:\/\/museumek.eu\/?page_id=4703","title":{"rendered":"Fotos und Beschreibung"},"content":{"rendered":"<p><strong>Abteilung Frankreich, Keramik 1860 \u2013 1960, Inventarnummer F\/VI\/1<\/strong><\/p>\n<p>Fayencerie Heraldique de Pierrefonds, Frankreich, Pierrefonds, um 1900, Abstellteller mit Deckelbeh\u00e4lter, K\u00fcnstler unbekannt, Werks.-Nr. ohne, Exemplar Nr. ohne, gemarkt Firmenmarke mit R\u00fcstungshelm, P sowie H (P steht f\u00fcr Pierrefonds, H f\u00fcr den Eigent\u00fcmer Hallez) gepresst, nicht signiert, Literatur: Dr. Gerhard P. Woeckel und Staatliche Kunstsammlungen Kassel, Jugendstilsammlung, Nr. 135, Beschreibung der Fabrik sowie identische Marke, weitere Literatur: Jana Kybalov\u00e1, Keramik-Marken aus aller Welt, Marke Nr. 1752 identisch, weitere Literatur: Erika Gysling-Billeter, Museum Bellerive Z\u00fcrich, Objekte des Jugendstils, Seite 215, Abbildungen Nr. 405 und 406, identische Marken sowie Seite 302, Beschreibung der Fabrik, weitere Literatur: Wolfgang Venzmer, Jugendstil im Landesmuseum Mainz, Seite 357, Beschreibung der Fabrik sowie Abbildung Nr. 466, identische Marke, Seite 457, Abbildung Nr. 467, identische Marke, die Fabrik wurde 1883 von Olivier da Sorra (der sich Comte Hallez d\u2019Amos nannte) gegr\u00fcndet und bis 1903 von diesem gef\u00fchrt, ab 1910 wurde keine Jugendstilkeramik mehr produziert, H\u00f6he 13 cm, Breite 25 cm<\/p>\n<p><a href=\"http:\/\/museumek.eu\/wp-content\/uploads\/2011\/08\/Museum-Europ\u00e4ischer-Keramikkunst-Qualit\u00e4tsfotos-350.jpg\"><img loading=\"lazy\" src=\"http:\/\/museumek.eu\/wp-content\/uploads\/2011\/08\/Museum-Europ\u00e4ischer-Keramikkunst-Qualit\u00e4tsfotos-350-300x277.jpg\" alt=\"\" title=\"Museum Europ\u00e4ischer Keramikkunst Qualit\u00e4tsfotos 350\" width=\"300\" height=\"277\" class=\"alignnone size-medium wp-image-2424\" srcset=\"http:\/\/museumek.eu\/wp-content\/uploads\/2011\/08\/Museum-Europ\u00e4ischer-Keramikkunst-Qualit\u00e4tsfotos-350-300x277.jpg 300w, http:\/\/museumek.eu\/wp-content\/uploads\/2011\/08\/Museum-Europ\u00e4ischer-Keramikkunst-Qualit\u00e4tsfotos-350.jpg 703w\" sizes=\"(max-width: 300px) 100vw, 300px\" \/><\/a><\/p>\n<p><a href=\"http:\/\/museumek.eu\/wp-content\/uploads\/2011\/08\/Museum-Europ\u00e4ischer-Keramikkunst-260.jpg\"><img loading=\"lazy\" src=\"http:\/\/museumek.eu\/wp-content\/uploads\/2011\/08\/Museum-Europ\u00e4ischer-Keramikkunst-260-300x266.jpg\" alt=\"\" title=\"Museum Europ\u00e4ischer Keramikkunst 260\" width=\"300\" height=\"266\" class=\"alignnone size-medium wp-image-2425\" srcset=\"http:\/\/museumek.eu\/wp-content\/uploads\/2011\/08\/Museum-Europ\u00e4ischer-Keramikkunst-260-300x266.jpg 300w, http:\/\/museumek.eu\/wp-content\/uploads\/2011\/08\/Museum-Europ\u00e4ischer-Keramikkunst-260-337x300.jpg 337w, http:\/\/museumek.eu\/wp-content\/uploads\/2011\/08\/Museum-Europ\u00e4ischer-Keramikkunst-260.jpg 613w\" sizes=\"(max-width: 300px) 100vw, 300px\" \/><\/a><\/p>\n<p><a href=\"http:\/\/museumek.eu\/wp-content\/uploads\/2011\/08\/Museum-Europ\u00e4ischer-Keramikkunst-261.jpg\"><img loading=\"lazy\" src=\"http:\/\/museumek.eu\/wp-content\/uploads\/2011\/08\/Museum-Europ\u00e4ischer-Keramikkunst-261-300x243.jpg\" alt=\"\" title=\"Museum Europ\u00e4ischer Keramikkunst 261\" width=\"300\" height=\"243\" class=\"alignnone size-medium wp-image-2426\" srcset=\"http:\/\/museumek.eu\/wp-content\/uploads\/2011\/08\/Museum-Europ\u00e4ischer-Keramikkunst-261-300x243.jpg 300w, http:\/\/museumek.eu\/wp-content\/uploads\/2011\/08\/Museum-Europ\u00e4ischer-Keramikkunst-261-369x300.jpg 369w, http:\/\/museumek.eu\/wp-content\/uploads\/2011\/08\/Museum-Europ\u00e4ischer-Keramikkunst-261.jpg 664w\" sizes=\"(max-width: 300px) 100vw, 300px\" \/><\/a><\/p>\n<p><strong>Abteilung Frankreich, Keramik 1860 \u2013 1960, Inventarnummer F\/VI\/2<\/strong><\/p>\n<p>Fayencerie Heraldique de Pierrefonds, Frankreich, Pierrefonds, um 1900, zwei kleine Vasen, K\u00fcnstler unbekannt, Werks.-Nr. ohne, Exemplar Nr. ohne, gemarkt Firmenmarke mit R\u00fcstungshelm, P sowie H (P steht f\u00fcr Pierrefonds, H f\u00fcr den Eigent\u00fcmer Hallez) gepresst, nicht signiert, Literatur: Dr. Gerhard P. Woeckel und Staatliche Kunstsammlungen Kassel, Jugendstilsammlung, Nr. 135, Beschreibung der Fabrik sowie identische Marke, weitere Literatur: Jana Kybalov\u00e1, Keramik-Marken aus aller Welt, Marke Nr. 1752 identisch, weitere Literatur: Erika Gysling-Billeter, Museum Bellerive Z\u00fcrich, Objekte des Jugendstils, Seite 215, Abbildungen Nr. 405 und 406, identische Marken sowie Seite 302, Beschreibung der Fabrik, weitere Literatur: Wolfgang Venzmer, Jugendstil im Landesmuseum Mainz, Seite 357, Beschreibung der Fabrik sowie Abbildung Nr. 466, identische Marke, Seite 457, Abbildung Nr. 467, identische Marke, die Fabrik wurde 1883 von Olivier da Sorra (der sich Comte Hallez d\u2019Amos nannte) gegr\u00fcndet und bis 1903 von diesem gef\u00fchrt, ab 1910 wurde keine Jugendstilkeramik mehr produziert,<br \/>\nH\u00f6he 7 cm, Breite 10 cm sowie H\u00f6he 4 cm, Breite 5,5 cm<\/p>\n<p><a href=\"http:\/\/museumek.eu\/wp-content\/uploads\/2011\/08\/Museum-Europ\u00e4ischer-Keramikkunst-Qualit\u00e4tsfotos-352.jpg\"><img loading=\"lazy\" src=\"http:\/\/museumek.eu\/wp-content\/uploads\/2011\/08\/Museum-Europ\u00e4ischer-Keramikkunst-Qualit\u00e4tsfotos-352-300x166.jpg\" alt=\"\" title=\"Museum Europ\u00e4ischer Keramikkunst Qualit\u00e4tsfotos 352\" width=\"300\" height=\"166\" class=\"alignnone size-medium wp-image-2430\" srcset=\"http:\/\/museumek.eu\/wp-content\/uploads\/2011\/08\/Museum-Europ\u00e4ischer-Keramikkunst-Qualit\u00e4tsfotos-352-300x166.jpg 300w, http:\/\/museumek.eu\/wp-content\/uploads\/2011\/08\/Museum-Europ\u00e4ischer-Keramikkunst-Qualit\u00e4tsfotos-352-500x277.jpg 500w, http:\/\/museumek.eu\/wp-content\/uploads\/2011\/08\/Museum-Europ\u00e4ischer-Keramikkunst-Qualit\u00e4tsfotos-352.jpg 864w\" sizes=\"(max-width: 300px) 100vw, 300px\" \/><\/a><\/p>\n<p><a href=\"http:\/\/museumek.eu\/wp-content\/uploads\/2011\/08\/Museum-Europ\u00e4ischer-Keramikkunst-263.jpg\"><img loading=\"lazy\" src=\"http:\/\/museumek.eu\/wp-content\/uploads\/2011\/08\/Museum-Europ\u00e4ischer-Keramikkunst-263-300x275.jpg\" alt=\"\" title=\"Museum Europ\u00e4ischer Keramikkunst 263\" width=\"300\" height=\"275\" class=\"alignnone size-medium wp-image-2431\" srcset=\"http:\/\/museumek.eu\/wp-content\/uploads\/2011\/08\/Museum-Europ\u00e4ischer-Keramikkunst-263-300x275.jpg 300w, http:\/\/museumek.eu\/wp-content\/uploads\/2011\/08\/Museum-Europ\u00e4ischer-Keramikkunst-263-326x300.jpg 326w, http:\/\/museumek.eu\/wp-content\/uploads\/2011\/08\/Museum-Europ\u00e4ischer-Keramikkunst-263.jpg 499w\" sizes=\"(max-width: 300px) 100vw, 300px\" \/><\/a><\/p>\n<p><strong>Abteilung Frankreich, Keramik 1860 \u2013 1960, Inventarnummer F\/VI\/3<\/strong><\/p>\n<p>Fayencerie Heraldique de Pierrefonds, Frankreich, Pierrefonds, um 1900, Kanne, K\u00fcnstler unbekannt, Werks.-Nr. ohne, Exemplar Nr. ohne, gemarkt Firmenmarke mit R\u00fcstungshelm, P sowie H (P steht f\u00fcr Pierrefonds, H f\u00fcr den Eigent\u00fcmer Hallez) sowie nicht lesbare Zahlen gepresst, nicht signiert, Literatur: Dr. Gerhard P. Woeckel und Staatliche Kunstsammlungen Kassel, Jugendstilsammlung, Nr. 135, Beschreibung der Fabrik sowie identische Marke, weitere Literatur: Jana Kybalov\u00e1, Keramik-Marken aus aller Welt, Marke Nr. 1752 identisch, weitere Literatur: Erika Gysling-Billeter, Museum Bellerive Z\u00fcrich, Objekte des Jugendstils, Seite 215, Abbildungen Nr. 405 und 406, identische Marken sowie Seite 302, Beschreibung der Fabrik, weitere Literatur: Wolfgang Venzmer, Jugendstil im Landesmuseum Mainz, Seite 357, Beschreibung der Fabrik sowie Abbildung Nr. 466, identische Marke, Seite 457, Abbildung Nr. 467, identische Marke, die Fabrik wurde 1883 von Olivier da Sorra (der sich Comte Hallez d\u2019Amos nannte) gegr\u00fcndet und bis 1903 von diesem gef\u00fchrt, ab 1910 wurde keine Jugendstilkeramik mehr produziert, H\u00f6he 12 cm, Breite 11 cm<\/p>\n<p><a href=\"http:\/\/museumek.eu\/?attachment_id=22915\" rel=\"attachment wp-att-22915\"><img loading=\"lazy\" src=\"http:\/\/museumek.eu\/wp-content\/uploads\/2013\/05\/Museum-Europ\u00e4ischer-Keramikkunst-3594-258x300.jpg\" alt=\"\" title=\"Museum Europ\u00e4ischer Keramikkunst 3594\" width=\"258\" height=\"300\" class=\"alignnone size-medium wp-image-22915\" srcset=\"http:\/\/museumek.eu\/wp-content\/uploads\/2013\/05\/Museum-Europ\u00e4ischer-Keramikkunst-3594-258x300.jpg 258w, http:\/\/museumek.eu\/wp-content\/uploads\/2013\/05\/Museum-Europ\u00e4ischer-Keramikkunst-3594-129x150.jpg 129w, http:\/\/museumek.eu\/wp-content\/uploads\/2013\/05\/Museum-Europ\u00e4ischer-Keramikkunst-3594.jpg 640w\" sizes=\"(max-width: 258px) 100vw, 258px\" \/><\/a><\/p>\n<p><a href=\"http:\/\/museumek.eu\/?attachment_id=22916\" rel=\"attachment wp-att-22916\"><img loading=\"lazy\" src=\"http:\/\/museumek.eu\/wp-content\/uploads\/2013\/05\/Museum-Europ\u00e4ischer-Keramikkunst-3595-267x300.jpg\" alt=\"\" title=\"Museum Europ\u00e4ischer Keramikkunst 3595\" width=\"267\" height=\"300\" class=\"alignnone size-medium wp-image-22916\" srcset=\"http:\/\/museumek.eu\/wp-content\/uploads\/2013\/05\/Museum-Europ\u00e4ischer-Keramikkunst-3595-267x300.jpg 267w, http:\/\/museumek.eu\/wp-content\/uploads\/2013\/05\/Museum-Europ\u00e4ischer-Keramikkunst-3595-133x150.jpg 133w, http:\/\/museumek.eu\/wp-content\/uploads\/2013\/05\/Museum-Europ\u00e4ischer-Keramikkunst-3595.jpg 486w\" sizes=\"(max-width: 267px) 100vw, 267px\" \/><\/a><\/p>\n","protected":false},"excerpt":{"rendered":"<p>Abteilung Frankreich, Keramik 1860 \u2013 1960, Inventarnummer F\/VI\/1 Fayencerie Heraldique de Pierrefonds, Frankreich, Pierrefonds, um 1900, Abstellteller mit Deckelbeh\u00e4lter, K\u00fcnstler unbekannt, Werks.-Nr. ohne, Exemplar Nr. ohne, gemarkt Firmenmarke mit R\u00fcstungshelm, P sowie H (P steht f\u00fcr Pierrefonds, H f\u00fcr den &hellip; <a href=\"http:\/\/museumek.eu\/?page_id=4703\">Weiterlesen <span class=\"meta-nav\">&rarr;<\/span><\/a><\/p>\n","protected":false},"author":1,"featured_media":0,"parent":2700,"menu_order":0,"comment_status":"closed","ping_status":"closed","template":"","meta":[],"_links":{"self":[{"href":"http:\/\/museumek.eu\/index.php?rest_route=\/wp\/v2\/pages\/4703"}],"collection":[{"href":"http:\/\/museumek.eu\/index.php?rest_route=\/wp\/v2\/pages"}],"about":[{"href":"http:\/\/museumek.eu\/index.php?rest_route=\/wp\/v2\/types\/page"}],"author":[{"embeddable":true,"href":"http:\/\/museumek.eu\/index.php?rest_route=\/wp\/v2\/users\/1"}],"replies":[{"embeddable":true,"href":"http:\/\/museumek.eu\/index.php?rest_route=%2Fwp%2Fv2%2Fcomments&post=4703"}],"version-history":[{"count":17,"href":"http:\/\/museumek.eu\/index.php?rest_route=\/wp\/v2\/pages\/4703\/revisions"}],"predecessor-version":[{"id":22927,"href":"http:\/\/museumek.eu\/index.php?rest_route=\/wp\/v2\/pages\/4703\/revisions\/22927"}],"up":[{"embeddable":true,"href":"http:\/\/museumek.eu\/index.php?rest_route=\/wp\/v2\/pages\/2700"}],"wp:attachment":[{"href":"http:\/\/museumek.eu\/index.php?rest_route=%2Fwp%2Fv2%2Fmedia&parent=4703"}],"curies":[{"name":"wp","href":"https:\/\/api.w.org\/{rel}","templated":true}]}}