{"id":47198,"date":"2020-06-05T22:58:26","date_gmt":"2020-06-05T20:58:26","guid":{"rendered":"http:\/\/museumek.eu\/?page_id=47198"},"modified":"2021-03-28T13:03:46","modified_gmt":"2021-03-28T11:03:46","slug":"faiencerie-de-longwy-und-nachf-societe-anonyme-des-faienceries-de-longwy-inv-nr-fliv1-bis-liv3","status":"publish","type":"page","link":"http:\/\/museumek.eu\/?page_id=47198","title":{"rendered":"Fa\u00efencerie de Longwy und Nachf. Soci\u00e9t\u00e9 anonyme des Fa\u00efenceries de Longwy &#8211; Inv.Nr. F\/LIV\/1 bis L\/IV\/3"},"content":{"rendered":"","protected":false},"excerpt":{"rendered":"","protected":false},"author":1,"featured_media":0,"parent":2680,"menu_order":220,"comment_status":"closed","ping_status":"open","template":"","meta":[],"_links":{"self":[{"href":"http:\/\/museumek.eu\/index.php?rest_route=\/wp\/v2\/pages\/47198"}],"collection":[{"href":"http:\/\/museumek.eu\/index.php?rest_route=\/wp\/v2\/pages"}],"about":[{"href":"http:\/\/museumek.eu\/index.php?rest_route=\/wp\/v2\/types\/page"}],"author":[{"embeddable":true,"href":"http:\/\/museumek.eu\/index.php?rest_route=\/wp\/v2\/users\/1"}],"replies":[{"embeddable":true,"href":"http:\/\/museumek.eu\/index.php?rest_route=%2Fwp%2Fv2%2Fcomments&post=47198"}],"version-history":[{"count":2,"href":"http:\/\/museumek.eu\/index.php?rest_route=\/wp\/v2\/pages\/47198\/revisions"}],"predecessor-version":[{"id":54958,"href":"http:\/\/museumek.eu\/index.php?rest_route=\/wp\/v2\/pages\/47198\/revisions\/54958"}],"up":[{"embeddable":true,"href":"http:\/\/museumek.eu\/index.php?rest_route=\/wp\/v2\/pages\/2680"}],"wp:attachment":[{"href":"http:\/\/museumek.eu\/index.php?rest_route=%2Fwp%2Fv2%2Fmedia&parent=47198"}],"curies":[{"name":"wp","href":"https:\/\/api.w.org\/{rel}","templated":true}]}}

Faïencerie de Longwy und Nachf. Société anonyme des Faïenceries de Longwy &#8211; Inv.Nr. F/LIV/1 bis L/IV/3
