{"id":47315,"date":"2020-06-08T21:56:01","date_gmt":"2020-06-08T19:56:01","guid":{"rendered":"http:\/\/museumek.eu\/?page_id=47315"},"modified":"2020-06-08T23:17:47","modified_gmt":"2020-06-08T21:17:47","slug":"fotos-und-beschreibung","status":"publish","type":"page","link":"http:\/\/museumek.eu\/?page_id=47315","title":{"rendered":"Fotos und Beschreibung"},"content":{"rendered":"<p><strong>Abteilung Frankreich, Keramik 1860 \u2013 1960, Inventarnummer F\/LV\/1<\/strong><\/p>\n<p>Fa\u00efencerie de Clamecy, Frankreich, Clamecy, um 1950, Zierteller, K\u00fcnstler Roger Colas, Werks.-Nr. 1202 (?), Exemplar Nr. ohne, gemarkt Firmenmarke mit RC ligiert (f\u00fcr Roger Colas) darunter CLAMECY dunkelrot gemalt darunter 1202 dunkelrot gemalt, signiert RC, die Fa\u00efencerie de Clamecy wurde 1790 von Fid\u00e8le Nolet in Zusammenarbeit mit einem Geistlichen aus Varzy gegr\u00fcndet, dieser urspr\u00fcnglich aus der Schweiz stammende Glashandwerker stand damals einer Familie von Zinnt\u00f6pfern in der Stadt, den Bouviers, sehr nahe, 1793 durch einen Brand zerst\u00f6rt, nahmen die Werkst\u00e4tten dank des vom Bezirks Clamecy zugewiesenen Guthabens von 2.400 Franken schnell ihre T\u00e4tigkeit wieder auf, die Stadtf\u00fchrung war Nolet sehr dankbar, dass er in einer Region, die damals nur auf das Schwimmen von Holz ausgerichtet war, neue Arbeitspl\u00e4tze schaffen konnte, Nolet betrieb die Fabrik bis 1804, dann vermietete er sie an Claude und Alexis Ferreux, letztere k\u00f6nnen die Krise von 1833 nicht \u00fcberwinden, dann folgen die Br\u00fcder Villemont, Xavier Delapierre und Sapien, die dort neue \u00d6fen errichten, die weitere Entwicklung der Fa\u00efencerie ist nicht bekannt, erst 1918\/1919 ist die Entwicklung wieder bekannt, der Br\u00fcsseler K\u00fcnstler Andr\u00e9 Duquenelle \u00f6ffnet die Fa\u00efencerie wieder, die Produktion ist dann ganz anders, gelb und schwarz dominieren in pr\u00e4chtigen Dekorationen, Duquenelle, ein gro\u00dfer Liebhaber der Ming-Chinoiserie, interessierte sich gleichzeitig seit seiner Jugend f\u00fcr die Wandteppiche der fl\u00e4misch-burgundischen Schule von Arras und wird einen neuen Stil, \u00e4hnlich wie chinesische Porzellanhersteller auferlegen, wenn er den Kontrast zwischen Schwarz und Gelb verwendet, werden die Ornamente, Blumen und das Gr\u00fcn oft unterteilt, er signiert seine St\u00fccke und verwendet Aufkleber, zum Zeitpunkt seiner Pensionierung, 1937, verkaufte Herr Duquenelle die Fa\u00efencerie an seinen ersten Arbeiter, Roger Colas, Roger Colas, Vater des ber\u00fchmten Seefahrers Alain Colas, wurde in Dornecy in einem Nachbardorf geboren, um 1922 kam er nach Clamecy, seine Kunst, erlernte von seinem Meister, Herrn Folle, ehemaliger Dekorateur bei Ets Samson und Bloch in Paris, Spezialist f\u00fcr Dekorationen von S\u00e8vres und Fontainebleau, Roger Colas setzte die Arbeit seines Meisters fort, weiterhin arbeitete auch sein Bruder Henri bis 1968 in der Fa\u00efencerie, Roger Colas war Soldat im WK II und danach in Gefangenschaft, w\u00e4hrend dieser Zeit, f\u00fchrte seine Ehefrau Fernande Colas die Gesch\u00e4fte weiter, 1972 \u00fcbergibt Roger Colas  die Fa\u00efencerie seinem Sohn Jean-Fran\u00e7ois Colas, der die Fa\u00efencerie zusammen mit seiner Ehfrau Pierrette Colas weiter betreibt, Durchmesser 24,5 cm <\/p>\n<p><a href=\"http:\/\/museumek.eu\/?attachment_id=47317\" rel=\"attachment wp-att-47317\"><img loading=\"lazy\" src=\"http:\/\/museumek.eu\/wp-content\/uploads\/2020\/06\/Clamecy-Teller-1-300x298.jpg\" alt=\"\" title=\"Clamecy Teller 1\" width=\"300\" height=\"298\" class=\"alignnone size-medium wp-image-47317\" srcset=\"http:\/\/museumek.eu\/wp-content\/uploads\/2020\/06\/Clamecy-Teller-1-300x298.jpg 300w, http:\/\/museumek.eu\/wp-content\/uploads\/2020\/06\/Clamecy-Teller-1-150x150.jpg 150w, http:\/\/museumek.eu\/wp-content\/uploads\/2020\/06\/Clamecy-Teller-1-301x300.jpg 301w, http:\/\/museumek.eu\/wp-content\/uploads\/2020\/06\/Clamecy-Teller-1.jpg 483w\" sizes=\"(max-width: 300px) 100vw, 300px\" \/><\/a><\/p>\n<p><a href=\"http:\/\/museumek.eu\/?attachment_id=47319\" rel=\"attachment wp-att-47319\"><img loading=\"lazy\" src=\"http:\/\/museumek.eu\/wp-content\/uploads\/2020\/06\/Clamecy-Teller-2-295x300.jpg\" alt=\"\" title=\"Clamecy Teller 2\" width=\"295\" height=\"300\" class=\"alignnone size-medium wp-image-47319\" srcset=\"http:\/\/museumek.eu\/wp-content\/uploads\/2020\/06\/Clamecy-Teller-2-295x300.jpg 295w, http:\/\/museumek.eu\/wp-content\/uploads\/2020\/06\/Clamecy-Teller-2-147x150.jpg 147w, http:\/\/museumek.eu\/wp-content\/uploads\/2020\/06\/Clamecy-Teller-2.jpg 480w\" sizes=\"(max-width: 295px) 100vw, 295px\" \/><\/a><\/p>\n<p><a href=\"http:\/\/museumek.eu\/?attachment_id=47320\" rel=\"attachment wp-att-47320\"><img loading=\"lazy\" src=\"http:\/\/museumek.eu\/wp-content\/uploads\/2020\/06\/Clamecy-Teller-3-300x271.jpg\" alt=\"\" title=\"Clamecy Teller 3\" width=\"300\" height=\"271\" class=\"alignnone size-medium wp-image-47320\" srcset=\"http:\/\/museumek.eu\/wp-content\/uploads\/2020\/06\/Clamecy-Teller-3-300x271.jpg 300w, http:\/\/museumek.eu\/wp-content\/uploads\/2020\/06\/Clamecy-Teller-3-150x135.jpg 150w, http:\/\/museumek.eu\/wp-content\/uploads\/2020\/06\/Clamecy-Teller-3-331x300.jpg 331w, http:\/\/museumek.eu\/wp-content\/uploads\/2020\/06\/Clamecy-Teller-3.jpg 530w\" sizes=\"(max-width: 300px) 100vw, 300px\" \/><\/a><\/p>\n","protected":false},"excerpt":{"rendered":"<p>Abteilung Frankreich, Keramik 1860 \u2013 1960, Inventarnummer F\/LV\/1 Fa\u00efencerie de Clamecy, Frankreich, Clamecy, um 1950, Zierteller, K\u00fcnstler Roger Colas, Werks.-Nr. 1202 (?), Exemplar Nr. ohne, gemarkt Firmenmarke mit RC ligiert (f\u00fcr Roger Colas) darunter CLAMECY dunkelrot gemalt darunter 1202 dunkelrot &hellip; <a href=\"http:\/\/museumek.eu\/?page_id=47315\">Weiterlesen <span class=\"meta-nav\">&rarr;<\/span><\/a><\/p>\n","protected":false},"author":1,"featured_media":0,"parent":47300,"menu_order":0,"comment_status":"closed","ping_status":"open","template":"","meta":[],"_links":{"self":[{"href":"http:\/\/museumek.eu\/index.php?rest_route=\/wp\/v2\/pages\/47315"}],"collection":[{"href":"http:\/\/museumek.eu\/index.php?rest_route=\/wp\/v2\/pages"}],"about":[{"href":"http:\/\/museumek.eu\/index.php?rest_route=\/wp\/v2\/types\/page"}],"author":[{"embeddable":true,"href":"http:\/\/museumek.eu\/index.php?rest_route=\/wp\/v2\/users\/1"}],"replies":[{"embeddable":true,"href":"http:\/\/museumek.eu\/index.php?rest_route=%2Fwp%2Fv2%2Fcomments&post=47315"}],"version-history":[{"count":6,"href":"http:\/\/museumek.eu\/index.php?rest_route=\/wp\/v2\/pages\/47315\/revisions"}],"predecessor-version":[{"id":47324,"href":"http:\/\/museumek.eu\/index.php?rest_route=\/wp\/v2\/pages\/47315\/revisions\/47324"}],"up":[{"embeddable":true,"href":"http:\/\/museumek.eu\/index.php?rest_route=\/wp\/v2\/pages\/47300"}],"wp:attachment":[{"href":"http:\/\/museumek.eu\/index.php?rest_route=%2Fwp%2Fv2%2Fmedia&parent=47315"}],"curies":[{"name":"wp","href":"https:\/\/api.w.org\/{rel}","templated":true}]}}

<p><strong>Abteilung Frankreich, Keramik 1860 – 1960, Inventarnummer F/LV/1</strong></p>
<p>Faïencerie de Clamecy, Frankreich, Clamecy, um 1950, Zierteller, Künstler Roger Colas, Werks.-Nr. 1202 (?), Exemplar Nr. ohne, gemarkt Firmenmarke mit RC ligiert (für Roger Colas) darunter CLAMECY dunkelrot gemalt darunter 1202 dunkelrot gemalt, signiert RC, die Faïencerie de Clamecy wurde 1790 von Fidèle Nolet in Zusammenarbeit mit einem Geistlichen aus Varzy gegründet, dieser ursprünglich aus der Schweiz stammende Glashandwerker stand damals einer Familie von Zinntöpfern in der Stadt, den Bouviers, sehr nahe, 1793 durch einen Brand zerstört, nahmen die Werkstätten dank des vom Bezirks Clamecy zugewiesenen Guthabens von 2.400 Franken schnell ihre Tätigkeit wieder auf, die Stadtführung war Nolet sehr dankbar, dass er in einer Region, die damals nur auf das Schwimmen von Holz ausgerichtet war, neue Arbeitsplätze schaffen konnte, Nolet betrieb die Fabrik bis 1804, dann vermietete er sie an Claude und Alexis Ferreux, letztere können die Krise von 1833 nicht überwinden, dann folgen die Brüder Villemont, Xavier Delapierre und Sapien, die dort neue Öfen errichten, die weitere Entwicklung der Faïencerie ist nicht bekannt, erst 1918/1919 ist die Entwicklung wieder bekannt, der Brüsseler Künstler André Duquenelle öffnet die Faïencerie wieder, die Produktion ist dann ganz anders, gelb und schwarz dominieren in prächtigen Dekorationen, Duquenelle, ein großer Liebhaber der Ming-Chinoiserie, interessierte sich gleichzeitig seit seiner Jugend für die Wandteppiche der flämisch-burgundischen Schule von Arras und wird einen neuen Stil, ähnlich wie chinesische Porzellanhersteller auferlegen, wenn er den Kontrast zwischen Schwarz und Gelb verwendet, werden die Ornamente, Blumen und das Grün oft unterteilt, er signiert seine Stücke und verwendet Aufkleber, zum Zeitpunkt seiner Pensionierung, 1937, verkaufte Herr Duquenelle die Faïencerie an seinen ersten Arbeiter, Roger Colas, Roger Colas, Vater des berühmten Seefahrers Alain Colas, wurde in Dornecy in einem Nachbardorf geboren, um 1922 kam er nach Clamecy, seine Kunst, erlernte von seinem Meister, Herrn Folle, ehemaliger Dekorateur bei Ets Samson und Bloch in Paris, Spezialist für Dekorationen von Sèvres und Fontainebleau, Roger Colas setzte die Arbeit seines Meisters fort, weiterhin arbeitete auch sein Bruder Henri bis 1968 in der Faïencerie, Roger Colas war Soldat im WK II und danach in Gefangenschaft, während dieser Zeit, führte seine Ehefrau Fernande Colas die Geschäfte weiter, 1972 übergibt Roger Colas  die Faïencerie seinem Sohn Jean-François Colas, der die Faïencerie zusammen mit seiner Ehfrau Pierrette Colas weiter betreibt, Durchmesser 24,5 cm </p>
<p><a href="http://museumek.eu/?attachment_id=47317" rel="attachment wp-att-47317"><img loading="lazy" src="http://museumek.eu/wp-content/uploads/2020/06/Clamecy-Teller-1-300x298.jpg" alt="" title="Clamecy Teller 1" width="300" height="298" class="alignnone size-medium wp-image-47317" srcset="http://museumek.eu/wp-content/uploads/2020/06/Clamecy-Teller-1-300x298.jpg 300w, http://museumek.eu/wp-content/uploads/2020/06/Clamecy-Teller-1-150x150.jpg 150w, http://museumek.eu/wp-content/uploads/2020/06/Clamecy-Teller-1-301x300.jpg 301w, http://museumek.eu/wp-content/uploads/2020/06/Clamecy-Teller-1.jpg 483w" sizes="(max-width: 300px) 100vw, 300px" /></a></p>
<p><a href="http://museumek.eu/?attachment_id=47319" rel="attachment wp-att-47319"><img loading="lazy" src="http://museumek.eu/wp-content/uploads/2020/06/Clamecy-Teller-2-295x300.jpg" alt="" title="Clamecy Teller 2" width="295" height="300" class="alignnone size-medium wp-image-47319" srcset="http://museumek.eu/wp-content/uploads/2020/06/Clamecy-Teller-2-295x300.jpg 295w, http://museumek.eu/wp-content/uploads/2020/06/Clamecy-Teller-2-147x150.jpg 147w, http://museumek.eu/wp-content/uploads/2020/06/Clamecy-Teller-2.jpg 480w" sizes="(max-width: 295px) 100vw, 295px" /></a></p>
<p><a href="http://museumek.eu/?attachment_id=47320" rel="attachment wp-att-47320"><img loading="lazy" src="http://museumek.eu/wp-content/uploads/2020/06/Clamecy-Teller-3-300x271.jpg" alt="" title="Clamecy Teller 3" width="300" height="271" class="alignnone size-medium wp-image-47320" srcset="http://museumek.eu/wp-content/uploads/2020/06/Clamecy-Teller-3-300x271.jpg 300w, http://museumek.eu/wp-content/uploads/2020/06/Clamecy-Teller-3-150x135.jpg 150w, http://museumek.eu/wp-content/uploads/2020/06/Clamecy-Teller-3-331x300.jpg 331w, http://museumek.eu/wp-content/uploads/2020/06/Clamecy-Teller-3.jpg 530w" sizes="(max-width: 300px) 100vw, 300px" /></a></p>

<p>Abteilung Frankreich, Keramik 1860 – 1960, Inventarnummer F/LV/1 Faïencerie de Clamecy, Frankreich, Clamecy, um 1950, Zierteller, Künstler Roger Colas, Werks.-Nr. 1202 (?), Exemplar Nr. ohne, gemarkt Firmenmarke mit RC ligiert (für Roger Colas) darunter CLAMECY dunkelrot gemalt darunter 1202 dunkelrot &hellip; <a href="http://museumek.eu/?page_id=47315">Weiterlesen <span class="meta-nav">&rarr;</span></a></p>
