{"id":47948,"date":"2020-07-12T18:56:11","date_gmt":"2020-07-12T16:56:11","guid":{"rendered":"http:\/\/museumek.eu\/?page_id=47948"},"modified":"2020-07-12T18:56:11","modified_gmt":"2020-07-12T16:56:11","slug":"dlxxxii40","status":"publish","type":"page","link":"http:\/\/museumek.eu\/?page_id=47948","title":{"rendered":"D\/LXXXII\/40"},"content":{"rendered":"<p><strong>Abteilung Deutschland, Keramik 1860 \u2013 1960, Inventarnummer D\/LXXXII\/40<\/strong><\/p>\n<p>Westerw\u00e4lder Steinzeug ohne Fabrikzuordnung, Deutschland, Westerwald, um 1900, Krug, K\u00fcnstler unbekannt, Werks.-Nr. 949, Exemplar Nr. ohne, gemarkt keine Fabrikmarke aber 1 L \u00fcber Eichstrich gepresst, 949 sowie 12 gepresst sowie 949 mit gegossen, nicht signiert, Deckel mit Hirschhorn Applikationen,<br \/>\nH\u00f6he 19 cm, Breite 16,5 cm (nur die Keramik)<\/p>\n<p><a href=\"http:\/\/museumek.eu\/?attachment_id=47920\" rel=\"attachment wp-att-47920\"><img loading=\"lazy\" src=\"http:\/\/museumek.eu\/wp-content\/uploads\/2013\/05\/Westerwald-Hirschhorn-Krug-1-139x300.jpg\" alt=\"\" title=\"Westerwald Hirschhorn Krug 1\" width=\"139\" height=\"300\" class=\"alignnone size-medium wp-image-47920\" srcset=\"http:\/\/museumek.eu\/wp-content\/uploads\/2013\/05\/Westerwald-Hirschhorn-Krug-1-139x300.jpg 139w, http:\/\/museumek.eu\/wp-content\/uploads\/2013\/05\/Westerwald-Hirschhorn-Krug-1-69x150.jpg 69w, http:\/\/museumek.eu\/wp-content\/uploads\/2013\/05\/Westerwald-Hirschhorn-Krug-1.jpg 297w\" sizes=\"(max-width: 139px) 100vw, 139px\" \/><\/a><\/p>\n<p><a href=\"http:\/\/museumek.eu\/?attachment_id=47921\" rel=\"attachment wp-att-47921\"><img loading=\"lazy\" src=\"http:\/\/museumek.eu\/wp-content\/uploads\/2013\/05\/Westerwald-Hirschhorn-Krug-2-177x300.jpg\" alt=\"\" title=\"Westerwald Hirschhorn Krug 2\" width=\"177\" height=\"300\" class=\"alignnone size-medium wp-image-47921\" srcset=\"http:\/\/museumek.eu\/wp-content\/uploads\/2013\/05\/Westerwald-Hirschhorn-Krug-2-177x300.jpg 177w, http:\/\/museumek.eu\/wp-content\/uploads\/2013\/05\/Westerwald-Hirschhorn-Krug-2-88x150.jpg 88w, http:\/\/museumek.eu\/wp-content\/uploads\/2013\/05\/Westerwald-Hirschhorn-Krug-2.jpg 379w\" sizes=\"(max-width: 177px) 100vw, 177px\" \/><\/a><\/p>\n<p><a href=\"http:\/\/museumek.eu\/?attachment_id=47924\" rel=\"attachment wp-att-47924\"><img loading=\"lazy\" src=\"http:\/\/museumek.eu\/wp-content\/uploads\/2013\/05\/Westerwald-Hirschhorn-Krug-3-174x300.jpg\" alt=\"\" title=\"Westerwald Hirschhorn Krug 3\" width=\"174\" height=\"300\" class=\"alignnone size-medium wp-image-47924\" srcset=\"http:\/\/museumek.eu\/wp-content\/uploads\/2013\/05\/Westerwald-Hirschhorn-Krug-3-174x300.jpg 174w, http:\/\/museumek.eu\/wp-content\/uploads\/2013\/05\/Westerwald-Hirschhorn-Krug-3-87x150.jpg 87w, http:\/\/museumek.eu\/wp-content\/uploads\/2013\/05\/Westerwald-Hirschhorn-Krug-3.jpg 373w\" sizes=\"(max-width: 174px) 100vw, 174px\" \/><\/a><\/p>\n<p><a href=\"http:\/\/museumek.eu\/?attachment_id=47925\" rel=\"attachment wp-att-47925\"><img loading=\"lazy\" src=\"http:\/\/museumek.eu\/wp-content\/uploads\/2013\/05\/Westerwald-Hirschhorn-Krug-4-116x300.jpg\" alt=\"\" title=\"Westerwald Hirschhorn Krug 4\" width=\"116\" height=\"300\" class=\"alignnone size-medium wp-image-47925\" srcset=\"http:\/\/museumek.eu\/wp-content\/uploads\/2013\/05\/Westerwald-Hirschhorn-Krug-4-116x300.jpg 116w, http:\/\/museumek.eu\/wp-content\/uploads\/2013\/05\/Westerwald-Hirschhorn-Krug-4-58x150.jpg 58w\" sizes=\"(max-width: 116px) 100vw, 116px\" \/><\/a><\/p>\n<p><a href=\"http:\/\/museumek.eu\/?attachment_id=47926\" rel=\"attachment wp-att-47926\"><img loading=\"lazy\" src=\"http:\/\/museumek.eu\/wp-content\/uploads\/2013\/05\/Westerwald-Hirschhorn-Krug-5-140x300.jpg\" alt=\"\" title=\"Westerwald Hirschhorn Krug 5\" width=\"140\" height=\"300\" class=\"alignnone size-medium wp-image-47926\" srcset=\"http:\/\/museumek.eu\/wp-content\/uploads\/2013\/05\/Westerwald-Hirschhorn-Krug-5-140x300.jpg 140w, http:\/\/museumek.eu\/wp-content\/uploads\/2013\/05\/Westerwald-Hirschhorn-Krug-5-70x150.jpg 70w, http:\/\/museumek.eu\/wp-content\/uploads\/2013\/05\/Westerwald-Hirschhorn-Krug-5.jpg 300w\" sizes=\"(max-width: 140px) 100vw, 140px\" \/><\/a><\/p>\n<p><a href=\"http:\/\/museumek.eu\/?attachment_id=47929\" rel=\"attachment wp-att-47929\"><img loading=\"lazy\" src=\"http:\/\/museumek.eu\/wp-content\/uploads\/2013\/05\/Westerwald-Hirschhorn-Krug-6-127x300.jpg\" alt=\"\" title=\"Westerwald Hirschhorn Krug 6\" width=\"127\" height=\"300\" class=\"alignnone size-medium wp-image-47929\" srcset=\"http:\/\/museumek.eu\/wp-content\/uploads\/2013\/05\/Westerwald-Hirschhorn-Krug-6-127x300.jpg 127w, http:\/\/museumek.eu\/wp-content\/uploads\/2013\/05\/Westerwald-Hirschhorn-Krug-6-63x150.jpg 63w\" sizes=\"(max-width: 127px) 100vw, 127px\" \/><\/a><\/p>\n<p><a href=\"http:\/\/museumek.eu\/?attachment_id=47930\" rel=\"attachment wp-att-47930\"><img loading=\"lazy\" src=\"http:\/\/museumek.eu\/wp-content\/uploads\/2013\/05\/Westerwald-Hirschhorn-Krug-7-238x300.jpg\" alt=\"\" title=\"Westerwald Hirschhorn Krug 7\" width=\"238\" height=\"300\" class=\"alignnone size-medium wp-image-47930\" srcset=\"http:\/\/museumek.eu\/wp-content\/uploads\/2013\/05\/Westerwald-Hirschhorn-Krug-7-238x300.jpg 238w, http:\/\/museumek.eu\/wp-content\/uploads\/2013\/05\/Westerwald-Hirschhorn-Krug-7-119x150.jpg 119w, http:\/\/museumek.eu\/wp-content\/uploads\/2013\/05\/Westerwald-Hirschhorn-Krug-7.jpg 480w\" sizes=\"(max-width: 238px) 100vw, 238px\" \/><\/a><\/p>\n<p><a href=\"http:\/\/museumek.eu\/?attachment_id=47933\" rel=\"attachment wp-att-47933\"><img loading=\"lazy\" src=\"http:\/\/museumek.eu\/wp-content\/uploads\/2013\/05\/Westerwald-Hirschhorn-Krug-8-236x300.jpg\" alt=\"\" title=\"Westerwald Hirschhorn Krug 8\" width=\"236\" height=\"300\" class=\"alignnone size-medium wp-image-47933\" srcset=\"http:\/\/museumek.eu\/wp-content\/uploads\/2013\/05\/Westerwald-Hirschhorn-Krug-8-236x300.jpg 236w, http:\/\/museumek.eu\/wp-content\/uploads\/2013\/05\/Westerwald-Hirschhorn-Krug-8-118x150.jpg 118w, http:\/\/museumek.eu\/wp-content\/uploads\/2013\/05\/Westerwald-Hirschhorn-Krug-8.jpg 480w\" sizes=\"(max-width: 236px) 100vw, 236px\" \/><\/a><\/p>\n<p><a href=\"http:\/\/museumek.eu\/?attachment_id=47936\" rel=\"attachment wp-att-47936\"><img loading=\"lazy\" src=\"http:\/\/museumek.eu\/wp-content\/uploads\/2013\/05\/Westerwald-Hirschhorn-Krug-9-240x300.jpg\" alt=\"\" title=\"Westerwald Hirschhorn Krug 9\" width=\"240\" height=\"300\" class=\"alignnone size-medium wp-image-47936\" srcset=\"http:\/\/museumek.eu\/wp-content\/uploads\/2013\/05\/Westerwald-Hirschhorn-Krug-9-240x300.jpg 240w, http:\/\/museumek.eu\/wp-content\/uploads\/2013\/05\/Westerwald-Hirschhorn-Krug-9-120x150.jpg 120w, http:\/\/museumek.eu\/wp-content\/uploads\/2013\/05\/Westerwald-Hirschhorn-Krug-9.jpg 480w\" sizes=\"(max-width: 240px) 100vw, 240px\" \/><\/a><\/p>\n<p><a href=\"http:\/\/museumek.eu\/?attachment_id=47937\" rel=\"attachment wp-att-47937\"><img loading=\"lazy\" src=\"http:\/\/museumek.eu\/wp-content\/uploads\/2013\/05\/Westerwald-Hirschhorn-Krug-10-300x195.jpg\" alt=\"\" title=\"Westerwald Hirschhorn Krug 10\" width=\"300\" height=\"195\" class=\"alignnone size-medium wp-image-47937\" srcset=\"http:\/\/museumek.eu\/wp-content\/uploads\/2013\/05\/Westerwald-Hirschhorn-Krug-10-300x195.jpg 300w, http:\/\/museumek.eu\/wp-content\/uploads\/2013\/05\/Westerwald-Hirschhorn-Krug-10-150x97.jpg 150w, http:\/\/museumek.eu\/wp-content\/uploads\/2013\/05\/Westerwald-Hirschhorn-Krug-10-460x300.jpg 460w, http:\/\/museumek.eu\/wp-content\/uploads\/2013\/05\/Westerwald-Hirschhorn-Krug-10.jpg 640w\" sizes=\"(max-width: 300px) 100vw, 300px\" \/><\/a><\/p>\n<p><a href=\"http:\/\/museumek.eu\/?attachment_id=47940\" rel=\"attachment wp-att-47940\"><img loading=\"lazy\" src=\"http:\/\/museumek.eu\/wp-content\/uploads\/2013\/05\/Westerwald-Hirschhorn-Krug-11-300x289.jpg\" alt=\"\" title=\"Westerwald Hirschhorn Krug 11\" width=\"300\" height=\"289\" class=\"alignnone size-medium wp-image-47940\" srcset=\"http:\/\/museumek.eu\/wp-content\/uploads\/2013\/05\/Westerwald-Hirschhorn-Krug-11-300x289.jpg 300w, http:\/\/museumek.eu\/wp-content\/uploads\/2013\/05\/Westerwald-Hirschhorn-Krug-11-150x144.jpg 150w, http:\/\/museumek.eu\/wp-content\/uploads\/2013\/05\/Westerwald-Hirschhorn-Krug-11-310x300.jpg 310w, http:\/\/museumek.eu\/wp-content\/uploads\/2013\/05\/Westerwald-Hirschhorn-Krug-11.jpg 497w\" sizes=\"(max-width: 300px) 100vw, 300px\" \/><\/a><\/p>\n<p><a href=\"http:\/\/museumek.eu\/?attachment_id=47941\" rel=\"attachment wp-att-47941\"><img loading=\"lazy\" src=\"http:\/\/museumek.eu\/wp-content\/uploads\/2013\/05\/Westerwald-Hirschhorn-Krug-12-208x300.jpg\" alt=\"\" title=\"Westerwald Hirschhorn Krug 12\" width=\"208\" height=\"300\" class=\"alignnone size-medium wp-image-47941\" srcset=\"http:\/\/museumek.eu\/wp-content\/uploads\/2013\/05\/Westerwald-Hirschhorn-Krug-12-208x300.jpg 208w, http:\/\/museumek.eu\/wp-content\/uploads\/2013\/05\/Westerwald-Hirschhorn-Krug-12-104x150.jpg 104w, http:\/\/museumek.eu\/wp-content\/uploads\/2013\/05\/Westerwald-Hirschhorn-Krug-12.jpg 444w\" sizes=\"(max-width: 208px) 100vw, 208px\" \/><\/a><\/p>\n","protected":false},"excerpt":{"rendered":"<p>Abteilung Deutschland, Keramik 1860 \u2013 1960, Inventarnummer D\/LXXXII\/40 Westerw\u00e4lder Steinzeug ohne Fabrikzuordnung, Deutschland, Westerwald, um 1900, Krug, K\u00fcnstler unbekannt, Werks.-Nr. 949, Exemplar Nr. ohne, gemarkt keine Fabrikmarke aber 1 L \u00fcber Eichstrich gepresst, 949 sowie 12 gepresst sowie 949 mit &hellip; <a href=\"http:\/\/museumek.eu\/?page_id=47948\">Weiterlesen <span class=\"meta-nav\">&rarr;<\/span><\/a><\/p>\n","protected":false},"author":1,"featured_media":0,"parent":40323,"menu_order":40,"comment_status":"closed","ping_status":"open","template":"","meta":[],"_links":{"self":[{"href":"http:\/\/museumek.eu\/index.php?rest_route=\/wp\/v2\/pages\/47948"}],"collection":[{"href":"http:\/\/museumek.eu\/index.php?rest_route=\/wp\/v2\/pages"}],"about":[{"href":"http:\/\/museumek.eu\/index.php?rest_route=\/wp\/v2\/types\/page"}],"author":[{"embeddable":true,"href":"http:\/\/museumek.eu\/index.php?rest_route=\/wp\/v2\/users\/1"}],"replies":[{"embeddable":true,"href":"http:\/\/museumek.eu\/index.php?rest_route=%2Fwp%2Fv2%2Fcomments&post=47948"}],"version-history":[{"count":2,"href":"http:\/\/museumek.eu\/index.php?rest_route=\/wp\/v2\/pages\/47948\/revisions"}],"predecessor-version":[{"id":47950,"href":"http:\/\/museumek.eu\/index.php?rest_route=\/wp\/v2\/pages\/47948\/revisions\/47950"}],"up":[{"embeddable":true,"href":"http:\/\/museumek.eu\/index.php?rest_route=\/wp\/v2\/pages\/40323"}],"wp:attachment":[{"href":"http:\/\/museumek.eu\/index.php?rest_route=%2Fwp%2Fv2%2Fmedia&parent=47948"}],"curies":[{"name":"wp","href":"https:\/\/api.w.org\/{rel}","templated":true}]}}