{"id":4801,"date":"2011-09-23T15:28:58","date_gmt":"2011-09-23T13:28:58","guid":{"rendered":"http:\/\/museumek.eu\/?page_id=4801"},"modified":"2012-10-28T17:14:51","modified_gmt":"2012-10-28T16:14:51","slug":"fotos-und-beschreibung","status":"publish","type":"page","link":"http:\/\/museumek.eu\/?page_id=4801","title":{"rendered":"Fotos und Beschreibung"},"content":{"rendered":"<p><strong>Abteilung D\u00e4nemark, Keramik 1860 \u2013 1960, Inventarnummer D\u00e4\/II\/1<\/strong><\/p>\n<p>Manufaktur Christian Madsen, D\u00e4nemark, Kopenhagen, um 1915, Vase, K\u00fcnstler Christian Madsen, Werks.-Nr. H 10, Exemplar Nr. ohne, gemarkt Ritzmarke der K\u00fcnstlersignatur, H 10 rot gemalt, Madsen war ab 1905 u. a. auch als freier Mitarbeiter der Porzellanmanufaktur Royal Kopenhagen t\u00e4tig, signiert = gemarkt,<br \/>\nH\u00f6he 14,5 cm, Breite 9,5 cm<\/p>\n<p><a href=\"http:\/\/museumek.eu\/wp-content\/uploads\/2011\/09\/Museum-Europ\u00e4ischer-Keramikkunst-10441.jpg\"><img loading=\"lazy\" src=\"http:\/\/museumek.eu\/wp-content\/uploads\/2011\/09\/Museum-Europ\u00e4ischer-Keramikkunst-10441-197x300.jpg\" alt=\"\" title=\"Museum Europ\u00e4ischer Keramikkunst 1044\" width=\"197\" height=\"300\" class=\"alignnone size-medium wp-image-4794\" srcset=\"http:\/\/museumek.eu\/wp-content\/uploads\/2011\/09\/Museum-Europ\u00e4ischer-Keramikkunst-10441-197x300.jpg 197w, http:\/\/museumek.eu\/wp-content\/uploads\/2011\/09\/Museum-Europ\u00e4ischer-Keramikkunst-10441.jpg 428w\" sizes=\"(max-width: 197px) 100vw, 197px\" \/><\/a><\/p>\n<p><a href=\"http:\/\/museumek.eu\/wp-content\/uploads\/2011\/09\/Museum-Europ\u00e4ischer-Keramikkunst-10431.jpg\"><img loading=\"lazy\" src=\"http:\/\/museumek.eu\/wp-content\/uploads\/2011\/09\/Museum-Europ\u00e4ischer-Keramikkunst-10431-246x300.jpg\" alt=\"\" title=\"Museum Europ\u00e4ischer Keramikkunst 1043\" width=\"246\" height=\"300\" class=\"alignnone size-medium wp-image-4795\" srcset=\"http:\/\/museumek.eu\/wp-content\/uploads\/2011\/09\/Museum-Europ\u00e4ischer-Keramikkunst-10431-246x300.jpg 246w, http:\/\/museumek.eu\/wp-content\/uploads\/2011\/09\/Museum-Europ\u00e4ischer-Keramikkunst-10431.jpg 511w\" sizes=\"(max-width: 246px) 100vw, 246px\" \/><\/a><\/p>\n","protected":false},"excerpt":{"rendered":"<p>Abteilung D\u00e4nemark, Keramik 1860 \u2013 1960, Inventarnummer D\u00e4\/II\/1 Manufaktur Christian Madsen, D\u00e4nemark, Kopenhagen, um 1915, Vase, K\u00fcnstler Christian Madsen, Werks.-Nr. H 10, Exemplar Nr. ohne, gemarkt Ritzmarke der K\u00fcnstlersignatur, H 10 rot gemalt, Madsen war ab 1905 u. a. auch &hellip; <a href=\"http:\/\/museumek.eu\/?page_id=4801\">Weiterlesen <span class=\"meta-nav\">&rarr;<\/span><\/a><\/p>\n","protected":false},"author":1,"featured_media":0,"parent":4798,"menu_order":0,"comment_status":"closed","ping_status":"closed","template":"","meta":[],"_links":{"self":[{"href":"http:\/\/museumek.eu\/index.php?rest_route=\/wp\/v2\/pages\/4801"}],"collection":[{"href":"http:\/\/museumek.eu\/index.php?rest_route=\/wp\/v2\/pages"}],"about":[{"href":"http:\/\/museumek.eu\/index.php?rest_route=\/wp\/v2\/types\/page"}],"author":[{"embeddable":true,"href":"http:\/\/museumek.eu\/index.php?rest_route=\/wp\/v2\/users\/1"}],"replies":[{"embeddable":true,"href":"http:\/\/museumek.eu\/index.php?rest_route=%2Fwp%2Fv2%2Fcomments&post=4801"}],"version-history":[{"count":5,"href":"http:\/\/museumek.eu\/index.php?rest_route=\/wp\/v2\/pages\/4801\/revisions"}],"predecessor-version":[{"id":15968,"href":"http:\/\/museumek.eu\/index.php?rest_route=\/wp\/v2\/pages\/4801\/revisions\/15968"}],"up":[{"embeddable":true,"href":"http:\/\/museumek.eu\/index.php?rest_route=\/wp\/v2\/pages\/4798"}],"wp:attachment":[{"href":"http:\/\/museumek.eu\/index.php?rest_route=%2Fwp%2Fv2%2Fmedia&parent=4801"}],"curies":[{"name":"wp","href":"https:\/\/api.w.org\/{rel}","templated":true}]}}