{"id":48176,"date":"2020-07-30T00:17:56","date_gmt":"2020-07-29T22:17:56","guid":{"rendered":"http:\/\/museumek.eu\/?page_id=48176"},"modified":"2020-07-30T00:17:56","modified_gmt":"2020-07-29T22:17:56","slug":"ai179","status":"publish","type":"page","link":"http:\/\/museumek.eu\/?page_id=48176","title":{"rendered":"A\/I\/179"},"content":{"rendered":"<p><strong>Abteilung Austria\/Ungarn\/B\u00f6hmen, Keramik 1860 &#8211; 1960, Inventarnummer A\/I\/179<\/strong><\/p>\n<p>Manufaktur Friedrich Goldscheider, Austria, Wien, um 1898\/99, Figur Mignon, stehende junge Frau mit langem Haar, nach rechts blickend, K\u00fcnstler J. Mercadier, Werks.-Nr. 1643\/Exemplar Nr. 330\/Modelleur Nr. 24, gemarkt Friedrich Goldscheider Wien Sculpturemarke aufgelegt, verwendet zwischen 1900 \u2013 1920 sowie REPRODUCTION R\u00c9SERV\u00c9E, 1643, 330, sowie 24 gepresst, Mercadier geritzt, signiert Mercadier, Literatur: Robert E. Dechant\/Filipp Goldscheider, Goldscheider Firmengeschichte und Werkverzeichnis, Seite 327, dort ohne Foto erfasst, Seite 604, Firmenmarke GS 13 (f\u00fcr die Zeit 1900 \u2013 1920) sowie Seite 606, Zusatz GS Z 11 (f\u00fcr die Zeit 1885 &#8211; 1922) identisch, die Urspr\u00fcnge der Firma gehen zur\u00fcck auf das Pilsener Handelsunternehmen Moritz Goldscheider der 1860\u2018 Jahre, nach dem Tode von Moritz Goldscheider werden die Br\u00fcder Eduard und Friedrich Goldscheider Eigent\u00fcmer und firmieren ab 1877 als M. Goldscheider\u2019s Erben, Thon-und Kunststeinmanufactur Werk Moldau und ab 1878 als Br\u00fcder Goldscheider, im Jahre 1878 wandert Friedrich Goldscheider nach Wien aus und Eduard f\u00fchrt die Firma in Pilsen bis zum Konkurs 1892 allein weiter, Friedrich Goldscheider firmiert in Wien ab 1880 als Goldscheider\u2019sche Porzellan-Manufaktur und Porzellanmalerei, neben Handelsgesch\u00e4ften betreibt die Firma vorwiegend die Porzellanmalerei, das Porzellan wird von b\u00f6hmischen Manufakturen bezogen und teilweise auch in B\u00f6hmen bemalt, ab 1885 \u00e4ndert sich die Firmierung in Goldscheider\u2019sche Porzellan-Manufaktur und Majolicafabrik, das Jahr 1885 gilt als das offizielle Gr\u00fcndungsjahr, ab 1887 bezeichnet Friedrich Goldscheider seine Fabrik als Erste Wiener Terracotta- und Majolika-Fabrik Friedrich Goldscheider oder als Erste Wiener Kunst-Terracotta-Fabrik und kunstgewerbliche Ateliers Friedrich Goldscheider und offiziell ab 1894 als Friedrich Goldscheider Erste Wiener Terrakottafabrik, Friedrich Goldscheider stirbt im Jahre 1897, seine Ehefrau Regine Goldscheider wird Alleineigent\u00fcmer und firmiert ab 1899 als Friedrich Goldscheider in Wien, Berlin und Leipzig, ab 1907 firmiert die Firma als Erste Wiener Terrakottafabrik und Atelier f\u00fcr k\u00fcnstlerische Fayencen Friedrich Goldscheider, im Jahre 1918 stirbt Regine und die S\u00f6hne Walter und Marcell Goldscheider werden Inhaber, ab 1921 \u00e4ndert sich die Firmierung in Wiener Manufaktur Friedrich Goldscheider, 1928 scheidet Marcell Goldscheider aus und gr\u00fcndet seine eigene Firma in Wien, 1939 wird die Firma arisiert und Josef Schuster wird Inhaber, Firmierung ab 1939, Wiener Manufaktur Friedrich Goldscheider Nachf., Inhaber Josef Schuster, ab 1941 lautet die Firmierung Wiener Manufaktur Josef Schuster, vorm. Friedrich Goldscheider, nach dem WK II erh\u00e4lt Friedrich Goldscheider seine Firma zur\u00fcck und firmiert ab 1950 wieder als Wiener Manufaktur Friedrich Goldscheider, in dieser Zeit verkauft er die Firma an die Majolikafabrik Carstens, in Fredelsloh, die in Fredelsloh Wiederauflagen alter Modelle in minderwertigem braunem Ton aber auch neue Modelle ebenfalls in dieser Tonart produziert, ab 1953 firmiert die Firma als Kunstkeramische Manufaktur Goldscheider GmbH und 1960 wird die Produktion in Fredelsloh eingestellt, <strong>das MEK Exemplar dieser Figur ist eines der Wenigen, erhalten gebliebene Exemplare, nach den Ausf\u00fchrungen von Dechant\/Goldscheider, gibt es ein weiteres Exemplar mit der Werks.-Nr. 233, welches 1997 bei Christies versteigert wurde<\/strong>,<br \/>\nH\u00f6he 85 cm, Breite 26 cm<\/p>\n<p><a href=\"http:\/\/museumek.eu\/?attachment_id=48156\" rel=\"attachment wp-att-48156\"><img loading=\"lazy\" src=\"http:\/\/museumek.eu\/wp-content\/uploads\/2020\/04\/Goldscheider-Figur-Mignon-1-107x300.jpg\" alt=\"\" title=\"Goldscheider Figur Mignon 1\" width=\"107\" height=\"300\" class=\"alignnone size-medium wp-image-48156\" srcset=\"http:\/\/museumek.eu\/wp-content\/uploads\/2020\/04\/Goldscheider-Figur-Mignon-1-107x300.jpg 107w, http:\/\/museumek.eu\/wp-content\/uploads\/2020\/04\/Goldscheider-Figur-Mignon-1-53x150.jpg 53w\" sizes=\"(max-width: 107px) 100vw, 107px\" \/><\/a><\/p>\n<p><a href=\"http:\/\/museumek.eu\/?attachment_id=48157\" rel=\"attachment wp-att-48157\"><img loading=\"lazy\" src=\"http:\/\/museumek.eu\/wp-content\/uploads\/2020\/04\/Goldscheider-Figur-Mignon-2-124x300.jpg\" alt=\"\" title=\"Goldscheider Figur Mignon 2\" width=\"124\" height=\"300\" class=\"alignnone size-medium wp-image-48157\" srcset=\"http:\/\/museumek.eu\/wp-content\/uploads\/2020\/04\/Goldscheider-Figur-Mignon-2-124x300.jpg 124w, http:\/\/museumek.eu\/wp-content\/uploads\/2020\/04\/Goldscheider-Figur-Mignon-2-62x150.jpg 62w\" sizes=\"(max-width: 124px) 100vw, 124px\" \/><\/a><\/p>\n<p><a href=\"http:\/\/museumek.eu\/?attachment_id=48160\" rel=\"attachment wp-att-48160\"><img loading=\"lazy\" src=\"http:\/\/museumek.eu\/wp-content\/uploads\/2020\/04\/Goldscheider-Figur-Mignon-3-101x300.jpg\" alt=\"\" title=\"Goldscheider Figur Mignon 3\" width=\"101\" height=\"300\" class=\"alignnone size-medium wp-image-48160\" srcset=\"http:\/\/museumek.eu\/wp-content\/uploads\/2020\/04\/Goldscheider-Figur-Mignon-3-101x300.jpg 101w, http:\/\/museumek.eu\/wp-content\/uploads\/2020\/04\/Goldscheider-Figur-Mignon-3-50x150.jpg 50w\" sizes=\"(max-width: 101px) 100vw, 101px\" \/><\/a><\/p>\n<p><a href=\"http:\/\/museumek.eu\/?attachment_id=48161\" rel=\"attachment wp-att-48161\"><img loading=\"lazy\" src=\"http:\/\/museumek.eu\/wp-content\/uploads\/2020\/04\/Goldscheider-Figur-Mignon-4-119x300.jpg\" alt=\"\" title=\"Goldscheider Figur Mignon 4\" width=\"119\" height=\"300\" class=\"alignnone size-medium wp-image-48161\" srcset=\"http:\/\/museumek.eu\/wp-content\/uploads\/2020\/04\/Goldscheider-Figur-Mignon-4-119x300.jpg 119w, http:\/\/museumek.eu\/wp-content\/uploads\/2020\/04\/Goldscheider-Figur-Mignon-4-59x150.jpg 59w, http:\/\/museumek.eu\/wp-content\/uploads\/2020\/04\/Goldscheider-Figur-Mignon-4.jpg 254w\" sizes=\"(max-width: 119px) 100vw, 119px\" \/><\/a><\/p>\n<p><a href=\"http:\/\/museumek.eu\/?attachment_id=48164\" rel=\"attachment wp-att-48164\"><img loading=\"lazy\" src=\"http:\/\/museumek.eu\/wp-content\/uploads\/2020\/04\/Goldscheider-Figur-Mignon-5-226x300.jpg\" alt=\"\" title=\"Goldscheider Figur Mignon 5\" width=\"226\" height=\"300\" class=\"alignnone size-medium wp-image-48164\" srcset=\"http:\/\/museumek.eu\/wp-content\/uploads\/2020\/04\/Goldscheider-Figur-Mignon-5-226x300.jpg 226w, http:\/\/museumek.eu\/wp-content\/uploads\/2020\/04\/Goldscheider-Figur-Mignon-5-113x150.jpg 113w, http:\/\/museumek.eu\/wp-content\/uploads\/2020\/04\/Goldscheider-Figur-Mignon-5.jpg 480w\" sizes=\"(max-width: 226px) 100vw, 226px\" \/><\/a><\/p>\n<p><a href=\"http:\/\/museumek.eu\/?attachment_id=48165\" rel=\"attachment wp-att-48165\"><img loading=\"lazy\" src=\"http:\/\/museumek.eu\/wp-content\/uploads\/2020\/04\/Goldscheider-Figur-Mignon-6-300x149.jpg\" alt=\"\" title=\"Goldscheider Figur Mignon 6\" width=\"300\" height=\"149\" class=\"alignnone size-medium wp-image-48165\" srcset=\"http:\/\/museumek.eu\/wp-content\/uploads\/2020\/04\/Goldscheider-Figur-Mignon-6-300x149.jpg 300w, http:\/\/museumek.eu\/wp-content\/uploads\/2020\/04\/Goldscheider-Figur-Mignon-6-150x74.jpg 150w, http:\/\/museumek.eu\/wp-content\/uploads\/2020\/04\/Goldscheider-Figur-Mignon-6-500x249.jpg 500w, http:\/\/museumek.eu\/wp-content\/uploads\/2020\/04\/Goldscheider-Figur-Mignon-6.jpg 640w\" sizes=\"(max-width: 300px) 100vw, 300px\" \/><\/a><\/p>\n<p><a href=\"http:\/\/museumek.eu\/?attachment_id=48168\" rel=\"attachment wp-att-48168\"><img loading=\"lazy\" src=\"http:\/\/museumek.eu\/wp-content\/uploads\/2020\/04\/Goldscheider-Figur-Mignon-7-134x300.jpg\" alt=\"\" title=\"Goldscheider Figur Mignon 7\" width=\"134\" height=\"300\" class=\"alignnone size-medium wp-image-48168\" srcset=\"http:\/\/museumek.eu\/wp-content\/uploads\/2020\/04\/Goldscheider-Figur-Mignon-7-134x300.jpg 134w, http:\/\/museumek.eu\/wp-content\/uploads\/2020\/04\/Goldscheider-Figur-Mignon-7-67x150.jpg 67w, http:\/\/museumek.eu\/wp-content\/uploads\/2020\/04\/Goldscheider-Figur-Mignon-7.jpg 286w\" sizes=\"(max-width: 134px) 100vw, 134px\" \/><\/a><\/p>\n<p><a href=\"http:\/\/museumek.eu\/?attachment_id=48169\" rel=\"attachment wp-att-48169\"><img loading=\"lazy\" src=\"http:\/\/museumek.eu\/wp-content\/uploads\/2020\/04\/Goldscheider-Figur-Mignon-8-300x253.jpg\" alt=\"\" title=\"Goldscheider Figur Mignon 8\" width=\"300\" height=\"253\" class=\"alignnone size-medium wp-image-48169\" srcset=\"http:\/\/museumek.eu\/wp-content\/uploads\/2020\/04\/Goldscheider-Figur-Mignon-8-300x253.jpg 300w, http:\/\/museumek.eu\/wp-content\/uploads\/2020\/04\/Goldscheider-Figur-Mignon-8-150x126.jpg 150w, http:\/\/museumek.eu\/wp-content\/uploads\/2020\/04\/Goldscheider-Figur-Mignon-8-355x300.jpg 355w, http:\/\/museumek.eu\/wp-content\/uploads\/2020\/04\/Goldscheider-Figur-Mignon-8.jpg 569w\" sizes=\"(max-width: 300px) 100vw, 300px\" \/><\/a><\/p>\n","protected":false},"excerpt":{"rendered":"<p>Abteilung Austria\/Ungarn\/B\u00f6hmen, Keramik 1860 &#8211; 1960, Inventarnummer A\/I\/179 Manufaktur Friedrich Goldscheider, Austria, Wien, um 1898\/99, Figur Mignon, stehende junge Frau mit langem Haar, nach rechts blickend, K\u00fcnstler J. Mercadier, Werks.-Nr. 1643\/Exemplar Nr. 330\/Modelleur Nr. 24, gemarkt Friedrich Goldscheider Wien Sculpturemarke &hellip; <a href=\"http:\/\/museumek.eu\/?page_id=48176\">Weiterlesen <span class=\"meta-nav\">&rarr;<\/span><\/a><\/p>\n","protected":false},"author":1,"featured_media":0,"parent":45965,"menu_order":179,"comment_status":"closed","ping_status":"open","template":"","meta":[],"_links":{"self":[{"href":"http:\/\/museumek.eu\/index.php?rest_route=\/wp\/v2\/pages\/48176"}],"collection":[{"href":"http:\/\/museumek.eu\/index.php?rest_route=\/wp\/v2\/pages"}],"about":[{"href":"http:\/\/museumek.eu\/index.php?rest_route=\/wp\/v2\/types\/page"}],"author":[{"embeddable":true,"href":"http:\/\/museumek.eu\/index.php?rest_route=\/wp\/v2\/users\/1"}],"replies":[{"embeddable":true,"href":"http:\/\/museumek.eu\/index.php?rest_route=%2Fwp%2Fv2%2Fcomments&post=48176"}],"version-history":[{"count":2,"href":"http:\/\/museumek.eu\/index.php?rest_route=\/wp\/v2\/pages\/48176\/revisions"}],"predecessor-version":[{"id":48178,"href":"http:\/\/museumek.eu\/index.php?rest_route=\/wp\/v2\/pages\/48176\/revisions\/48178"}],"up":[{"embeddable":true,"href":"http:\/\/museumek.eu\/index.php?rest_route=\/wp\/v2\/pages\/45965"}],"wp:attachment":[{"href":"http:\/\/museumek.eu\/index.php?rest_route=%2Fwp%2Fv2%2Fmedia&parent=48176"}],"curies":[{"name":"wp","href":"https:\/\/api.w.org\/{rel}","templated":true}]}}