{"id":48388,"date":"2020-08-08T16:48:01","date_gmt":"2020-08-08T14:48:01","guid":{"rendered":"http:\/\/museumek.eu\/?page_id=48388"},"modified":"2021-01-14T17:50:32","modified_gmt":"2021-01-14T16:50:32","slug":"dlxxxi2","status":"publish","type":"page","link":"http:\/\/museumek.eu\/?page_id=48388","title":{"rendered":"D\/LXXXI\/2"},"content":{"rendered":"<p><strong>Abteilung Deutschland, Keramik 1860 \u2013 1960, Inventarnummer D\/LXXXI\/2<\/strong><\/p>\n<p>Porzellanfabrik Swaine &#038; Co. und Nachf. Porzellanfabrik Gebr. Schoenau, Swaine &#038; Co. GmbH, Deutschland, H\u00fcttensteinach, um 1900, Ei als Deckeldose mit Pfau und Blumenmalerei, K\u00fcnstler unbekannt, Werks.-Nr. ohne, Exemplar Nr. ohne, gemarkt zwei gekreuzte Pfeiffen, links mittig S. (f\u00fcr Swaine), exakt mittig das Zeichen &#038;, rechts mittig C. (f\u00fcr Co.), zwischen den Pfeiffenk\u00f6pfen H. (f\u00fcr H\u00fcttensteinach), darunter Handmalerei gr\u00fcne Stempel, 969. gepresst (Formnummer, siehe auch MEK D\/LXXXI\/1, anderes Ei als Deckeldose, gleiche Gr\u00f6\u00dfe, mit gleicher Formnummer), nicht signiert, Robert E. R\u00f6ntgen, Deutsche Porzellanmarken von 1710 bis heute, Seite 138, Marke Nr. 999 identisch (dort beschrieben f\u00fcr die Zeit von 1896 bis 1920), weitere Literatur: Dieter Z\u00fchlsdorff, Markenlexikon Band 1, Porzellan und Keramik Report 1885 &#8211; 1935, Seite 383, Werkteil 1, Gruppennummer 22., laufende Nummer der Gruppe 63, dort identische Marke (f\u00fcr die Zeit um 1900 bis 1920) sowie Seite 525, Werkteil Nr. 3, laufende Nummer des Werkteils 554, dort Beschreibung der Fabrik, 1854 gr\u00fcndete Robert Swaine die Porzellanfabrik in H\u00fcttensteinach, Firmierung Porzellanfabrik Swaine &#038; Co., zuvor war Robert Swaine Mitgesellschafter einer anderen Porzellanfabrik in H\u00fcttensteinach, deren Teilhaber er durch Abkauf der Anteile des Herrn August Arnoldi wurde, gegr\u00fcndet wurde diese Porzellanfabrik 1817 durch den Kommerzienrat Greiner aus Meiningen und den Hofkammerrat K\u00fcnzel, das ist insofern interessant, weil diese Porzellanfabrik 1859 durch die Br\u00fcder Carl und Eduard Schoenau ersteigert und an die Porzellanfabrik Swaine und Co. verpachtet wurde, insofern ist anzunehmen, dass die Porzellanfabrik Swaine und Co. seit 1859 an zwei Standorten in H\u00fcttensteinach Porzellan produzierte, zumindest bis 1864, als die Br\u00fcder Schoenau selbst in dieser Fabrik die Porzellan Produktion aufnahmen, die Firmierung der Porzellanfabrik ist von 1817 bis 1864 nicht gekl\u00e4rt aber ab 1864 sicher Porzellanfabrik Gebr\u00fcder Schoenau, 1856 tritt der Bruder von Robert Swaine, William Swaine in die Porzellanfabrik Swaine &#038; Co. ein, von 1869 bis 1907 ist William der Gesch\u00e4ftsf\u00fchrer der Fabrik, um 1900 f\u00fchrt Theodor Schmuz-Baudiss in der Fabrik Versuche im Unterglasurdekor aus, dies im Auftrag der Vereinigten Werkst\u00e4tten f\u00fcr Kunst im Handwerk, M\u00fcnchen, ab 1907 ist der Schwiegersohn von William Swaine, Georg Conta Inhaber der Fabrik, 1917 wird die Fabrik von Kommerzienrat Albert Schoenau, wahrscheinlich ein Sohn einer der Br\u00fcder Carl oder Eduard Schoenau, \u00fcbernommen und 1920 erfolgt der Zusammenschluss der Porzellanfabrik Gebr\u00fcder Schoenau und der Porzellanfabrik Swaine &#038; Co. zur Porzellanfabrik Gebr. Schoenau, Swaine &#038; Co. GmbH, ab 1920 wird auch so firmiert, 1932 sind Inhaber: Frau Geheimrat Schoenau, Adolf G\u00fcnther Schoenau und Horst Schoenau, ab 1935 werden die beiden Fabriken in die Produktion von Gebrauchs- Laboratorium- und Elektrotechnische Porzellan aufgeteilt und wahrscheinlich ab da kein Kunstporzellan mehr produziert, nach WK II werden die Fabriken verstaatlicht,<br \/>\nH\u00f6he 6 cm, Breite 9 cm<\/p>\n<p><a href=\"http:\/\/museumek.eu\/?attachment_id=48367\" rel=\"attachment wp-att-48367\"><img loading=\"lazy\" src=\"http:\/\/museumek.eu\/wp-content\/uploads\/2013\/05\/Swaine-Co.-eif\u00f6rmige-Dose-mit-Vogel-1-235x300.jpg\" alt=\"\" title=\"Swaine &amp; Co. eif\u00f6rmige Dose mit Vogel 1\" width=\"235\" height=\"300\" class=\"alignnone size-medium wp-image-48367\" srcset=\"http:\/\/museumek.eu\/wp-content\/uploads\/2013\/05\/Swaine-Co.-eif\u00f6rmige-Dose-mit-Vogel-1-235x300.jpg 235w, http:\/\/museumek.eu\/wp-content\/uploads\/2013\/05\/Swaine-Co.-eif\u00f6rmige-Dose-mit-Vogel-1-117x150.jpg 117w, http:\/\/museumek.eu\/wp-content\/uploads\/2013\/05\/Swaine-Co.-eif\u00f6rmige-Dose-mit-Vogel-1.jpg 453w\" sizes=\"(max-width: 235px) 100vw, 235px\" \/><\/a><\/p>\n<p><a href=\"http:\/\/museumek.eu\/?attachment_id=48368\" rel=\"attachment wp-att-48368\"><img loading=\"lazy\" src=\"http:\/\/museumek.eu\/wp-content\/uploads\/2013\/05\/Swaine-Co.-eif\u00f6rmige-Dose-mit-Vogel-2-300x267.jpg\" alt=\"\" title=\"Swaine &amp; Co. eif\u00f6rmige Dose mit Vogel 2\" width=\"300\" height=\"267\" class=\"alignnone size-medium wp-image-48368\" srcset=\"http:\/\/museumek.eu\/wp-content\/uploads\/2013\/05\/Swaine-Co.-eif\u00f6rmige-Dose-mit-Vogel-2-300x267.jpg 300w, http:\/\/museumek.eu\/wp-content\/uploads\/2013\/05\/Swaine-Co.-eif\u00f6rmige-Dose-mit-Vogel-2-150x133.jpg 150w, http:\/\/museumek.eu\/wp-content\/uploads\/2013\/05\/Swaine-Co.-eif\u00f6rmige-Dose-mit-Vogel-2-336x300.jpg 336w, http:\/\/museumek.eu\/wp-content\/uploads\/2013\/05\/Swaine-Co.-eif\u00f6rmige-Dose-mit-Vogel-2.jpg 377w\" sizes=\"(max-width: 300px) 100vw, 300px\" \/><\/a><\/p>\n<p><a href=\"http:\/\/museumek.eu\/?attachment_id=48369\" rel=\"attachment wp-att-48369\"><img loading=\"lazy\" src=\"http:\/\/museumek.eu\/wp-content\/uploads\/2013\/05\/Swaine-Co.-eif\u00f6rmige-Dose-mit-Vogel-3-300x211.jpg\" alt=\"\" title=\"Swaine &amp; Co. eif\u00f6rmige Dose mit Vogel 3\" width=\"300\" height=\"211\" class=\"alignnone size-medium wp-image-48369\" srcset=\"http:\/\/museumek.eu\/wp-content\/uploads\/2013\/05\/Swaine-Co.-eif\u00f6rmige-Dose-mit-Vogel-3-300x211.jpg 300w, http:\/\/museumek.eu\/wp-content\/uploads\/2013\/05\/Swaine-Co.-eif\u00f6rmige-Dose-mit-Vogel-3-150x105.jpg 150w, http:\/\/museumek.eu\/wp-content\/uploads\/2013\/05\/Swaine-Co.-eif\u00f6rmige-Dose-mit-Vogel-3-424x300.jpg 424w, http:\/\/museumek.eu\/wp-content\/uploads\/2013\/05\/Swaine-Co.-eif\u00f6rmige-Dose-mit-Vogel-3.jpg 640w\" sizes=\"(max-width: 300px) 100vw, 300px\" \/><\/a><\/p>\n<p><a href=\"http:\/\/museumek.eu\/?attachment_id=48370\" rel=\"attachment wp-att-48370\"><img loading=\"lazy\" src=\"http:\/\/museumek.eu\/wp-content\/uploads\/2013\/05\/Swaine-Co.-eif\u00f6rmige-Dose-mit-Vogel-4-231x300.jpg\" alt=\"\" title=\"Swaine &amp; Co. eif\u00f6rmige Dose mit Vogel 4\" width=\"231\" height=\"300\" class=\"alignnone size-medium wp-image-48370\" srcset=\"http:\/\/museumek.eu\/wp-content\/uploads\/2013\/05\/Swaine-Co.-eif\u00f6rmige-Dose-mit-Vogel-4-231x300.jpg 231w, http:\/\/museumek.eu\/wp-content\/uploads\/2013\/05\/Swaine-Co.-eif\u00f6rmige-Dose-mit-Vogel-4-115x150.jpg 115w, http:\/\/museumek.eu\/wp-content\/uploads\/2013\/05\/Swaine-Co.-eif\u00f6rmige-Dose-mit-Vogel-4.jpg 480w\" sizes=\"(max-width: 231px) 100vw, 231px\" \/><\/a><\/p>\n<p><a href=\"http:\/\/museumek.eu\/?attachment_id=48371\" rel=\"attachment wp-att-48371\"><img loading=\"lazy\" src=\"http:\/\/museumek.eu\/wp-content\/uploads\/2013\/05\/Swaine-Co.-eif\u00f6rmige-Dose-mit-Vogel-5-300x226.jpg\" alt=\"\" title=\"Swaine &amp; Co. eif\u00f6rmige Dose mit Vogel 5\" width=\"300\" height=\"226\" class=\"alignnone size-medium wp-image-48371\" srcset=\"http:\/\/museumek.eu\/wp-content\/uploads\/2013\/05\/Swaine-Co.-eif\u00f6rmige-Dose-mit-Vogel-5-300x226.jpg 300w, http:\/\/museumek.eu\/wp-content\/uploads\/2013\/05\/Swaine-Co.-eif\u00f6rmige-Dose-mit-Vogel-5-150x113.jpg 150w, http:\/\/museumek.eu\/wp-content\/uploads\/2013\/05\/Swaine-Co.-eif\u00f6rmige-Dose-mit-Vogel-5-398x300.jpg 398w, http:\/\/museumek.eu\/wp-content\/uploads\/2013\/05\/Swaine-Co.-eif\u00f6rmige-Dose-mit-Vogel-5.jpg 572w\" sizes=\"(max-width: 300px) 100vw, 300px\" \/><\/a><\/p>\n<p><a href=\"http:\/\/museumek.eu\/?attachment_id=48374\" rel=\"attachment wp-att-48374\"><img loading=\"lazy\" src=\"http:\/\/museumek.eu\/wp-content\/uploads\/2013\/05\/Swaine-Co.-eif\u00f6rmige-Dose-mit-Vogel-6-300x231.jpg\" alt=\"\" title=\"Swaine &amp; Co. eif\u00f6rmige Dose mit Vogel 6\" width=\"300\" height=\"231\" class=\"alignnone size-medium wp-image-48374\" srcset=\"http:\/\/museumek.eu\/wp-content\/uploads\/2013\/05\/Swaine-Co.-eif\u00f6rmige-Dose-mit-Vogel-6-300x231.jpg 300w, http:\/\/museumek.eu\/wp-content\/uploads\/2013\/05\/Swaine-Co.-eif\u00f6rmige-Dose-mit-Vogel-6-150x115.jpg 150w, http:\/\/museumek.eu\/wp-content\/uploads\/2013\/05\/Swaine-Co.-eif\u00f6rmige-Dose-mit-Vogel-6-389x300.jpg 389w, http:\/\/museumek.eu\/wp-content\/uploads\/2013\/05\/Swaine-Co.-eif\u00f6rmige-Dose-mit-Vogel-6.jpg 623w\" sizes=\"(max-width: 300px) 100vw, 300px\" \/><\/a><\/p>\n<p><a href=\"http:\/\/museumek.eu\/?attachment_id=48375\" rel=\"attachment wp-att-48375\"><img loading=\"lazy\" src=\"http:\/\/museumek.eu\/wp-content\/uploads\/2013\/05\/Swaine-Co.-eif\u00f6rmige-Dose-mit-Vogel-7-293x300.jpg\" alt=\"\" title=\"Swaine &amp; Co. eif\u00f6rmige Dose mit Vogel 7\" width=\"293\" height=\"300\" class=\"alignnone size-medium wp-image-48375\" srcset=\"http:\/\/museumek.eu\/wp-content\/uploads\/2013\/05\/Swaine-Co.-eif\u00f6rmige-Dose-mit-Vogel-7-293x300.jpg 293w, http:\/\/museumek.eu\/wp-content\/uploads\/2013\/05\/Swaine-Co.-eif\u00f6rmige-Dose-mit-Vogel-7-146x150.jpg 146w, http:\/\/museumek.eu\/wp-content\/uploads\/2013\/05\/Swaine-Co.-eif\u00f6rmige-Dose-mit-Vogel-7.jpg 480w\" sizes=\"(max-width: 293px) 100vw, 293px\" \/><\/a><\/p>\n<p><a href=\"http:\/\/museumek.eu\/?attachment_id=48376\" rel=\"attachment wp-att-48376\"><img loading=\"lazy\" src=\"http:\/\/museumek.eu\/wp-content\/uploads\/2013\/05\/Swaine-Co.-eif\u00f6rmige-Dose-mit-Vogel-8-234x300.jpg\" alt=\"\" title=\"Swaine &amp; Co. eif\u00f6rmige Dose mit Vogel 8\" width=\"234\" height=\"300\" class=\"alignnone size-medium wp-image-48376\" srcset=\"http:\/\/museumek.eu\/wp-content\/uploads\/2013\/05\/Swaine-Co.-eif\u00f6rmige-Dose-mit-Vogel-8-234x300.jpg 234w, http:\/\/museumek.eu\/wp-content\/uploads\/2013\/05\/Swaine-Co.-eif\u00f6rmige-Dose-mit-Vogel-8-117x150.jpg 117w, http:\/\/museumek.eu\/wp-content\/uploads\/2013\/05\/Swaine-Co.-eif\u00f6rmige-Dose-mit-Vogel-8.jpg 480w\" sizes=\"(max-width: 234px) 100vw, 234px\" \/><\/a><\/p>\n<p><a href=\"http:\/\/museumek.eu\/?attachment_id=48377\" rel=\"attachment wp-att-48377\"><img loading=\"lazy\" src=\"http:\/\/museumek.eu\/wp-content\/uploads\/2013\/05\/Swaine-Co.-eif\u00f6rmige-Dose-mit-Vogel-9-300x210.jpg\" alt=\"\" title=\"Swaine &amp; Co. eif\u00f6rmige Dose mit Vogel 9\" width=\"300\" height=\"210\" class=\"alignnone size-medium wp-image-48377\" srcset=\"http:\/\/museumek.eu\/wp-content\/uploads\/2013\/05\/Swaine-Co.-eif\u00f6rmige-Dose-mit-Vogel-9-300x210.jpg 300w, http:\/\/museumek.eu\/wp-content\/uploads\/2013\/05\/Swaine-Co.-eif\u00f6rmige-Dose-mit-Vogel-9-150x105.jpg 150w, http:\/\/museumek.eu\/wp-content\/uploads\/2013\/05\/Swaine-Co.-eif\u00f6rmige-Dose-mit-Vogel-9-426x300.jpg 426w, http:\/\/museumek.eu\/wp-content\/uploads\/2013\/05\/Swaine-Co.-eif\u00f6rmige-Dose-mit-Vogel-9.jpg 640w\" sizes=\"(max-width: 300px) 100vw, 300px\" \/><\/a><\/p>\n","protected":false},"excerpt":{"rendered":"<p>Abteilung Deutschland, Keramik 1860 \u2013 1960, Inventarnummer D\/LXXXI\/2 Porzellanfabrik Swaine &#038; Co. und Nachf. Porzellanfabrik Gebr. Schoenau, Swaine &#038; Co. GmbH, Deutschland, H\u00fcttensteinach, um 1900, Ei als Deckeldose mit Pfau und Blumenmalerei, K\u00fcnstler unbekannt, Werks.-Nr. ohne, Exemplar Nr. ohne, gemarkt &hellip; <a href=\"http:\/\/museumek.eu\/?page_id=48388\">Weiterlesen <span class=\"meta-nav\">&rarr;<\/span><\/a><\/p>\n","protected":false},"author":1,"featured_media":0,"parent":22282,"menu_order":2,"comment_status":"closed","ping_status":"open","template":"","meta":[],"_links":{"self":[{"href":"http:\/\/museumek.eu\/index.php?rest_route=\/wp\/v2\/pages\/48388"}],"collection":[{"href":"http:\/\/museumek.eu\/index.php?rest_route=\/wp\/v2\/pages"}],"about":[{"href":"http:\/\/museumek.eu\/index.php?rest_route=\/wp\/v2\/types\/page"}],"author":[{"embeddable":true,"href":"http:\/\/museumek.eu\/index.php?rest_route=\/wp\/v2\/users\/1"}],"replies":[{"embeddable":true,"href":"http:\/\/museumek.eu\/index.php?rest_route=%2Fwp%2Fv2%2Fcomments&post=48388"}],"version-history":[{"count":8,"href":"http:\/\/museumek.eu\/index.php?rest_route=\/wp\/v2\/pages\/48388\/revisions"}],"predecessor-version":[{"id":52168,"href":"http:\/\/museumek.eu\/index.php?rest_route=\/wp\/v2\/pages\/48388\/revisions\/52168"}],"up":[{"embeddable":true,"href":"http:\/\/museumek.eu\/index.php?rest_route=\/wp\/v2\/pages\/22282"}],"wp:attachment":[{"href":"http:\/\/museumek.eu\/index.php?rest_route=%2Fwp%2Fv2%2Fmedia&parent=48388"}],"curies":[{"name":"wp","href":"https:\/\/api.w.org\/{rel}","templated":true}]}}