{"id":49588,"date":"2020-09-19T23:18:27","date_gmt":"2020-09-19T21:18:27","guid":{"rendered":"http:\/\/museumek.eu\/?page_id=49588"},"modified":"2021-01-13T16:44:15","modified_gmt":"2021-01-13T15:44:15","slug":"flvi1","status":"publish","type":"page","link":"http:\/\/museumek.eu\/?page_id=49588","title":{"rendered":"F\/LVI\/1"},"content":{"rendered":"<p><strong>Abteilung Deutschland, Keramik 1860 \u2013 1960, Inventarnummer F\/LVI\/1<\/strong><\/p>\n<p>Manufacture Charles Ahrenfeldt, Frankreich, Limoges, um 1920, Schale, K\u00fcnstler unbekannt, Werks.-Nr. ohne, Exemplar Nr. ohne, gemarkt erste Marke: (Weisswarenmarke) CA ligiert, darunter FRANCE, darunter DEPOSE dunkelgr\u00fcner Stempel auf Glasur sowie zweite Marke: (Dekormarke) C. AHRENFELDT, darunter LIMOGES, hellgr\u00fcner Stempel auf Glasur, nicht signiert, Literatur: Dieter Z\u00fchlsdorff, Markenlexikon Band 1, Porzellan und Keramik Report 1885 &#8211; 1935, Seite 78, erste Marke Werkteil-Nummer 1, Gruppen-Nummer 1. fortlaufende Nummer innerhalb der Gruppe 1530 sehr \u00e4hnliche Marke (dort f\u00fcr die Zeit ab 1896 f\u00fcr Weissporzellan eingeordnet), zweite Marke Werkteil-Nummer 1, Gruppen-Nummer 2., fortlaufende Nummer innerhalb der Gruppe 13 identische (dort f\u00fcr die Zeit ab 1896 als Dekormarke eingeordnet sowie Seite 548, kurze Beschreibung der Fabrik, , weitere Literatur: Mary Frank Gaston, Collector&#8217;s Encyclopedia of Limoges Porcelain, Third Edition, Seite 21, Beschreibung der Fabrik sowie Seite 23, Marke Nr. 4 identisch (erste Marke); MEK Stempel mit Zusatz Depose f\u00fcr gesch\u00fctzt und Marke Nr. 8a identisch (zweite Marke; MEK Stempel in gr\u00fcn, dort in rot), Charles AHRENFELDT (1807-94) wurde in Deutschland geboren, in den 1830er Jahren begann er, Porzellan nach New York City zu importieren, in den 1840er Jahren zog er nach Paris und hatte ein Dekorationsstudio, irgendwann zwischen 1859 und Ende der 1860er Jahre gr\u00fcndete er eine Exportfirma in Limoges und entwickelte einen breiten Exportmarkt, insbesondere nach Nordamerika, um 1884 begann er auch in Limoges Porzellan zu dekorieren, m\u00f6glicherweise gr\u00fcndete er um diese Zeit seine Porzellanfabrik, sein Sohn Charles J. Ahrenfeldt (1856-1934) \u00fcbernahm diese Porzellanfabrik 1894 nach dem Tod des Vaters, 1896 baute er im Stadtteil Montjovis in Limoges eine Porzellanfabrik, M. Grob \u00fcbernahm die Fabrik im Jahr 1917, Grob wurde ab 1896 als Manager der neuen Fabrik erw\u00e4hnt, die Manufaktur stellte hochwertiges Porzellan her und gewann den Grand Prix bei der Art Deco Ausstellung im Jahr 1925, Grob starb 1934 und wurde von seiner Witwe abgel\u00f6st, eine Finanzgruppe kaufte die Fabrik 1958, die Produktion ging zur\u00fcck und die Fabrik wurde 1969 geschlossen, H\u00f6he 3 cm, Breite 21,2 cm<\/p>\n<p><a href=\"http:\/\/museumek.eu\/?attachment_id=49569\" rel=\"attachment wp-att-49569\"><img loading=\"lazy\" src=\"http:\/\/museumek.eu\/wp-content\/uploads\/2020\/09\/Ahrenfeld-Schale-1-186x300.jpg\" alt=\"\" title=\"Ahrenfeld Schale 1\" width=\"186\" height=\"300\" class=\"alignnone size-medium wp-image-49569\" srcset=\"http:\/\/museumek.eu\/wp-content\/uploads\/2020\/09\/Ahrenfeld-Schale-1-186x300.jpg 186w, http:\/\/museumek.eu\/wp-content\/uploads\/2020\/09\/Ahrenfeld-Schale-1-93x150.jpg 93w, http:\/\/museumek.eu\/wp-content\/uploads\/2020\/09\/Ahrenfeld-Schale-1.jpg 398w\" sizes=\"(max-width: 186px) 100vw, 186px\" \/><\/a><\/p>\n<p><a href=\"http:\/\/museumek.eu\/?attachment_id=49570\" rel=\"attachment wp-att-49570\"><img loading=\"lazy\" src=\"http:\/\/museumek.eu\/wp-content\/uploads\/2020\/09\/Ahrenfeld-Schale-2-205x300.jpg\" alt=\"\" title=\"Ahrenfeld Schale 2\" width=\"205\" height=\"300\" class=\"alignnone size-medium wp-image-49570\" srcset=\"http:\/\/museumek.eu\/wp-content\/uploads\/2020\/09\/Ahrenfeld-Schale-2-205x300.jpg 205w, http:\/\/museumek.eu\/wp-content\/uploads\/2020\/09\/Ahrenfeld-Schale-2-102x150.jpg 102w, http:\/\/museumek.eu\/wp-content\/uploads\/2020\/09\/Ahrenfeld-Schale-2.jpg 438w\" sizes=\"(max-width: 205px) 100vw, 205px\" \/><\/a><\/p>\n<p><a href=\"http:\/\/museumek.eu\/?attachment_id=49571\" rel=\"attachment wp-att-49571\"><img loading=\"lazy\" src=\"http:\/\/museumek.eu\/wp-content\/uploads\/2020\/09\/Ahrenfeld-Schale-3-300x279.jpg\" alt=\"\" title=\"Ahrenfeld Schale 3\" width=\"300\" height=\"279\" class=\"alignnone size-medium wp-image-49571\" srcset=\"http:\/\/museumek.eu\/wp-content\/uploads\/2020\/09\/Ahrenfeld-Schale-3-300x279.jpg 300w, http:\/\/museumek.eu\/wp-content\/uploads\/2020\/09\/Ahrenfeld-Schale-3-150x139.jpg 150w, http:\/\/museumek.eu\/wp-content\/uploads\/2020\/09\/Ahrenfeld-Schale-3-322x300.jpg 322w, http:\/\/museumek.eu\/wp-content\/uploads\/2020\/09\/Ahrenfeld-Schale-3.jpg 516w\" sizes=\"(max-width: 300px) 100vw, 300px\" \/><\/a><\/p>\n<p><a href=\"http:\/\/museumek.eu\/?attachment_id=49572\" rel=\"attachment wp-att-49572\"><img loading=\"lazy\" src=\"http:\/\/museumek.eu\/wp-content\/uploads\/2020\/09\/Ahrenfeld-Schale-4-286x300.jpg\" alt=\"\" title=\"Ahrenfeld Schale 4\" width=\"286\" height=\"300\" class=\"alignnone size-medium wp-image-49572\" srcset=\"http:\/\/museumek.eu\/wp-content\/uploads\/2020\/09\/Ahrenfeld-Schale-4-286x300.jpg 286w, http:\/\/museumek.eu\/wp-content\/uploads\/2020\/09\/Ahrenfeld-Schale-4-143x150.jpg 143w, http:\/\/museumek.eu\/wp-content\/uploads\/2020\/09\/Ahrenfeld-Schale-4.jpg 480w\" sizes=\"(max-width: 286px) 100vw, 286px\" \/><\/a><\/p>\n<p><a href=\"http:\/\/museumek.eu\/?attachment_id=49573\" rel=\"attachment wp-att-49573\"><img loading=\"lazy\" src=\"http:\/\/museumek.eu\/wp-content\/uploads\/2020\/09\/Ahrenfeld-Schale-5-268x300.jpg\" alt=\"\" title=\"Ahrenfeld Schale 5\" width=\"268\" height=\"300\" class=\"alignnone size-medium wp-image-49573\" srcset=\"http:\/\/museumek.eu\/wp-content\/uploads\/2020\/09\/Ahrenfeld-Schale-5-268x300.jpg 268w, http:\/\/museumek.eu\/wp-content\/uploads\/2020\/09\/Ahrenfeld-Schale-5-134x150.jpg 134w, http:\/\/museumek.eu\/wp-content\/uploads\/2020\/09\/Ahrenfeld-Schale-5.jpg 480w\" sizes=\"(max-width: 268px) 100vw, 268px\" \/><\/a><\/p>\n<p><a href=\"http:\/\/museumek.eu\/?attachment_id=49574\" rel=\"attachment wp-att-49574\"><img loading=\"lazy\" src=\"http:\/\/museumek.eu\/wp-content\/uploads\/2020\/09\/Ahrenfeld-Schale-6-300x160.jpg\" alt=\"\" title=\"Ahrenfeld Schale 6\" width=\"300\" height=\"160\" class=\"alignnone size-medium wp-image-49574\" srcset=\"http:\/\/museumek.eu\/wp-content\/uploads\/2020\/09\/Ahrenfeld-Schale-6-300x160.jpg 300w, http:\/\/museumek.eu\/wp-content\/uploads\/2020\/09\/Ahrenfeld-Schale-6-150x80.jpg 150w, http:\/\/museumek.eu\/wp-content\/uploads\/2020\/09\/Ahrenfeld-Schale-6-500x267.jpg 500w, http:\/\/museumek.eu\/wp-content\/uploads\/2020\/09\/Ahrenfeld-Schale-6.jpg 640w\" sizes=\"(max-width: 300px) 100vw, 300px\" \/><\/a><\/p>\n","protected":false},"excerpt":{"rendered":"<p>Abteilung Deutschland, Keramik 1860 \u2013 1960, Inventarnummer F\/LVI\/1 Manufacture Charles Ahrenfeldt, Frankreich, Limoges, um 1920, Schale, K\u00fcnstler unbekannt, Werks.-Nr. ohne, Exemplar Nr. ohne, gemarkt erste Marke: (Weisswarenmarke) CA ligiert, darunter FRANCE, darunter DEPOSE dunkelgr\u00fcner Stempel auf Glasur sowie zweite Marke: &hellip; <a href=\"http:\/\/museumek.eu\/?page_id=49588\">Weiterlesen <span class=\"meta-nav\">&rarr;<\/span><\/a><\/p>\n","protected":false},"author":1,"featured_media":0,"parent":49586,"menu_order":1,"comment_status":"closed","ping_status":"open","template":"","meta":[],"_links":{"self":[{"href":"http:\/\/museumek.eu\/index.php?rest_route=\/wp\/v2\/pages\/49588"}],"collection":[{"href":"http:\/\/museumek.eu\/index.php?rest_route=\/wp\/v2\/pages"}],"about":[{"href":"http:\/\/museumek.eu\/index.php?rest_route=\/wp\/v2\/types\/page"}],"author":[{"embeddable":true,"href":"http:\/\/museumek.eu\/index.php?rest_route=\/wp\/v2\/users\/1"}],"replies":[{"embeddable":true,"href":"http:\/\/museumek.eu\/index.php?rest_route=%2Fwp%2Fv2%2Fcomments&post=49588"}],"version-history":[{"count":8,"href":"http:\/\/museumek.eu\/index.php?rest_route=\/wp\/v2\/pages\/49588\/revisions"}],"predecessor-version":[{"id":52096,"href":"http:\/\/museumek.eu\/index.php?rest_route=\/wp\/v2\/pages\/49588\/revisions\/52096"}],"up":[{"embeddable":true,"href":"http:\/\/museumek.eu\/index.php?rest_route=\/wp\/v2\/pages\/49586"}],"wp:attachment":[{"href":"http:\/\/museumek.eu\/index.php?rest_route=%2Fwp%2Fv2%2Fmedia&parent=49588"}],"curies":[{"name":"wp","href":"https:\/\/api.w.org\/{rel}","templated":true}]}}