{"id":49865,"date":"2020-09-26T12:04:55","date_gmt":"2020-09-26T10:04:55","guid":{"rendered":"http:\/\/museumek.eu\/?page_id=49865"},"modified":"2020-09-26T12:19:17","modified_gmt":"2020-09-26T10:19:17","slug":"fotos-und-beschreibung","status":"publish","type":"page","link":"http:\/\/museumek.eu\/?page_id=49865","title":{"rendered":"Fotos und Beschreibung"},"content":{"rendered":"<p><strong>Abteilung Deutschland, Keramik 1860 \u2013 1960, Inventarnummer D\/CLXIII\/1<\/strong><\/p>\n<p>Porzellanfabrik Paul M\u00fcller, Deutschland, Selb, um 1910, Zierteller, K\u00fcnstler unbekannt, Werks.-Nr. ohne, Exemplar Nr. ohne, gemarkt Firmenmarke Elefant, darunter in einer Umrahmung .PAUL. M\u00dcLLER .SELB., im Trageaufbau, der sich auf dem Elefant befindet, noch einmal PM (f\u00fcr Paul M\u00fcller) dunkelgr\u00fcner Stempel auf Glasur sowie dar\u00fcber Classic BAVARIA hellgr\u00fcner Stempel unter Glasur, nicht signiert, die Stempel sind in der g\u00e4ngigen Fachliteratur nicht verzeichnet, 1890 gr\u00fcndet Paul M\u00fcller in Selb eine Porzellanfabrik, 1917 wird die Fabrik von der Lorenz Hutschenreuther AG \u00fcbernommen, die Firmierung wird beibehalten mit dem Hinweis auf das Zweigwerk, in WK II wird die Produktion der KPM (Berlin) in die Fabrik ausgelagert, die Zeptermarke erh\u00e4lt den Zusatz S (f\u00fcr Selb), Durchmesser 21,5 cm<\/p>\n<p><a href=\"http:\/\/museumek.eu\/?attachment_id=49866\" rel=\"attachment wp-att-49866\"><img loading=\"lazy\" src=\"http:\/\/museumek.eu\/wp-content\/uploads\/2020\/09\/Paul-M\u00fcller-Teller-1-300x298.jpg\" alt=\"\" title=\"Paul M\u00fcller Teller 1\" width=\"300\" height=\"298\" class=\"alignnone size-medium wp-image-49866\" srcset=\"http:\/\/museumek.eu\/wp-content\/uploads\/2020\/09\/Paul-M\u00fcller-Teller-1-300x298.jpg 300w, http:\/\/museumek.eu\/wp-content\/uploads\/2020\/09\/Paul-M\u00fcller-Teller-1-150x150.jpg 150w, http:\/\/museumek.eu\/wp-content\/uploads\/2020\/09\/Paul-M\u00fcller-Teller-1-301x300.jpg 301w, http:\/\/museumek.eu\/wp-content\/uploads\/2020\/09\/Paul-M\u00fcller-Teller-1.jpg 483w\" sizes=\"(max-width: 300px) 100vw, 300px\" \/><\/a><\/p>\n<p><a href=\"http:\/\/museumek.eu\/?attachment_id=49867\" rel=\"attachment wp-att-49867\"><img loading=\"lazy\" src=\"http:\/\/museumek.eu\/wp-content\/uploads\/2020\/09\/Paul-M\u00fcller-Teller-2-224x300.jpg\" alt=\"\" title=\"Paul M\u00fcller Teller 2\" width=\"224\" height=\"300\" class=\"alignnone size-medium wp-image-49867\" srcset=\"http:\/\/museumek.eu\/wp-content\/uploads\/2020\/09\/Paul-M\u00fcller-Teller-2-224x300.jpg 224w, http:\/\/museumek.eu\/wp-content\/uploads\/2020\/09\/Paul-M\u00fcller-Teller-2-112x150.jpg 112w, http:\/\/museumek.eu\/wp-content\/uploads\/2020\/09\/Paul-M\u00fcller-Teller-2.jpg 478w\" sizes=\"(max-width: 224px) 100vw, 224px\" \/><\/a><\/p>\n<p><a href=\"http:\/\/museumek.eu\/?attachment_id=49868\" rel=\"attachment wp-att-49868\"><img loading=\"lazy\" src=\"http:\/\/museumek.eu\/wp-content\/uploads\/2020\/09\/Paul-M\u00fcller-Teller-3-287x300.jpg\" alt=\"\" title=\"Paul M\u00fcller Teller 3\" width=\"287\" height=\"300\" class=\"alignnone size-medium wp-image-49868\" srcset=\"http:\/\/museumek.eu\/wp-content\/uploads\/2020\/09\/Paul-M\u00fcller-Teller-3-287x300.jpg 287w, http:\/\/museumek.eu\/wp-content\/uploads\/2020\/09\/Paul-M\u00fcller-Teller-3-143x150.jpg 143w, http:\/\/museumek.eu\/wp-content\/uploads\/2020\/09\/Paul-M\u00fcller-Teller-3.jpg 480w\" sizes=\"(max-width: 287px) 100vw, 287px\" \/><\/a><\/p>\n<p><a href=\"http:\/\/museumek.eu\/?attachment_id=49869\" rel=\"attachment wp-att-49869\"><img loading=\"lazy\" src=\"http:\/\/museumek.eu\/wp-content\/uploads\/2020\/09\/Paul-M\u00fcller-Teller-4-238x300.jpg\" alt=\"\" title=\"Paul M\u00fcller Teller 4\" width=\"238\" height=\"300\" class=\"alignnone size-medium wp-image-49869\" srcset=\"http:\/\/museumek.eu\/wp-content\/uploads\/2020\/09\/Paul-M\u00fcller-Teller-4-238x300.jpg 238w, http:\/\/museumek.eu\/wp-content\/uploads\/2020\/09\/Paul-M\u00fcller-Teller-4-119x150.jpg 119w, http:\/\/museumek.eu\/wp-content\/uploads\/2020\/09\/Paul-M\u00fcller-Teller-4.jpg 480w\" sizes=\"(max-width: 238px) 100vw, 238px\" \/><\/a><\/p>\n<p><a href=\"http:\/\/museumek.eu\/?attachment_id=49870\" rel=\"attachment wp-att-49870\"><img loading=\"lazy\" src=\"http:\/\/museumek.eu\/wp-content\/uploads\/2020\/09\/Paul-M\u00fcller-Teller-5-280x300.jpg\" alt=\"\" title=\"Paul M\u00fcller Teller 5\" width=\"280\" height=\"300\" class=\"alignnone size-medium wp-image-49870\" srcset=\"http:\/\/museumek.eu\/wp-content\/uploads\/2020\/09\/Paul-M\u00fcller-Teller-5-280x300.jpg 280w, http:\/\/museumek.eu\/wp-content\/uploads\/2020\/09\/Paul-M\u00fcller-Teller-5-140x150.jpg 140w, http:\/\/museumek.eu\/wp-content\/uploads\/2020\/09\/Paul-M\u00fcller-Teller-5.jpg 480w\" sizes=\"(max-width: 280px) 100vw, 280px\" \/><\/a><\/p>\n","protected":false},"excerpt":{"rendered":"<p>Abteilung Deutschland, Keramik 1860 \u2013 1960, Inventarnummer D\/CLXIII\/1 Porzellanfabrik Paul M\u00fcller, Deutschland, Selb, um 1910, Zierteller, K\u00fcnstler unbekannt, Werks.-Nr. ohne, Exemplar Nr. ohne, gemarkt Firmenmarke Elefant, darunter in einer Umrahmung .PAUL. M\u00dcLLER .SELB., im Trageaufbau, der sich auf dem Elefant &hellip; <a href=\"http:\/\/museumek.eu\/?page_id=49865\">Weiterlesen <span class=\"meta-nav\">&rarr;<\/span><\/a><\/p>\n","protected":false},"author":1,"featured_media":0,"parent":49842,"menu_order":0,"comment_status":"closed","ping_status":"open","template":"","meta":[],"_links":{"self":[{"href":"http:\/\/museumek.eu\/index.php?rest_route=\/wp\/v2\/pages\/49865"}],"collection":[{"href":"http:\/\/museumek.eu\/index.php?rest_route=\/wp\/v2\/pages"}],"about":[{"href":"http:\/\/museumek.eu\/index.php?rest_route=\/wp\/v2\/types\/page"}],"author":[{"embeddable":true,"href":"http:\/\/museumek.eu\/index.php?rest_route=\/wp\/v2\/users\/1"}],"replies":[{"embeddable":true,"href":"http:\/\/museumek.eu\/index.php?rest_route=%2Fwp%2Fv2%2Fcomments&post=49865"}],"version-history":[{"count":7,"href":"http:\/\/museumek.eu\/index.php?rest_route=\/wp\/v2\/pages\/49865\/revisions"}],"predecessor-version":[{"id":49877,"href":"http:\/\/museumek.eu\/index.php?rest_route=\/wp\/v2\/pages\/49865\/revisions\/49877"}],"up":[{"embeddable":true,"href":"http:\/\/museumek.eu\/index.php?rest_route=\/wp\/v2\/pages\/49842"}],"wp:attachment":[{"href":"http:\/\/museumek.eu\/index.php?rest_route=%2Fwp%2Fv2%2Fmedia&parent=49865"}],"curies":[{"name":"wp","href":"https:\/\/api.w.org\/{rel}","templated":true}]}}