{"id":49923,"date":"2020-09-26T21:41:34","date_gmt":"2020-09-26T19:41:34","guid":{"rendered":"http:\/\/museumek.eu\/?page_id=49923"},"modified":"2021-05-29T10:35:06","modified_gmt":"2021-05-29T08:35:06","slug":"dxiii5","status":"publish","type":"page","link":"http:\/\/museumek.eu\/?page_id=49923","title":{"rendered":"D\/XIII\/5"},"content":{"rendered":"<p><strong>Abteilung Deutschland, Keramik 1860 \u2013 1960, Inventarnummer D\/XIII\/5<\/strong><\/p>\n<p>Porzellanfabriken Lorenz Hutschenreuther AG, vormals Porzellanfabrik Lorenz Hutschenreuther, Deutschland, Selb, 1945 &#8211; 1949, Vase, K\u00fcnstler unbekannt, Werks.-Nr. ohne, Exemplar Nr. ohne, gemarkt Firmenmarke Oval mit L\u00f6wen und LHS, dar\u00fcber Hutschenreuther, darunter Germany, darunter Abteilung f\u00fcr Kunst, darunter US Zone gr\u00fcner Stempel auf Glasur, nicht signiert, 1856 gr\u00fcndete der Sohn des Porzellanfabrikanten Carolus (Carl) Magnus Hutschenreuther, Porzellanfabrikant in Hohenberg an der Eger, Lorenz Hutschenreuther (geb. 1817, gest. 1886), der vormals in der v\u00e4terlichen Fabrik t\u00e4tig war, die Porzellanfabrik Lorenz Hutschenreuther, die erste Produktionsst\u00e4tte befand sich in der Ludwigsm\u00fchle in Selb, dann wurde eine neue Fabrik gebaut, die 1859 in Betrieb genommen wurde, 1864 wurde die Fabrik erweitert und der Schwager Hans Pabst als Teilhaber aufgenommen, Lorenz Hutschenreuther zog sich 1877 aus der Fabrik zur\u00fcck und seine S\u00f6hne Viktor Hutschenreuther (geb. 1854, gest. 1907) und Eugen Hutschenreuther (geb. 1860, gest. 1899) \u00fcbernahmen zusammen mit Hans Pabst, die Leitung der Fabrik, ab 1880 arbeitete Leopold Gmelin als k\u00fcnstlerischer Leiter in der Fabrik, bis zum Anfang der 1880&#8217;ziger Jahre wurde nur weisses Gebrauchsgeschirr hergestellt, dann wurde auch fein dekoriertes Tafelgeschirr und Hotelporzellan hergestellt, 1902 wurde die Fabrik in eine AG umgewandelt und firmierte als Porzellanfabriken Lorenz Hutschenreuther AG, beteiligt war das Meininger Bankhaus Strupp, 1906 wurde die Porzellanfabrik J\u00e4ger, Werner &#038; Co. \u00fcbernommen, interne Bezeichnung f\u00fcr diese Fabrik &#8222;Abteilung B&#8220;, 1917 wurde die Porzellanfabrik Paul M\u00fcller in Selb \u00fcbernommen und eine Kunstabteilung gegr\u00fcndet, die in der ehemaligen M\u00fcller&#8216; schen Fabrik produzierte, der Entwurf des L\u00f6wen als Firmenmarkenzeichen geht auf einen Entwurf von Prof. Klee vom 18.02.1919 zur\u00fcck, die Lorenz Hutschenreuther Fabriken konnten das Kaolin aus den eigenen Gruben in Fischern (B\u00f6hmen) nutzen, 1927 wurde die Porzellanfabrik Tirschenreuth zugekauft, wohl ungef\u00e4hr zur gleichen Zeit, die Porzellanfabrik Gebr. Bauscher, 1928 wurde die Porzellanfabrik K\u00f6nigszelt AG zugekauft, 1930 erwarb die Fabrik von der Mei\u00dfner Ofen- und Porzellanfabrik, vorm. C. Teichert, die Formen &#8222;Neuer Ausschnitt&#8220; und &#8222;Brandenstein&#8220; sowie Dekorkopien &#8222;Zwiebelmuster&#8220; und &#8222;Alt-Meissner Blumen&#8220;, 1969 \u00fcbernahm die Fabrik die Aktienmehrheit der C. M. Hutschenreuther AG, 1972 Fusion mit der Kahla AG, auf die M\u00fcndung der Vase wurde ein Silberring gepresst, wohl 800&#8242; Silber, der Stempel ist verwackelt und schwer lesbar, zeitliche Einordnung wegen Germany, statt West-Germany und wegen US Zone zwischen 1945 und 1949, vor Gr\u00fcndung der BRD 1949, H\u00f6he 18 cm, Breite 8,5 cm<\/p>\n<p><a href=\"http:\/\/museumek.eu\/?attachment_id=49914\" rel=\"attachment wp-att-49914\"><img loading=\"lazy\" src=\"http:\/\/museumek.eu\/wp-content\/uploads\/2013\/05\/Hutschenreuther-Vase-US-Zone-1-160x300.jpg\" alt=\"\" title=\"Hutschenreuther Vase US Zone 1\" width=\"160\" height=\"300\" class=\"alignnone size-medium wp-image-49914\" srcset=\"http:\/\/museumek.eu\/wp-content\/uploads\/2013\/05\/Hutschenreuther-Vase-US-Zone-1-160x300.jpg 160w, http:\/\/museumek.eu\/wp-content\/uploads\/2013\/05\/Hutschenreuther-Vase-US-Zone-1-80x150.jpg 80w, http:\/\/museumek.eu\/wp-content\/uploads\/2013\/05\/Hutschenreuther-Vase-US-Zone-1.jpg 357w\" sizes=\"(max-width: 160px) 100vw, 160px\" \/><\/a><\/p>\n<p><a href=\"http:\/\/museumek.eu\/?attachment_id=49915\" rel=\"attachment wp-att-49915\"><img loading=\"lazy\" src=\"http:\/\/museumek.eu\/wp-content\/uploads\/2013\/05\/Hutschenreuther-Vase-US-Zone-2-165x300.jpg\" alt=\"\" title=\"Hutschenreuther Vase US Zone 2\" width=\"165\" height=\"300\" class=\"alignnone size-medium wp-image-49915\" srcset=\"http:\/\/museumek.eu\/wp-content\/uploads\/2013\/05\/Hutschenreuther-Vase-US-Zone-2-165x300.jpg 165w, http:\/\/museumek.eu\/wp-content\/uploads\/2013\/05\/Hutschenreuther-Vase-US-Zone-2-82x150.jpg 82w, http:\/\/museumek.eu\/wp-content\/uploads\/2013\/05\/Hutschenreuther-Vase-US-Zone-2.jpg 367w\" sizes=\"(max-width: 165px) 100vw, 165px\" \/><\/a><\/p>\n<p><a href=\"http:\/\/museumek.eu\/?attachment_id=49916\" rel=\"attachment wp-att-49916\"><img loading=\"lazy\" src=\"http:\/\/museumek.eu\/wp-content\/uploads\/2013\/05\/Hutschenreuther-Vase-US-Zone-3-221x300.jpg\" alt=\"\" title=\"Hutschenreuther Vase US Zone 3\" width=\"221\" height=\"300\" class=\"alignnone size-medium wp-image-49916\" srcset=\"http:\/\/museumek.eu\/wp-content\/uploads\/2013\/05\/Hutschenreuther-Vase-US-Zone-3-221x300.jpg 221w, http:\/\/museumek.eu\/wp-content\/uploads\/2013\/05\/Hutschenreuther-Vase-US-Zone-3-110x150.jpg 110w, http:\/\/museumek.eu\/wp-content\/uploads\/2013\/05\/Hutschenreuther-Vase-US-Zone-3.jpg 433w\" sizes=\"(max-width: 221px) 100vw, 221px\" \/><\/a><\/p>\n<p><a href=\"http:\/\/museumek.eu\/?attachment_id=49917\" rel=\"attachment wp-att-49917\"><img loading=\"lazy\" src=\"http:\/\/museumek.eu\/wp-content\/uploads\/2013\/05\/Hutschenreuther-Vase-US-Zone-4.jpg\" alt=\"\" title=\"Hutschenreuther Vase US Zone 4\" width=\"257\" height=\"153\" class=\"alignnone size-full wp-image-49917\" srcset=\"http:\/\/museumek.eu\/wp-content\/uploads\/2013\/05\/Hutschenreuther-Vase-US-Zone-4.jpg 257w, http:\/\/museumek.eu\/wp-content\/uploads\/2013\/05\/Hutschenreuther-Vase-US-Zone-4-150x89.jpg 150w\" sizes=\"(max-width: 257px) 100vw, 257px\" \/><\/a><\/p>\n<p><a href=\"http:\/\/museumek.eu\/?attachment_id=49918\" rel=\"attachment wp-att-49918\"><img loading=\"lazy\" src=\"http:\/\/museumek.eu\/wp-content\/uploads\/2013\/05\/Hutschenreuther-Vase-US-Zone-5-300x291.jpg\" alt=\"\" title=\"Hutschenreuther Vase US Zone 5\" width=\"300\" height=\"291\" class=\"alignnone size-medium wp-image-49918\" srcset=\"http:\/\/museumek.eu\/wp-content\/uploads\/2013\/05\/Hutschenreuther-Vase-US-Zone-5-300x291.jpg 300w, http:\/\/museumek.eu\/wp-content\/uploads\/2013\/05\/Hutschenreuther-Vase-US-Zone-5-150x145.jpg 150w, http:\/\/museumek.eu\/wp-content\/uploads\/2013\/05\/Hutschenreuther-Vase-US-Zone-5-308x300.jpg 308w, http:\/\/museumek.eu\/wp-content\/uploads\/2013\/05\/Hutschenreuther-Vase-US-Zone-5.jpg 553w\" sizes=\"(max-width: 300px) 100vw, 300px\" \/><\/a><\/p>\n","protected":false},"excerpt":{"rendered":"<p>Abteilung Deutschland, Keramik 1860 \u2013 1960, Inventarnummer D\/XIII\/5 Porzellanfabriken Lorenz Hutschenreuther AG, vormals Porzellanfabrik Lorenz Hutschenreuther, Deutschland, Selb, 1945 &#8211; 1949, Vase, K\u00fcnstler unbekannt, Werks.-Nr. ohne, Exemplar Nr. ohne, gemarkt Firmenmarke Oval mit L\u00f6wen und LHS, dar\u00fcber Hutschenreuther, darunter Germany, &hellip; <a href=\"http:\/\/museumek.eu\/?page_id=49923\">Weiterlesen <span class=\"meta-nav\">&rarr;<\/span><\/a><\/p>\n","protected":false},"author":1,"featured_media":0,"parent":2053,"menu_order":5,"comment_status":"closed","ping_status":"open","template":"","meta":[],"_links":{"self":[{"href":"http:\/\/museumek.eu\/index.php?rest_route=\/wp\/v2\/pages\/49923"}],"collection":[{"href":"http:\/\/museumek.eu\/index.php?rest_route=\/wp\/v2\/pages"}],"about":[{"href":"http:\/\/museumek.eu\/index.php?rest_route=\/wp\/v2\/types\/page"}],"author":[{"embeddable":true,"href":"http:\/\/museumek.eu\/index.php?rest_route=\/wp\/v2\/users\/1"}],"replies":[{"embeddable":true,"href":"http:\/\/museumek.eu\/index.php?rest_route=%2Fwp%2Fv2%2Fcomments&post=49923"}],"version-history":[{"count":6,"href":"http:\/\/museumek.eu\/index.php?rest_route=\/wp\/v2\/pages\/49923\/revisions"}],"predecessor-version":[{"id":57260,"href":"http:\/\/museumek.eu\/index.php?rest_route=\/wp\/v2\/pages\/49923\/revisions\/57260"}],"up":[{"embeddable":true,"href":"http:\/\/museumek.eu\/index.php?rest_route=\/wp\/v2\/pages\/2053"}],"wp:attachment":[{"href":"http:\/\/museumek.eu\/index.php?rest_route=%2Fwp%2Fv2%2Fmedia&parent=49923"}],"curies":[{"name":"wp","href":"https:\/\/api.w.org\/{rel}","templated":true}]}}