{"id":49978,"date":"2020-10-03T17:17:49","date_gmt":"2020-10-03T15:17:49","guid":{"rendered":"http:\/\/museumek.eu\/?page_id=49978"},"modified":"2020-10-03T17:19:51","modified_gmt":"2020-10-03T15:19:51","slug":"dliii41","status":"publish","type":"page","link":"http:\/\/museumek.eu\/?page_id=49978","title":{"rendered":"D\/LIII\/41"},"content":{"rendered":"<p><strong>Abteilung Deutschland, Keramik 1860 \u2013 1960, Inventarnummer D\/LIII\/41<\/strong><\/p>\n<p>Steingut- und Steinzeugfabrik, Kunstt\u00f6pferei, Zinngie\u00dferei Merkelbach &#038; Wick und Nachfolger Steingutfabrik Wick Werke AG, Vereinigte Fabriken Merkelbach &#038; Wick und Merkelbach, Stadelmann &#038; Co., Deutschland, Grenzhausen, 1909, Krug, K\u00fcnstler Franz Ringer, Werks.-Nr. ohne, Exemplar Nr. ohne, gemarkt Firmenmarke Rundstempel mit M &#038; W sowie Gr. (f\u00fcr Merkelbach, Wick, Grenzhausen), zwei Zeichen oder Buchstaben sowie 1\/2 L \u00fcber Eichstrich gepresst, F.R (f\u00fcr Franz Ringer) sowie 9 schwarz gemalt, signiert F.R, Literatur: Gisela Reineking von Bock, Meister der deutschen Keramik, Seite 329, Marke Nr. 214 identisch, weitere Literatur: J\u00fcrgen Schimanski und J\u00fcrgen Erlebach, Westerw\u00e4lder Steinzeug, Die Neue \u00c4ra, Seite 109, Fabrikbeschreibung sowie Marke Nr. 36 identisch, weitere Literatur: J\u00fcrgen Schimanski, Braun geflammt und grau gesalzen, Seite 216, Marke Nr. 36 identisch, weitere Literatur: Beate Dry-von Zezschwitz, Westerw\u00e4lder Steinzug des Jugendstils I, Reinhold Merkelbach, Spezialpreisliste 1905, Seite 10 ff., Fabrikbeschreibung, der 1840 geborene Friedrich Wilhelm Merkelbach (gest. 1896) betrieb eine Kannenb\u00e4ckerei oder bereits eine keramische Fabrik, die unter dem Namen F. W. Merkelbach II. firmierte, 1872 (oder 1874) nimmt Friedrich Wilhelm Merkelbach den Bildhauer (Johann) Georg Peter Wick (geb. 1837, gest. 1914) in die Firma auf, die Firmierung \u00e4ndert sich in Steingut- und Steinzeugfabrik, Kunstt\u00f6pferei, Zinngie\u00dferei Merkelbach &#038; Wick, ab 1882\/1883 produzieren Sie als eine der ersten Westerw\u00e4lder Fabriken Elfenbeinsteinzeug, \u00fcber die H\u00e4lfte der Produktion wird in die USA exportiert, in der Zeit von 1886 bis 1897 liefert die Fabrik Halbfertigerzeugnisse an die keramische Fabrik von Hauber &#038; Reuther, Jugenstilk\u00fcnstler wie Peter Behrens und Henry van de Velde liefern um 1900 herausragende Entw\u00fcrfe, 1895 tritt Wicks Sohn (und evtl. gleichzeitig Merkelbachs Schwiegersohn) Ludwig Konrad Wick in die Fabrik ein und \u00fcbernimmt sicher zeitnah auch deren Leitung, bis er 1910\/1911 die Leitung an seine Frau Emma abgibt, 1921\/1922 fusioniert die Fabrik mit der um 1867 in Grenzhausen von Friedrich Wilhelm Merkelbach, Theodor Stadelmann und Julius Schr\u00f6der als Mahl- und Schleifsteinfabrik gegr\u00fcndeten Fabrik Merkelbach, Stadelmann &#038; Co. (wahrscheinlich war Konrad Wicks Frau Emma bereits Miteigent\u00fcmer dieser Fabrik) zur Steingutfabrik Wick Werke AG, Vereinigte Fabriken Merkelbach &#038; Wick und Merkelbach, Stadelmann &#038; Co., die Fabrik bestand rund 100 Jahre, die Fabrikzuordnung erfolgt auf Grund des Durchmessers des Firmenstempels, 1,5 cm, so nur von M &#038; W verwendet, die zeitliche Einordnung erfolgt auf Grund der Widmungs-Ritzungen auf dem Deckel, dort zweimal das Jahr 1909, k\u00fcnstlerischer Enwurf der Zinnmontur und des Deckels evtl. auch Franz Ringer, die gemalte 9, steht wohl f\u00fcr das Jahr 1909,<br \/>\nH\u00f6he 11,6 cm, Breite 13 cm (nur die Keramik)<\/p>\n<p><a href=\"http:\/\/museumek.eu\/?attachment_id=49949\" rel=\"attachment wp-att-49949\"><img loading=\"lazy\" src=\"http:\/\/museumek.eu\/wp-content\/uploads\/2013\/07\/M-W-Krug-signiert-Franz-Ringer-1-168x300.jpg\" alt=\"\" title=\"M &amp; W Krug signiert Franz Ringer 1\" width=\"168\" height=\"300\" class=\"alignnone size-medium wp-image-49949\" srcset=\"http:\/\/museumek.eu\/wp-content\/uploads\/2013\/07\/M-W-Krug-signiert-Franz-Ringer-1-168x300.jpg 168w, http:\/\/museumek.eu\/wp-content\/uploads\/2013\/07\/M-W-Krug-signiert-Franz-Ringer-1-84x150.jpg 84w, http:\/\/museumek.eu\/wp-content\/uploads\/2013\/07\/M-W-Krug-signiert-Franz-Ringer-1.jpg 360w\" sizes=\"(max-width: 168px) 100vw, 168px\" \/><\/a><\/p>\n<p><a href=\"http:\/\/museumek.eu\/?attachment_id=49950\" rel=\"attachment wp-att-49950\"><img loading=\"lazy\" src=\"http:\/\/museumek.eu\/wp-content\/uploads\/2013\/07\/M-W-Krug-signiert-Franz-Ringer-2-229x300.jpg\" alt=\"\" title=\"M &amp; W Krug signiert Franz Ringer 2\" width=\"229\" height=\"300\" class=\"alignnone size-medium wp-image-49950\" srcset=\"http:\/\/museumek.eu\/wp-content\/uploads\/2013\/07\/M-W-Krug-signiert-Franz-Ringer-2-229x300.jpg 229w, http:\/\/museumek.eu\/wp-content\/uploads\/2013\/07\/M-W-Krug-signiert-Franz-Ringer-2-114x150.jpg 114w, http:\/\/museumek.eu\/wp-content\/uploads\/2013\/07\/M-W-Krug-signiert-Franz-Ringer-2.jpg 480w\" sizes=\"(max-width: 229px) 100vw, 229px\" \/><\/a><\/p>\n<p><a href=\"http:\/\/museumek.eu\/?attachment_id=49951\" rel=\"attachment wp-att-49951\"><img loading=\"lazy\" src=\"http:\/\/museumek.eu\/wp-content\/uploads\/2013\/07\/M-W-Krug-signiert-Franz-Ringer-3-227x300.jpg\" alt=\"\" title=\"M &amp; W Krug signiert Franz Ringer 3\" width=\"227\" height=\"300\" class=\"alignnone size-medium wp-image-49951\" srcset=\"http:\/\/museumek.eu\/wp-content\/uploads\/2013\/07\/M-W-Krug-signiert-Franz-Ringer-3-227x300.jpg 227w, http:\/\/museumek.eu\/wp-content\/uploads\/2013\/07\/M-W-Krug-signiert-Franz-Ringer-3-113x150.jpg 113w, http:\/\/museumek.eu\/wp-content\/uploads\/2013\/07\/M-W-Krug-signiert-Franz-Ringer-3.jpg 480w\" sizes=\"(max-width: 227px) 100vw, 227px\" \/><\/a><\/p>\n<p><a href=\"http:\/\/museumek.eu\/?attachment_id=49954\" rel=\"attachment wp-att-49954\"><img loading=\"lazy\" src=\"http:\/\/museumek.eu\/wp-content\/uploads\/2013\/07\/M-W-Krug-signiert-Franz-Ringer-4-171x300.jpg\" alt=\"\" title=\"M &amp; W Krug signiert Franz Ringer 4\" width=\"171\" height=\"300\" class=\"alignnone size-medium wp-image-49954\" srcset=\"http:\/\/museumek.eu\/wp-content\/uploads\/2013\/07\/M-W-Krug-signiert-Franz-Ringer-4-171x300.jpg 171w, http:\/\/museumek.eu\/wp-content\/uploads\/2013\/07\/M-W-Krug-signiert-Franz-Ringer-4-85x150.jpg 85w, http:\/\/museumek.eu\/wp-content\/uploads\/2013\/07\/M-W-Krug-signiert-Franz-Ringer-4.jpg 366w\" sizes=\"(max-width: 171px) 100vw, 171px\" \/><\/a><\/p>\n<p><a href=\"http:\/\/museumek.eu\/?attachment_id=49955\" rel=\"attachment wp-att-49955\"><img loading=\"lazy\" src=\"http:\/\/museumek.eu\/wp-content\/uploads\/2013\/07\/M-W-Krug-signiert-Franz-Ringer-5-181x300.jpg\" alt=\"\" title=\"M &amp; W Krug signiert Franz Ringer 5\" width=\"181\" height=\"300\" class=\"alignnone size-medium wp-image-49955\" srcset=\"http:\/\/museumek.eu\/wp-content\/uploads\/2013\/07\/M-W-Krug-signiert-Franz-Ringer-5-181x300.jpg 181w, http:\/\/museumek.eu\/wp-content\/uploads\/2013\/07\/M-W-Krug-signiert-Franz-Ringer-5-90x150.jpg 90w, http:\/\/museumek.eu\/wp-content\/uploads\/2013\/07\/M-W-Krug-signiert-Franz-Ringer-5.jpg 388w\" sizes=\"(max-width: 181px) 100vw, 181px\" \/><\/a><\/p>\n<p><a href=\"http:\/\/museumek.eu\/?attachment_id=49958\" rel=\"attachment wp-att-49958\"><img loading=\"lazy\" src=\"http:\/\/museumek.eu\/wp-content\/uploads\/2013\/07\/M-W-Krug-signiert-Franz-Ringer-6-300x254.jpg\" alt=\"\" title=\"M &amp; W Krug signiert Franz Ringer 6\" width=\"300\" height=\"254\" class=\"alignnone size-medium wp-image-49958\" srcset=\"http:\/\/museumek.eu\/wp-content\/uploads\/2013\/07\/M-W-Krug-signiert-Franz-Ringer-6-300x254.jpg 300w, http:\/\/museumek.eu\/wp-content\/uploads\/2013\/07\/M-W-Krug-signiert-Franz-Ringer-6-150x127.jpg 150w, http:\/\/museumek.eu\/wp-content\/uploads\/2013\/07\/M-W-Krug-signiert-Franz-Ringer-6-353x300.jpg 353w, http:\/\/museumek.eu\/wp-content\/uploads\/2013\/07\/M-W-Krug-signiert-Franz-Ringer-6.jpg 566w\" sizes=\"(max-width: 300px) 100vw, 300px\" \/><\/a><\/p>\n<p><a href=\"http:\/\/museumek.eu\/?attachment_id=49959\" rel=\"attachment wp-att-49959\"><img loading=\"lazy\" src=\"http:\/\/museumek.eu\/wp-content\/uploads\/2013\/07\/M-W-Krug-signiert-Franz-Ringer-7-264x300.jpg\" alt=\"\" title=\"M &amp; W Krug signiert Franz Ringer 7\" width=\"264\" height=\"300\" class=\"alignnone size-medium wp-image-49959\" srcset=\"http:\/\/museumek.eu\/wp-content\/uploads\/2013\/07\/M-W-Krug-signiert-Franz-Ringer-7-264x300.jpg 264w, http:\/\/museumek.eu\/wp-content\/uploads\/2013\/07\/M-W-Krug-signiert-Franz-Ringer-7-132x150.jpg 132w, http:\/\/museumek.eu\/wp-content\/uploads\/2013\/07\/M-W-Krug-signiert-Franz-Ringer-7.jpg 480w\" sizes=\"(max-width: 264px) 100vw, 264px\" \/><\/a><\/p>\n<p><a href=\"http:\/\/museumek.eu\/?attachment_id=49964\" rel=\"attachment wp-att-49964\"><img loading=\"lazy\" src=\"http:\/\/museumek.eu\/wp-content\/uploads\/2013\/07\/M-W-Krug-signiert-Franz-Ringer-8-300x201.jpg\" alt=\"\" title=\"M &amp; W Krug signiert Franz Ringer 8\" width=\"300\" height=\"201\" class=\"alignnone size-medium wp-image-49964\" srcset=\"http:\/\/museumek.eu\/wp-content\/uploads\/2013\/07\/M-W-Krug-signiert-Franz-Ringer-8-300x201.jpg 300w, http:\/\/museumek.eu\/wp-content\/uploads\/2013\/07\/M-W-Krug-signiert-Franz-Ringer-8-150x100.jpg 150w, http:\/\/museumek.eu\/wp-content\/uploads\/2013\/07\/M-W-Krug-signiert-Franz-Ringer-8-447x300.jpg 447w, http:\/\/museumek.eu\/wp-content\/uploads\/2013\/07\/M-W-Krug-signiert-Franz-Ringer-8.jpg 640w\" sizes=\"(max-width: 300px) 100vw, 300px\" \/><\/a><\/p>\n<p><a href=\"http:\/\/museumek.eu\/?attachment_id=49965\" rel=\"attachment wp-att-49965\"><img loading=\"lazy\" src=\"http:\/\/museumek.eu\/wp-content\/uploads\/2013\/07\/M-W-Krug-signiert-Franz-Ringer-9-300x256.jpg\" alt=\"\" title=\"M &amp; W Krug signiert Franz Ringer 9\" width=\"300\" height=\"256\" class=\"alignnone size-medium wp-image-49965\" srcset=\"http:\/\/museumek.eu\/wp-content\/uploads\/2013\/07\/M-W-Krug-signiert-Franz-Ringer-9-300x256.jpg 300w, http:\/\/museumek.eu\/wp-content\/uploads\/2013\/07\/M-W-Krug-signiert-Franz-Ringer-9-150x128.jpg 150w, http:\/\/museumek.eu\/wp-content\/uploads\/2013\/07\/M-W-Krug-signiert-Franz-Ringer-9-350x300.jpg 350w, http:\/\/museumek.eu\/wp-content\/uploads\/2013\/07\/M-W-Krug-signiert-Franz-Ringer-9.jpg 561w\" sizes=\"(max-width: 300px) 100vw, 300px\" \/><\/a><\/p>\n<p><a href=\"http:\/\/museumek.eu\/?attachment_id=49968\" rel=\"attachment wp-att-49968\"><img loading=\"lazy\" src=\"http:\/\/museumek.eu\/wp-content\/uploads\/2013\/07\/M-W-Krug-signiert-Franz-Ringer-10-300x156.jpg\" alt=\"\" title=\"M &amp; W Krug signiert Franz Ringer 10\" width=\"300\" height=\"156\" class=\"alignnone size-medium wp-image-49968\" srcset=\"http:\/\/museumek.eu\/wp-content\/uploads\/2013\/07\/M-W-Krug-signiert-Franz-Ringer-10-300x156.jpg 300w, http:\/\/museumek.eu\/wp-content\/uploads\/2013\/07\/M-W-Krug-signiert-Franz-Ringer-10-150x78.jpg 150w, http:\/\/museumek.eu\/wp-content\/uploads\/2013\/07\/M-W-Krug-signiert-Franz-Ringer-10-500x260.jpg 500w, http:\/\/museumek.eu\/wp-content\/uploads\/2013\/07\/M-W-Krug-signiert-Franz-Ringer-10.jpg 640w\" sizes=\"(max-width: 300px) 100vw, 300px\" \/><\/a><\/p>\n<p><a href=\"http:\/\/museumek.eu\/?attachment_id=49969\" rel=\"attachment wp-att-49969\"><img loading=\"lazy\" src=\"http:\/\/museumek.eu\/wp-content\/uploads\/2013\/07\/M-W-Krug-signiert-Franz-Ringer-11-300x277.jpg\" alt=\"\" title=\"M &amp; W Krug signiert Franz Ringer 11\" width=\"300\" height=\"277\" class=\"alignnone size-medium wp-image-49969\" srcset=\"http:\/\/museumek.eu\/wp-content\/uploads\/2013\/07\/M-W-Krug-signiert-Franz-Ringer-11-300x277.jpg 300w, http:\/\/museumek.eu\/wp-content\/uploads\/2013\/07\/M-W-Krug-signiert-Franz-Ringer-11-150x138.jpg 150w, http:\/\/museumek.eu\/wp-content\/uploads\/2013\/07\/M-W-Krug-signiert-Franz-Ringer-11-324x300.jpg 324w, http:\/\/museumek.eu\/wp-content\/uploads\/2013\/07\/M-W-Krug-signiert-Franz-Ringer-11.jpg 519w\" sizes=\"(max-width: 300px) 100vw, 300px\" \/><\/a><\/p>\n","protected":false},"excerpt":{"rendered":"<p>Abteilung Deutschland, Keramik 1860 \u2013 1960, Inventarnummer D\/LIII\/41 Steingut- und Steinzeugfabrik, Kunstt\u00f6pferei, Zinngie\u00dferei Merkelbach &#038; Wick und Nachfolger Steingutfabrik Wick Werke AG, Vereinigte Fabriken Merkelbach &#038; Wick und Merkelbach, Stadelmann &#038; Co., Deutschland, Grenzhausen, 1909, Krug, K\u00fcnstler Franz Ringer, Werks.-Nr. &hellip; <a href=\"http:\/\/museumek.eu\/?page_id=49978\">Weiterlesen <span class=\"meta-nav\">&rarr;<\/span><\/a><\/p>\n","protected":false},"author":1,"featured_media":0,"parent":49976,"menu_order":41,"comment_status":"closed","ping_status":"open","template":"","meta":[],"_links":{"self":[{"href":"http:\/\/museumek.eu\/index.php?rest_route=\/wp\/v2\/pages\/49978"}],"collection":[{"href":"http:\/\/museumek.eu\/index.php?rest_route=\/wp\/v2\/pages"}],"about":[{"href":"http:\/\/museumek.eu\/index.php?rest_route=\/wp\/v2\/types\/page"}],"author":[{"embeddable":true,"href":"http:\/\/museumek.eu\/index.php?rest_route=\/wp\/v2\/users\/1"}],"replies":[{"embeddable":true,"href":"http:\/\/museumek.eu\/index.php?rest_route=%2Fwp%2Fv2%2Fcomments&post=49978"}],"version-history":[{"count":6,"href":"http:\/\/museumek.eu\/index.php?rest_route=\/wp\/v2\/pages\/49978\/revisions"}],"predecessor-version":[{"id":49984,"href":"http:\/\/museumek.eu\/index.php?rest_route=\/wp\/v2\/pages\/49978\/revisions\/49984"}],"up":[{"embeddable":true,"href":"http:\/\/museumek.eu\/index.php?rest_route=\/wp\/v2\/pages\/49976"}],"wp:attachment":[{"href":"http:\/\/museumek.eu\/index.php?rest_route=%2Fwp%2Fv2%2Fmedia&parent=49978"}],"curies":[{"name":"wp","href":"https:\/\/api.w.org\/{rel}","templated":true}]}}