{"id":50030,"date":"2020-10-03T19:00:09","date_gmt":"2020-10-03T17:00:09","guid":{"rendered":"http:\/\/museumek.eu\/?page_id=50030"},"modified":"2020-10-03T19:00:09","modified_gmt":"2020-10-03T17:00:09","slug":"dlxxxii82","status":"publish","type":"page","link":"http:\/\/museumek.eu\/?page_id=50030","title":{"rendered":"D\/LXXXII\/82"},"content":{"rendered":"<p><strong>Abteilung Deutschland, Keramik 1860 \u2013 1960, Inventarnummer D\/LXXXII\/82<\/strong><\/p>\n<p>Westerw\u00e4lder Steinzeug ohne Fabrikzuordnung, Deutschland, Westerwald, wohl 1871\/1872, Krug, K\u00fcnstler unbekannt, Werks.-Nr. ohne, Exemplar Nr. ohne, gemarkt keine Fabrikmarke ab S vor 1 L \u00fcber Eichstrich geritzt, nicht signiert, der MEK Krug ist kein Regensburger Modellkrug, denn es finden sich keinerlei Produktionsmerkmale der Regensburger Firma Fritz Thenn, Literatur dazu: Irmgard und Werner Endres, Regensburger Steinzeug, Kr\u00fcge und Kannen, weiterhin folgt das MEK den Ausf\u00fchren von I. und E. Endres bez\u00fcglich des Buchstaben S vor der Literung, S = Sollinhalt, kurzzeitig von einer oder mehrerer Steinzeugfabriken um 1971\/1872 verwendet, als f\u00fcr Deutschland 1871 die Eichangabe auf Gef\u00e4\u00dfen Vorschrift wurde, da S vor 1 L \u00fcber Eichstrich geritzt wurde und noch nicht gestempelt, ist davon auszugehen, dass wohl noch eine Unsicherheit \u00fcber die genaue Ausf\u00fchrung der Literungsangabe bestand und\/oder, dass noch keine Stempel vorhanden waren und das kann nur 1871\/1872, als kurz nach der Einf\u00fchrung der Vorschrift \u00fcber die Eichangabe auf Gef\u00e4\u00dfen, gewesen sein, danach wurden die Eichangaben gestempelt, Ausf\u00fchrung als gepresstes K\u00e4nnchen, Deckel mit bemalter Steinzeug- oder Porzellanbild Einlage,<br \/>\nH\u00f6he 17,3 cm, Breite 15,5 cm (nur die Keramik)<\/p>\n<p><a href=\"http:\/\/museumek.eu\/?attachment_id=49998\" rel=\"attachment wp-att-49998\"><img loading=\"lazy\" src=\"http:\/\/museumek.eu\/wp-content\/uploads\/2013\/05\/Westerwald-ohne-Zuordnung-Gambrinus-Krug-1-158x300.jpg\" alt=\"\" title=\"Westerwald ohne Zuordnung Gambrinus Krug 1\" width=\"158\" height=\"300\" class=\"alignnone size-medium wp-image-49998\" srcset=\"http:\/\/museumek.eu\/wp-content\/uploads\/2013\/05\/Westerwald-ohne-Zuordnung-Gambrinus-Krug-1-158x300.jpg 158w, http:\/\/museumek.eu\/wp-content\/uploads\/2013\/05\/Westerwald-ohne-Zuordnung-Gambrinus-Krug-1-79x150.jpg 79w\" sizes=\"(max-width: 158px) 100vw, 158px\" \/><\/a><\/p>\n<p><a href=\"http:\/\/museumek.eu\/?attachment_id=49999\" rel=\"attachment wp-att-49999\"><img loading=\"lazy\" src=\"http:\/\/museumek.eu\/wp-content\/uploads\/2013\/05\/Westerwald-ohne-Zuordnung-Gambrinus-Krug-2-208x300.jpg\" alt=\"\" title=\"Westerwald ohne Zuordnung Gambrinus Krug 2\" width=\"208\" height=\"300\" class=\"alignnone size-medium wp-image-49999\" srcset=\"http:\/\/museumek.eu\/wp-content\/uploads\/2013\/05\/Westerwald-ohne-Zuordnung-Gambrinus-Krug-2-208x300.jpg 208w, http:\/\/museumek.eu\/wp-content\/uploads\/2013\/05\/Westerwald-ohne-Zuordnung-Gambrinus-Krug-2-104x150.jpg 104w, http:\/\/museumek.eu\/wp-content\/uploads\/2013\/05\/Westerwald-ohne-Zuordnung-Gambrinus-Krug-2.jpg 444w\" sizes=\"(max-width: 208px) 100vw, 208px\" \/><\/a><\/p>\n<p><a href=\"http:\/\/museumek.eu\/?attachment_id=50002\" rel=\"attachment wp-att-50002\"><img loading=\"lazy\" src=\"http:\/\/museumek.eu\/wp-content\/uploads\/2013\/05\/Westerwald-ohne-Zuordnung-Gambrinus-Krug-3-205x300.jpg\" alt=\"\" title=\"Westerwald ohne Zuordnung Gambrinus Krug 3\" width=\"205\" height=\"300\" class=\"alignnone size-medium wp-image-50002\" srcset=\"http:\/\/museumek.eu\/wp-content\/uploads\/2013\/05\/Westerwald-ohne-Zuordnung-Gambrinus-Krug-3-205x300.jpg 205w, http:\/\/museumek.eu\/wp-content\/uploads\/2013\/05\/Westerwald-ohne-Zuordnung-Gambrinus-Krug-3-102x150.jpg 102w, http:\/\/museumek.eu\/wp-content\/uploads\/2013\/05\/Westerwald-ohne-Zuordnung-Gambrinus-Krug-3.jpg 439w\" sizes=\"(max-width: 205px) 100vw, 205px\" \/><\/a><\/p>\n<p><a href=\"http:\/\/museumek.eu\/?attachment_id=50003\" rel=\"attachment wp-att-50003\"><img loading=\"lazy\" src=\"http:\/\/museumek.eu\/wp-content\/uploads\/2013\/05\/Westerwald-ohne-Zuordnung-Gambrinus-Krug-4-149x300.jpg\" alt=\"\" title=\"Westerwald ohne Zuordnung Gambrinus Krug 4\" width=\"149\" height=\"300\" class=\"alignnone size-medium wp-image-50003\" srcset=\"http:\/\/museumek.eu\/wp-content\/uploads\/2013\/05\/Westerwald-ohne-Zuordnung-Gambrinus-Krug-4-149x300.jpg 149w, http:\/\/museumek.eu\/wp-content\/uploads\/2013\/05\/Westerwald-ohne-Zuordnung-Gambrinus-Krug-4-74x150.jpg 74w, http:\/\/museumek.eu\/wp-content\/uploads\/2013\/05\/Westerwald-ohne-Zuordnung-Gambrinus-Krug-4.jpg 318w\" sizes=\"(max-width: 149px) 100vw, 149px\" \/><\/a><\/p>\n<p><a href=\"http:\/\/museumek.eu\/?attachment_id=50006\" rel=\"attachment wp-att-50006\"><img loading=\"lazy\" src=\"http:\/\/museumek.eu\/wp-content\/uploads\/2013\/05\/Westerwald-ohne-Zuordnung-Gambrinus-Krug-5-136x300.jpg\" alt=\"\" title=\"Westerwald ohne Zuordnung Gambrinus Krug 5\" width=\"136\" height=\"300\" class=\"alignnone size-medium wp-image-50006\" srcset=\"http:\/\/museumek.eu\/wp-content\/uploads\/2013\/05\/Westerwald-ohne-Zuordnung-Gambrinus-Krug-5-136x300.jpg 136w, http:\/\/museumek.eu\/wp-content\/uploads\/2013\/05\/Westerwald-ohne-Zuordnung-Gambrinus-Krug-5-68x150.jpg 68w\" sizes=\"(max-width: 136px) 100vw, 136px\" \/><\/a><\/p>\n<p><a href=\"http:\/\/museumek.eu\/?attachment_id=50007\" rel=\"attachment wp-att-50007\"><img loading=\"lazy\" src=\"http:\/\/museumek.eu\/wp-content\/uploads\/2013\/05\/Westerwald-ohne-Zuordnung-Gambrinus-Krug-6-157x300.jpg\" alt=\"\" title=\"Westerwald ohne Zuordnung Gambrinus Krug 6\" width=\"157\" height=\"300\" class=\"alignnone size-medium wp-image-50007\" srcset=\"http:\/\/museumek.eu\/wp-content\/uploads\/2013\/05\/Westerwald-ohne-Zuordnung-Gambrinus-Krug-6-157x300.jpg 157w, http:\/\/museumek.eu\/wp-content\/uploads\/2013\/05\/Westerwald-ohne-Zuordnung-Gambrinus-Krug-6-78x150.jpg 78w, http:\/\/museumek.eu\/wp-content\/uploads\/2013\/05\/Westerwald-ohne-Zuordnung-Gambrinus-Krug-6.jpg 336w\" sizes=\"(max-width: 157px) 100vw, 157px\" \/><\/a><\/p>\n<p><a href=\"http:\/\/museumek.eu\/?attachment_id=50010\" rel=\"attachment wp-att-50010\"><img loading=\"lazy\" src=\"http:\/\/museumek.eu\/wp-content\/uploads\/2013\/05\/Westerwald-ohne-Zuordnung-Gambrinus-Krug-7-220x300.jpg\" alt=\"\" title=\"Westerwald ohne Zuordnung Gambrinus Krug 7\" width=\"220\" height=\"300\" class=\"alignnone size-medium wp-image-50010\" srcset=\"http:\/\/museumek.eu\/wp-content\/uploads\/2013\/05\/Westerwald-ohne-Zuordnung-Gambrinus-Krug-7-220x300.jpg 220w, http:\/\/museumek.eu\/wp-content\/uploads\/2013\/05\/Westerwald-ohne-Zuordnung-Gambrinus-Krug-7-110x150.jpg 110w, http:\/\/museumek.eu\/wp-content\/uploads\/2013\/05\/Westerwald-ohne-Zuordnung-Gambrinus-Krug-7.jpg 471w\" sizes=\"(max-width: 220px) 100vw, 220px\" \/><\/a><\/p>\n<p><a href=\"http:\/\/museumek.eu\/?attachment_id=50011\" rel=\"attachment wp-att-50011\"><img loading=\"lazy\" src=\"http:\/\/museumek.eu\/wp-content\/uploads\/2013\/05\/Westerwald-ohne-Zuordnung-Gambrinus-Krug-8-300x266.jpg\" alt=\"\" title=\"Westerwald ohne Zuordnung Gambrinus Krug 8\" width=\"300\" height=\"266\" class=\"alignnone size-medium wp-image-50011\" srcset=\"http:\/\/museumek.eu\/wp-content\/uploads\/2013\/05\/Westerwald-ohne-Zuordnung-Gambrinus-Krug-8-300x266.jpg 300w, http:\/\/museumek.eu\/wp-content\/uploads\/2013\/05\/Westerwald-ohne-Zuordnung-Gambrinus-Krug-8-150x133.jpg 150w, http:\/\/museumek.eu\/wp-content\/uploads\/2013\/05\/Westerwald-ohne-Zuordnung-Gambrinus-Krug-8-337x300.jpg 337w, http:\/\/museumek.eu\/wp-content\/uploads\/2013\/05\/Westerwald-ohne-Zuordnung-Gambrinus-Krug-8.jpg 540w\" sizes=\"(max-width: 300px) 100vw, 300px\" \/><\/a><\/p>\n<p><a href=\"http:\/\/museumek.eu\/?attachment_id=50015\" rel=\"attachment wp-att-50015\"><img loading=\"lazy\" src=\"http:\/\/museumek.eu\/wp-content\/uploads\/2013\/05\/Westerwald-ohne-Zuordnung-Gambrinus-Krug-9-300x227.jpg\" alt=\"\" title=\"Westerwald ohne Zuordnung Gambrinus Krug 9\" width=\"300\" height=\"227\" class=\"alignnone size-medium wp-image-50015\" srcset=\"http:\/\/museumek.eu\/wp-content\/uploads\/2013\/05\/Westerwald-ohne-Zuordnung-Gambrinus-Krug-9-300x227.jpg 300w, http:\/\/museumek.eu\/wp-content\/uploads\/2013\/05\/Westerwald-ohne-Zuordnung-Gambrinus-Krug-9-150x113.jpg 150w, http:\/\/museumek.eu\/wp-content\/uploads\/2013\/05\/Westerwald-ohne-Zuordnung-Gambrinus-Krug-9-395x300.jpg 395w, http:\/\/museumek.eu\/wp-content\/uploads\/2013\/05\/Westerwald-ohne-Zuordnung-Gambrinus-Krug-9.jpg 632w\" sizes=\"(max-width: 300px) 100vw, 300px\" \/><\/a><\/p>\n<p><a href=\"http:\/\/museumek.eu\/?attachment_id=50014\" rel=\"attachment wp-att-50014\"><img loading=\"lazy\" src=\"http:\/\/museumek.eu\/wp-content\/uploads\/2013\/05\/Westerwald-ohne-Zuordnung-Gambrinus-Krug-10-300x211.jpg\" alt=\"\" title=\"Westerwald ohne Zuordnung Gambrinus Krug 10\" width=\"300\" height=\"211\" class=\"alignnone size-medium wp-image-50014\" srcset=\"http:\/\/museumek.eu\/wp-content\/uploads\/2013\/05\/Westerwald-ohne-Zuordnung-Gambrinus-Krug-10-300x211.jpg 300w, http:\/\/museumek.eu\/wp-content\/uploads\/2013\/05\/Westerwald-ohne-Zuordnung-Gambrinus-Krug-10-150x105.jpg 150w, http:\/\/museumek.eu\/wp-content\/uploads\/2013\/05\/Westerwald-ohne-Zuordnung-Gambrinus-Krug-10-425x300.jpg 425w, http:\/\/museumek.eu\/wp-content\/uploads\/2013\/05\/Westerwald-ohne-Zuordnung-Gambrinus-Krug-10.jpg 640w\" sizes=\"(max-width: 300px) 100vw, 300px\" \/><\/a><\/p>\n<p><a href=\"http:\/\/museumek.eu\/?attachment_id=50018\" rel=\"attachment wp-att-50018\"><img loading=\"lazy\" src=\"http:\/\/museumek.eu\/wp-content\/uploads\/2013\/05\/Westerwald-ohne-Zuordnung-Gambrinus-Krug-11-269x300.jpg\" alt=\"\" title=\"Westerwald ohne Zuordnung Gambrinus Krug 11\" width=\"269\" height=\"300\" class=\"alignnone size-medium wp-image-50018\" srcset=\"http:\/\/museumek.eu\/wp-content\/uploads\/2013\/05\/Westerwald-ohne-Zuordnung-Gambrinus-Krug-11-269x300.jpg 269w, http:\/\/museumek.eu\/wp-content\/uploads\/2013\/05\/Westerwald-ohne-Zuordnung-Gambrinus-Krug-11-134x150.jpg 134w, http:\/\/museumek.eu\/wp-content\/uploads\/2013\/05\/Westerwald-ohne-Zuordnung-Gambrinus-Krug-11.jpg 480w\" sizes=\"(max-width: 269px) 100vw, 269px\" \/><\/a><\/p>\n<p><a href=\"http:\/\/museumek.eu\/?attachment_id=50019\" rel=\"attachment wp-att-50019\"><img loading=\"lazy\" src=\"http:\/\/museumek.eu\/wp-content\/uploads\/2013\/05\/Westerwald-ohne-Zuordnung-Gambrinus-Krug-12-300x269.jpg\" alt=\"\" title=\"Westerwald ohne Zuordnung Gambrinus Krug 12\" width=\"300\" height=\"269\" class=\"alignnone size-medium wp-image-50019\" srcset=\"http:\/\/museumek.eu\/wp-content\/uploads\/2013\/05\/Westerwald-ohne-Zuordnung-Gambrinus-Krug-12-300x269.jpg 300w, http:\/\/museumek.eu\/wp-content\/uploads\/2013\/05\/Westerwald-ohne-Zuordnung-Gambrinus-Krug-12-150x134.jpg 150w, http:\/\/museumek.eu\/wp-content\/uploads\/2013\/05\/Westerwald-ohne-Zuordnung-Gambrinus-Krug-12-333x300.jpg 333w, http:\/\/museumek.eu\/wp-content\/uploads\/2013\/05\/Westerwald-ohne-Zuordnung-Gambrinus-Krug-12.jpg 534w\" sizes=\"(max-width: 300px) 100vw, 300px\" \/><\/a><\/p>\n","protected":false},"excerpt":{"rendered":"<p>Abteilung Deutschland, Keramik 1860 \u2013 1960, Inventarnummer D\/LXXXII\/82 Westerw\u00e4lder Steinzeug ohne Fabrikzuordnung, Deutschland, Westerwald, wohl 1871\/1872, Krug, K\u00fcnstler unbekannt, Werks.-Nr. ohne, Exemplar Nr. ohne, gemarkt keine Fabrikmarke ab S vor 1 L \u00fcber Eichstrich geritzt, nicht signiert, der MEK Krug &hellip; <a href=\"http:\/\/museumek.eu\/?page_id=50030\">Weiterlesen <span class=\"meta-nav\">&rarr;<\/span><\/a><\/p>\n","protected":false},"author":1,"featured_media":0,"parent":49692,"menu_order":82,"comment_status":"closed","ping_status":"open","template":"","meta":[],"_links":{"self":[{"href":"http:\/\/museumek.eu\/index.php?rest_route=\/wp\/v2\/pages\/50030"}],"collection":[{"href":"http:\/\/museumek.eu\/index.php?rest_route=\/wp\/v2\/pages"}],"about":[{"href":"http:\/\/museumek.eu\/index.php?rest_route=\/wp\/v2\/types\/page"}],"author":[{"embeddable":true,"href":"http:\/\/museumek.eu\/index.php?rest_route=\/wp\/v2\/users\/1"}],"replies":[{"embeddable":true,"href":"http:\/\/museumek.eu\/index.php?rest_route=%2Fwp%2Fv2%2Fcomments&post=50030"}],"version-history":[{"count":2,"href":"http:\/\/museumek.eu\/index.php?rest_route=\/wp\/v2\/pages\/50030\/revisions"}],"predecessor-version":[{"id":50032,"href":"http:\/\/museumek.eu\/index.php?rest_route=\/wp\/v2\/pages\/50030\/revisions\/50032"}],"up":[{"embeddable":true,"href":"http:\/\/museumek.eu\/index.php?rest_route=\/wp\/v2\/pages\/49692"}],"wp:attachment":[{"href":"http:\/\/museumek.eu\/index.php?rest_route=%2Fwp%2Fv2%2Fmedia&parent=50030"}],"curies":[{"name":"wp","href":"https:\/\/api.w.org\/{rel}","templated":true}]}}