{"id":50185,"date":"2020-10-04T21:19:56","date_gmt":"2020-10-04T19:19:56","guid":{"rendered":"http:\/\/museumek.eu\/?page_id=50185"},"modified":"2020-10-04T21:33:49","modified_gmt":"2020-10-04T19:33:49","slug":"fotos-und-beschreibung","status":"publish","type":"page","link":"http:\/\/museumek.eu\/?page_id=50185","title":{"rendered":"Fotos und Beschreibung"},"content":{"rendered":"<p><strong>Abteilung Deutschland, Keramik 1860 \u2013 1960, Inventarnummer D\/CLXIV\/1<\/strong><\/p>\n<p>Kunstt\u00f6pferei Alice Ehmann, Deutschland, Meissen, 1930&#8242; Jahre, Vase, K\u00fcnstler Alice Ehmann, Werks-Nr. ohne, Exemplar Nr. ohne, gemarkt Firmenmarke mit EHMANN darunter MEISSEN gepresst, signiert gleich gemarkt, Literatur: Waltraud Neuwirth, Wiener Keramik, Seite 131, dort beschrieben, dass Alice Ehmann Mitarbeiterin der Wiener Werkst\u00e4tte war, dort diverse Modellnummern aufgelistet, die von ihr entworfen worden sind, Alice Ehmann, die in den 1920&#8242; Jahren f\u00fcr die Wiener Werkst\u00e4tte arbeitete, gr\u00fcndete Anfang 1930 in Gro\u00dfenhain eine eigene Werkstatt, evtl. Firmierung Deutsche Kunstkeramik Alice Ehmann, nach relativ kurzer Zeit verlegte sie ihre Werkstatt nach Meissen, Firmierung dort evtl. dito wie in Gro\u00dfenhain oder Kunstt\u00f6pferei Alice Ehmann, wie lange die Werkstatt bestand, konnte nicht recherchiert werden,<br \/>\nH\u00f6he 7,5 cm, Breite 8 cm<\/p>\n<p><a href=\"http:\/\/museumek.eu\/?attachment_id=50186\" rel=\"attachment wp-att-50186\"><img loading=\"lazy\" src=\"http:\/\/museumek.eu\/wp-content\/uploads\/2020\/10\/Ehmann-Meissen-Vase-1-277x300.jpg\" alt=\"\" title=\"Ehmann Meissen Vase 1\" width=\"277\" height=\"300\" class=\"alignnone size-medium wp-image-50186\" srcset=\"http:\/\/museumek.eu\/wp-content\/uploads\/2020\/10\/Ehmann-Meissen-Vase-1-277x300.jpg 277w, http:\/\/museumek.eu\/wp-content\/uploads\/2020\/10\/Ehmann-Meissen-Vase-1-138x150.jpg 138w, http:\/\/museumek.eu\/wp-content\/uploads\/2020\/10\/Ehmann-Meissen-Vase-1.jpg 480w\" sizes=\"(max-width: 277px) 100vw, 277px\" \/><\/a><\/p>\n<p><a href=\"http:\/\/museumek.eu\/?attachment_id=50187\" rel=\"attachment wp-att-50187\"><img loading=\"lazy\" src=\"http:\/\/museumek.eu\/wp-content\/uploads\/2020\/10\/Ehmann-Meissen-Vase-2-297x300.jpg\" alt=\"\" title=\"Ehmann Meissen Vase 2\" width=\"297\" height=\"300\" class=\"alignnone size-medium wp-image-50187\" srcset=\"http:\/\/museumek.eu\/wp-content\/uploads\/2020\/10\/Ehmann-Meissen-Vase-2-297x300.jpg 297w, http:\/\/museumek.eu\/wp-content\/uploads\/2020\/10\/Ehmann-Meissen-Vase-2-148x150.jpg 148w, http:\/\/museumek.eu\/wp-content\/uploads\/2020\/10\/Ehmann-Meissen-Vase-2.jpg 480w\" sizes=\"(max-width: 297px) 100vw, 297px\" \/><\/a><\/p>\n<p><a href=\"http:\/\/museumek.eu\/?attachment_id=50188\" rel=\"attachment wp-att-50188\"><img loading=\"lazy\" src=\"http:\/\/museumek.eu\/wp-content\/uploads\/2020\/10\/Ehmann-Meissen-Vase-3-300x297.jpg\" alt=\"\" title=\"Ehmann Meissen Vase 3\" width=\"300\" height=\"297\" class=\"alignnone size-medium wp-image-50188\" srcset=\"http:\/\/museumek.eu\/wp-content\/uploads\/2020\/10\/Ehmann-Meissen-Vase-3-300x297.jpg 300w, http:\/\/museumek.eu\/wp-content\/uploads\/2020\/10\/Ehmann-Meissen-Vase-3-150x148.jpg 150w, http:\/\/museumek.eu\/wp-content\/uploads\/2020\/10\/Ehmann-Meissen-Vase-3-302x300.jpg 302w, http:\/\/museumek.eu\/wp-content\/uploads\/2020\/10\/Ehmann-Meissen-Vase-3.jpg 484w\" sizes=\"(max-width: 300px) 100vw, 300px\" \/><\/a><\/p>\n<p><a href=\"http:\/\/museumek.eu\/?attachment_id=50189\" rel=\"attachment wp-att-50189\"><img loading=\"lazy\" src=\"http:\/\/museumek.eu\/wp-content\/uploads\/2020\/10\/Ehmann-Meissen-Vase-4-300x180.jpg\" alt=\"\" title=\"Ehmann Meissen Vase 4\" width=\"300\" height=\"180\" class=\"alignnone size-medium wp-image-50189\" srcset=\"http:\/\/museumek.eu\/wp-content\/uploads\/2020\/10\/Ehmann-Meissen-Vase-4-300x180.jpg 300w, http:\/\/museumek.eu\/wp-content\/uploads\/2020\/10\/Ehmann-Meissen-Vase-4-150x90.jpg 150w, http:\/\/museumek.eu\/wp-content\/uploads\/2020\/10\/Ehmann-Meissen-Vase-4-500x300.jpg 500w, http:\/\/museumek.eu\/wp-content\/uploads\/2020\/10\/Ehmann-Meissen-Vase-4.jpg 640w\" sizes=\"(max-width: 300px) 100vw, 300px\" \/><\/a><\/p>\n","protected":false},"excerpt":{"rendered":"<p>Abteilung Deutschland, Keramik 1860 \u2013 1960, Inventarnummer D\/CLXIV\/1 Kunstt\u00f6pferei Alice Ehmann, Deutschland, Meissen, 1930&#8242; Jahre, Vase, K\u00fcnstler Alice Ehmann, Werks-Nr. ohne, Exemplar Nr. ohne, gemarkt Firmenmarke mit EHMANN darunter MEISSEN gepresst, signiert gleich gemarkt, Literatur: Waltraud Neuwirth, Wiener Keramik, Seite &hellip; <a href=\"http:\/\/museumek.eu\/?page_id=50185\">Weiterlesen <span class=\"meta-nav\">&rarr;<\/span><\/a><\/p>\n","protected":false},"author":1,"featured_media":0,"parent":50161,"menu_order":0,"comment_status":"closed","ping_status":"open","template":"","meta":[],"_links":{"self":[{"href":"http:\/\/museumek.eu\/index.php?rest_route=\/wp\/v2\/pages\/50185"}],"collection":[{"href":"http:\/\/museumek.eu\/index.php?rest_route=\/wp\/v2\/pages"}],"about":[{"href":"http:\/\/museumek.eu\/index.php?rest_route=\/wp\/v2\/types\/page"}],"author":[{"embeddable":true,"href":"http:\/\/museumek.eu\/index.php?rest_route=\/wp\/v2\/users\/1"}],"replies":[{"embeddable":true,"href":"http:\/\/museumek.eu\/index.php?rest_route=%2Fwp%2Fv2%2Fcomments&post=50185"}],"version-history":[{"count":9,"href":"http:\/\/museumek.eu\/index.php?rest_route=\/wp\/v2\/pages\/50185\/revisions"}],"predecessor-version":[{"id":50198,"href":"http:\/\/museumek.eu\/index.php?rest_route=\/wp\/v2\/pages\/50185\/revisions\/50198"}],"up":[{"embeddable":true,"href":"http:\/\/museumek.eu\/index.php?rest_route=\/wp\/v2\/pages\/50161"}],"wp:attachment":[{"href":"http:\/\/museumek.eu\/index.php?rest_route=%2Fwp%2Fv2%2Fmedia&parent=50185"}],"curies":[{"name":"wp","href":"https:\/\/api.w.org\/{rel}","templated":true}]}}