{"id":50255,"date":"2020-10-14T23:31:50","date_gmt":"2020-10-14T21:31:50","guid":{"rendered":"http:\/\/museumek.eu\/?page_id=50255"},"modified":"2021-01-13T10:17:01","modified_gmt":"2021-01-13T09:17:01","slug":"fotos-und-beschreibung","status":"publish","type":"page","link":"http:\/\/museumek.eu\/?page_id=50255","title":{"rendered":"Fotos und Beschreibung"},"content":{"rendered":"<p><strong>Abteilung Deutschland, Keramik 1860 \u2013 1960, Inventarnummer D\/CLXV\/1\/1<\/strong><\/p>\n<p>Tonwarenfabrik St\u00fctzel &#038; Sachs, Deutschland, Aalen, um\/nach 1930, Sch\u00fcssel, K\u00fcnstler unbekannt, Werks.-Nr. ohne, Exemplar Nr. ohne, gemarkt Firmenmarke in einem Kreis S (f\u00fcr St\u00fctzel), rechts daneben ein gro\u00dfer S f\u00f6rmiger Haken (f\u00fcr und), rechts daneben wieder ein S (f\u00fcr Sachs), unter dem Kreis AALEN, schwarzer Stempel, nicht signiert, Literatur: Dieter Z\u00fchlsdorff, Markenlexikon, Porzellan und Keramikreport 1885 &#8211; 1935, Seite 99, Werkteil-Nummer 1, Gruppennummer 1., fortlaufende Nummer innerhalb der Gruppe 2053 dort Marke identisch (f\u00fcr die Zeit ab 1930) sowie Seite 463, Werkteil-Nummer 3, fortlaufende Nummer des Werkteil 4, dort kurze Fabrikbeschreibung, die Fabrik wurde 1881 gegr\u00fcndet und produzierte auch noch nach WK II, H\u00f6he 8,5 cm, Breite 21,8 cm<\/p>\n<p><a href=\"http:\/\/museumek.eu\/?attachment_id=50256\" rel=\"attachment wp-att-50256\"><img loading=\"lazy\" src=\"http:\/\/museumek.eu\/wp-content\/uploads\/2020\/10\/St\u00fctzel-Sachs-Schale-1-300x196.jpg\" alt=\"\" title=\"St\u00fctzel &amp; Sachs Schale 1\" width=\"300\" height=\"196\" class=\"alignnone size-medium wp-image-50256\" srcset=\"http:\/\/museumek.eu\/wp-content\/uploads\/2020\/10\/St\u00fctzel-Sachs-Schale-1-300x196.jpg 300w, http:\/\/museumek.eu\/wp-content\/uploads\/2020\/10\/St\u00fctzel-Sachs-Schale-1-150x98.jpg 150w, http:\/\/museumek.eu\/wp-content\/uploads\/2020\/10\/St\u00fctzel-Sachs-Schale-1-457x300.jpg 457w, http:\/\/museumek.eu\/wp-content\/uploads\/2020\/10\/St\u00fctzel-Sachs-Schale-1.jpg 640w\" sizes=\"(max-width: 300px) 100vw, 300px\" \/><\/a><\/p>\n<p><a href=\"http:\/\/museumek.eu\/?attachment_id=50257\" rel=\"attachment wp-att-50257\"><img loading=\"lazy\" src=\"http:\/\/museumek.eu\/wp-content\/uploads\/2020\/10\/St\u00fctzel-Sachs-Schale-2-300x258.jpg\" alt=\"\" title=\"St\u00fctzel &amp; Sachs Schale 2\" width=\"300\" height=\"258\" class=\"alignnone size-medium wp-image-50257\" srcset=\"http:\/\/museumek.eu\/wp-content\/uploads\/2020\/10\/St\u00fctzel-Sachs-Schale-2-300x258.jpg 300w, http:\/\/museumek.eu\/wp-content\/uploads\/2020\/10\/St\u00fctzel-Sachs-Schale-2-150x129.jpg 150w, http:\/\/museumek.eu\/wp-content\/uploads\/2020\/10\/St\u00fctzel-Sachs-Schale-2-348x300.jpg 348w, http:\/\/museumek.eu\/wp-content\/uploads\/2020\/10\/St\u00fctzel-Sachs-Schale-2.jpg 557w\" sizes=\"(max-width: 300px) 100vw, 300px\" \/><\/a><\/p>\n<p><a href=\"http:\/\/museumek.eu\/?attachment_id=50258\" rel=\"attachment wp-att-50258\"><img loading=\"lazy\" src=\"http:\/\/museumek.eu\/wp-content\/uploads\/2020\/10\/St\u00fctzel-Sachs-Schale-3-300x266.jpg\" alt=\"\" title=\"St\u00fctzel &amp; Sachs Schale 3\" width=\"300\" height=\"266\" class=\"alignnone size-medium wp-image-50258\" srcset=\"http:\/\/museumek.eu\/wp-content\/uploads\/2020\/10\/St\u00fctzel-Sachs-Schale-3-300x266.jpg 300w, http:\/\/museumek.eu\/wp-content\/uploads\/2020\/10\/St\u00fctzel-Sachs-Schale-3-150x133.jpg 150w, http:\/\/museumek.eu\/wp-content\/uploads\/2020\/10\/St\u00fctzel-Sachs-Schale-3-337x300.jpg 337w, http:\/\/museumek.eu\/wp-content\/uploads\/2020\/10\/St\u00fctzel-Sachs-Schale-3.jpg 540w\" sizes=\"(max-width: 300px) 100vw, 300px\" \/><\/a><\/p>\n<p><a href=\"http:\/\/museumek.eu\/?attachment_id=50259\" rel=\"attachment wp-att-50259\"><img loading=\"lazy\" src=\"http:\/\/museumek.eu\/wp-content\/uploads\/2020\/10\/St\u00fctzel-Sachs-Schale-4-229x300.jpg\" alt=\"\" title=\"St\u00fctzel &amp; Sachs Schale 4\" width=\"229\" height=\"300\" class=\"alignnone size-medium wp-image-50259\" srcset=\"http:\/\/museumek.eu\/wp-content\/uploads\/2020\/10\/St\u00fctzel-Sachs-Schale-4-229x300.jpg 229w, http:\/\/museumek.eu\/wp-content\/uploads\/2020\/10\/St\u00fctzel-Sachs-Schale-4-114x150.jpg 114w, http:\/\/museumek.eu\/wp-content\/uploads\/2020\/10\/St\u00fctzel-Sachs-Schale-4.jpg 480w\" sizes=\"(max-width: 229px) 100vw, 229px\" \/><\/a><\/p>\n","protected":false},"excerpt":{"rendered":"<p>Abteilung Deutschland, Keramik 1860 \u2013 1960, Inventarnummer D\/CLXV\/1\/1 Tonwarenfabrik St\u00fctzel &#038; Sachs, Deutschland, Aalen, um\/nach 1930, Sch\u00fcssel, K\u00fcnstler unbekannt, Werks.-Nr. ohne, Exemplar Nr. ohne, gemarkt Firmenmarke in einem Kreis S (f\u00fcr St\u00fctzel), rechts daneben ein gro\u00dfer S f\u00f6rmiger Haken (f\u00fcr &hellip; <a href=\"http:\/\/museumek.eu\/?page_id=50255\">Weiterlesen <span class=\"meta-nav\">&rarr;<\/span><\/a><\/p>\n","protected":false},"author":1,"featured_media":0,"parent":50243,"menu_order":1,"comment_status":"closed","ping_status":"open","template":"","meta":[],"_links":{"self":[{"href":"http:\/\/museumek.eu\/index.php?rest_route=\/wp\/v2\/pages\/50255"}],"collection":[{"href":"http:\/\/museumek.eu\/index.php?rest_route=\/wp\/v2\/pages"}],"about":[{"href":"http:\/\/museumek.eu\/index.php?rest_route=\/wp\/v2\/types\/page"}],"author":[{"embeddable":true,"href":"http:\/\/museumek.eu\/index.php?rest_route=\/wp\/v2\/users\/1"}],"replies":[{"embeddable":true,"href":"http:\/\/museumek.eu\/index.php?rest_route=%2Fwp%2Fv2%2Fcomments&post=50255"}],"version-history":[{"count":12,"href":"http:\/\/museumek.eu\/index.php?rest_route=\/wp\/v2\/pages\/50255\/revisions"}],"predecessor-version":[{"id":59553,"href":"http:\/\/museumek.eu\/index.php?rest_route=\/wp\/v2\/pages\/50255\/revisions\/59553"}],"up":[{"embeddable":true,"href":"http:\/\/museumek.eu\/index.php?rest_route=\/wp\/v2\/pages\/50243"}],"wp:attachment":[{"href":"http:\/\/museumek.eu\/index.php?rest_route=%2Fwp%2Fv2%2Fmedia&parent=50255"}],"curies":[{"name":"wp","href":"https:\/\/api.w.org\/{rel}","templated":true}]}}