{"id":50816,"date":"2020-11-22T19:18:05","date_gmt":"2020-11-22T18:18:05","guid":{"rendered":"http:\/\/museumek.eu\/?page_id=50816"},"modified":"2021-05-23T11:51:30","modified_gmt":"2021-05-23T09:51:30","slug":"dclxvii1","status":"publish","type":"page","link":"http:\/\/museumek.eu\/?page_id=50816","title":{"rendered":"D\/CLXVII\/1"},"content":{"rendered":"<p><strong>Abteilung Deutschland, Keramik 1860 \u2013 1960, Inventarnummer D\/CLXVII\/1<\/strong><\/p>\n<p>Porzellanfabrik Gebr. Metzler &#038; Ortloff, vormals Porzellanfabrik H\u00f6hn und Metzler, Deutschland, Ilmenau, vor\/um 1910, linke Vase eines Vasen Paars mit Truthahn, K\u00fcnstler unbekannt (evtl. einer von beiden Tierbildhauern, Paul Zeiler oder Sigismund Wernekick, die beide f\u00fcr die Fabrik Entw\u00fcrfe fertigten), Werks.-Nr. 1853, Exemplar Nr. ohne, gemarkt Firmenmarke zwei gekreuzte Hammer, mittig links M, mittig rechts O unten I (f\u00fcr Metzler, Ortloff, Ilmenau) gr\u00fcner Stempel unter Glasur, 1853 sowie 6 gepresst, nicht signiert, Literatur: J. G. Th. Graesse und E. Jaennicke, F\u00fchrer f\u00fcr Sammler von Porzellan und Fayence, Steinzeug, Steingut usw., Seite 464, Spalte Porzellanfabrik Gebr. Metzler &#038; Ortloff, Marke Nr. 1 identisch, weitere Literatur: Gustav Wei\u00df, Ullstein Porzellanbuch, Seite 265, Marke Gebr. Metzler &#038; Ortloff identisch, weitere Literatur: Emanuel Poche, Porzellanmarken, Marke Nr. 1260 identisch, weitere Literatur: Robert E. R\u00f6ntgen, Deutsche Porzellanmarken von 1710 bis heute, Seite 145, Marke Nr. 1059 identisch, weitere Literatur: Dieter Z\u00fchlsdorff, Markenlexikon, Porzellan und Keramik Report 1885 &#8211; 1935, Seite 378, Werkteil 1., Gruppennummer des Werkteils 21., laufende Nummer innerhalb der Gruppe 16, identische Marke (dort f\u00fcr die Zeit von 1900 bis 1935) sowie Seite 526, Werkteil 3., laufende Nummer des Werkteils 562, dort kurze unvollst\u00e4ndige Beschreibung der Fabrik, 1863 kaufte der Ilmenauer Kaufmann Adolf H\u00f6hn das Gel\u00e4nde des ehemaligen Carl-August-Schachtes in der Weimarer Stra\u00dfe in Ilmenau, um dort eine Porzellanfabrik zu gr\u00fcnden, 1865 kaufte H\u00f6hn noch eine kleine Massenm\u00fchle hinzu, in der er die Porzellan-Rohmasse f\u00fcr seine Fabrik fertigen lassen wollte, 1873 konnte H\u00f6hn die Br\u00fcder Rudolf und Robert Metzler aus Sonneberg von einer Teilhaberschaft \u00fcberzeugen, da er, um die Fabrik aufzubauen, noch Kapital und erfahrene Unternehmer ben\u00f6tigte, Firmierung 1873 Porzellanfabrik H\u00f6hn &#038; Metzler, eingetragen ins Handelsregister am 18. April 1873 des Amtes Ilmenau, leider waren die ersten Jahre der Fabrik nicht von Erfolg gepr\u00e4gt, weswegen Adolf H\u00f6hn 1875 als Teilhaber ausschied und sein Kapital abzog, daraufhin suchten die Gebr\u00fcder Metzler nach einem neuen Teilhaber und fanden diesen in Person von Hugo Ortloff, Firmierung ab 1875 Porzellanfabrik Gebr. Metzler &#038; Ortloff, die Fabrik erlebte nach 1875 einen stabilen Aufschwung, so dass sie 1890 bereits etwa 120 Mitarbeiter z\u00e4hlte, die Produktpalette umfasste etwa 2000 verschiedene Artikel, wovon im Jahr etwa 3,5 Millionen St\u00fcck hergestellt wurden, nach 1900 trat der Sohn von Hugo Orloff, Hugo Ortloff jun. In die Fabrik ein und erweiterte die Produktionspallette um Kunstkeramik, nach WK II. wurde die Fabrik verstaatlicht, zweite Vase des Vasenpaares siehe MEK D\/CLXVII\/2, H\u00f6he 20 cm, Breite 16,5 cm<\/p>\n<p><a href=\"http:\/\/museumek.eu\/?attachment_id=50790\" rel=\"attachment wp-att-50790\"><img loading=\"lazy\" src=\"http:\/\/museumek.eu\/wp-content\/uploads\/2020\/11\/M-O-Truthahn-Vasen-1-300x210.jpg\" alt=\"\" title=\"M &amp; O Truthahn Vasen 1\" width=\"300\" height=\"210\" class=\"alignnone size-medium wp-image-50790\" srcset=\"http:\/\/museumek.eu\/wp-content\/uploads\/2020\/11\/M-O-Truthahn-Vasen-1-300x210.jpg 300w, http:\/\/museumek.eu\/wp-content\/uploads\/2020\/11\/M-O-Truthahn-Vasen-1-150x105.jpg 150w, http:\/\/museumek.eu\/wp-content\/uploads\/2020\/11\/M-O-Truthahn-Vasen-1-428x300.jpg 428w, http:\/\/museumek.eu\/wp-content\/uploads\/2020\/11\/M-O-Truthahn-Vasen-1.jpg 640w\" sizes=\"(max-width: 300px) 100vw, 300px\" \/><\/a><\/p>\n<p><a href=\"http:\/\/museumek.eu\/?attachment_id=50791\" rel=\"attachment wp-att-50791\"><img loading=\"lazy\" src=\"http:\/\/museumek.eu\/wp-content\/uploads\/2020\/11\/M-O-Truthahn-Vasen-2-242x300.jpg\" alt=\"\" title=\"M &amp; O Truthahn Vasen 2\" width=\"242\" height=\"300\" class=\"alignnone size-medium wp-image-50791\" srcset=\"http:\/\/museumek.eu\/wp-content\/uploads\/2020\/11\/M-O-Truthahn-Vasen-2-242x300.jpg 242w, http:\/\/museumek.eu\/wp-content\/uploads\/2020\/11\/M-O-Truthahn-Vasen-2-121x150.jpg 121w, http:\/\/museumek.eu\/wp-content\/uploads\/2020\/11\/M-O-Truthahn-Vasen-2.jpg 535w\" sizes=\"(max-width: 242px) 100vw, 242px\" \/><\/a><\/p>\n<p><a href=\"http:\/\/museumek.eu\/?attachment_id=50792\" rel=\"attachment wp-att-50792\"><img loading=\"lazy\" src=\"http:\/\/museumek.eu\/wp-content\/uploads\/2020\/11\/M-O-Truthahn-Vasen-3-245x300.jpg\" alt=\"\" title=\"M &amp; O Truthahn Vasen 3\" width=\"245\" height=\"300\" class=\"alignnone size-medium wp-image-50792\" srcset=\"http:\/\/museumek.eu\/wp-content\/uploads\/2020\/11\/M-O-Truthahn-Vasen-3-245x300.jpg 245w, http:\/\/museumek.eu\/wp-content\/uploads\/2020\/11\/M-O-Truthahn-Vasen-3-122x150.jpg 122w, http:\/\/museumek.eu\/wp-content\/uploads\/2020\/11\/M-O-Truthahn-Vasen-3.jpg 480w\" sizes=\"(max-width: 245px) 100vw, 245px\" \/><\/a><\/p>\n<p><a href=\"http:\/\/museumek.eu\/?attachment_id=50793\" rel=\"attachment wp-att-50793\"><img loading=\"lazy\" src=\"http:\/\/museumek.eu\/wp-content\/uploads\/2020\/11\/M-O-Truthahn-Vasen-4-227x300.jpg\" alt=\"\" title=\"M &amp; O Truthahn Vasen 4\" width=\"227\" height=\"300\" class=\"alignnone size-medium wp-image-50793\" srcset=\"http:\/\/museumek.eu\/wp-content\/uploads\/2020\/11\/M-O-Truthahn-Vasen-4-227x300.jpg 227w, http:\/\/museumek.eu\/wp-content\/uploads\/2020\/11\/M-O-Truthahn-Vasen-4-113x150.jpg 113w, http:\/\/museumek.eu\/wp-content\/uploads\/2020\/11\/M-O-Truthahn-Vasen-4.jpg 480w\" sizes=\"(max-width: 227px) 100vw, 227px\" \/><\/a><\/p>\n<p><a href=\"http:\/\/museumek.eu\/?attachment_id=50794\" rel=\"attachment wp-att-50794\"><img loading=\"lazy\" src=\"http:\/\/museumek.eu\/wp-content\/uploads\/2020\/11\/M-O-Truthahn-Vasen-5-226x300.jpg\" alt=\"\" title=\"M &amp; O Truthahn Vasen 5\" width=\"226\" height=\"300\" class=\"alignnone size-medium wp-image-50794\" srcset=\"http:\/\/museumek.eu\/wp-content\/uploads\/2020\/11\/M-O-Truthahn-Vasen-5-226x300.jpg 226w, http:\/\/museumek.eu\/wp-content\/uploads\/2020\/11\/M-O-Truthahn-Vasen-5-113x150.jpg 113w, http:\/\/museumek.eu\/wp-content\/uploads\/2020\/11\/M-O-Truthahn-Vasen-5.jpg 480w\" sizes=\"(max-width: 226px) 100vw, 226px\" \/><\/a><\/p>\n<p><a href=\"http:\/\/museumek.eu\/?attachment_id=50795\" rel=\"attachment wp-att-50795\"><img loading=\"lazy\" src=\"http:\/\/museumek.eu\/wp-content\/uploads\/2020\/11\/M-O-Truthahn-Vasen-6-244x300.jpg\" alt=\"\" title=\"M &amp; O Truthahn Vasen 6\" width=\"244\" height=\"300\" class=\"alignnone size-medium wp-image-50795\" srcset=\"http:\/\/museumek.eu\/wp-content\/uploads\/2020\/11\/M-O-Truthahn-Vasen-6-244x300.jpg 244w, http:\/\/museumek.eu\/wp-content\/uploads\/2020\/11\/M-O-Truthahn-Vasen-6-122x150.jpg 122w, http:\/\/museumek.eu\/wp-content\/uploads\/2020\/11\/M-O-Truthahn-Vasen-6.jpg 480w\" sizes=\"(max-width: 244px) 100vw, 244px\" \/><\/a><\/p>\n","protected":false},"excerpt":{"rendered":"<p>Abteilung Deutschland, Keramik 1860 \u2013 1960, Inventarnummer D\/CLXVII\/1 Porzellanfabrik Gebr. Metzler &#038; Ortloff, vormals Porzellanfabrik H\u00f6hn und Metzler, Deutschland, Ilmenau, vor\/um 1910, linke Vase eines Vasen Paars mit Truthahn, K\u00fcnstler unbekannt (evtl. einer von beiden Tierbildhauern, Paul Zeiler oder Sigismund &hellip; <a href=\"http:\/\/museumek.eu\/?page_id=50816\">Weiterlesen <span class=\"meta-nav\">&rarr;<\/span><\/a><\/p>\n","protected":false},"author":1,"featured_media":0,"parent":50814,"menu_order":1,"comment_status":"closed","ping_status":"open","template":"","meta":[],"_links":{"self":[{"href":"http:\/\/museumek.eu\/index.php?rest_route=\/wp\/v2\/pages\/50816"}],"collection":[{"href":"http:\/\/museumek.eu\/index.php?rest_route=\/wp\/v2\/pages"}],"about":[{"href":"http:\/\/museumek.eu\/index.php?rest_route=\/wp\/v2\/types\/page"}],"author":[{"embeddable":true,"href":"http:\/\/museumek.eu\/index.php?rest_route=\/wp\/v2\/users\/1"}],"replies":[{"embeddable":true,"href":"http:\/\/museumek.eu\/index.php?rest_route=%2Fwp%2Fv2%2Fcomments&post=50816"}],"version-history":[{"count":6,"href":"http:\/\/museumek.eu\/index.php?rest_route=\/wp\/v2\/pages\/50816\/revisions"}],"predecessor-version":[{"id":57168,"href":"http:\/\/museumek.eu\/index.php?rest_route=\/wp\/v2\/pages\/50816\/revisions\/57168"}],"up":[{"embeddable":true,"href":"http:\/\/museumek.eu\/index.php?rest_route=\/wp\/v2\/pages\/50814"}],"wp:attachment":[{"href":"http:\/\/museumek.eu\/index.php?rest_route=%2Fwp%2Fv2%2Fmedia&parent=50816"}],"curies":[{"name":"wp","href":"https:\/\/api.w.org\/{rel}","templated":true}]}}