{"id":50863,"date":"2020-11-25T21:49:53","date_gmt":"2020-11-25T20:49:53","guid":{"rendered":"http:\/\/museumek.eu\/?page_id=50863"},"modified":"2020-11-25T21:49:53","modified_gmt":"2020-11-25T20:49:53","slug":"dcix3","status":"publish","type":"page","link":"http:\/\/museumek.eu\/?page_id=50863","title":{"rendered":"D\/CIX\/3"},"content":{"rendered":"<p><strong>Abteilung Deutschland, Keramik 1860 \u2013 1960, Inventarnummer D\/CIX\/3<\/strong><\/p>\n<p>Johann Peter Thewalt, Inh. Carl Thewalt Fabrik gew\u00f6hnlicher und feinverzierter Steinzeugwaren, Spielzeuge, vormals Johann Peter Thewalt Fabrik kunstgewerblicher und gew\u00f6hnlicher Gebrauchs-Steinzeuge, Deutschland, H\u00f6hr, vor\/um 1900, Krug, K\u00fcnstler unbekannt, Werks.-Nr. 1180, Exemplar Nr. ohne, gemarkt Firmenmarke mit JPT (f\u00fcr Johann Peter Thewalt) ineinander gesetzt, dar\u00fcber ein Punkt (das ist der Punkt vom j), GESETZLICH GESCH\u00dcTZT, 0,5 L. \u00fcber Eichstrich, 1180 unter dem Henkel, 1180 am Boden alles gepresst, 16 geritzt, nicht signiert, Literatur: J\u00fcrgen Schimanski, Braun geflammt und grau gesalzen, Seite 225, Beschreibung der Fabrik sowie Marke 39 identisch, weitere Literatur: J\u00fcrgen Schimanski und J\u00fcrgen Erlebach, Westerw\u00e4lder Steinzeug, Die Neue \u00c4ra, Seite 114, dort als Firmenmarke der keramischen Fabrik Paulus &#038; Thewalt benannt (die beiden Autoren ordneten damals diese Firmenmarke falsch zu, Schimanski korrigiert das in seinem von ihm allein sp\u00e4ter herausgebrachten Buch, siehe oben) sowie Marke Nr. 39 identisch mit der Bodenmarke des MEK Exemplares, die T\u00f6pfertradition der Familie Thewalt reicht bis in das 18. Jh. zur\u00fcck, ein T\u00f6pfer namens Hermann Thewalt ist bereits im 18. Jh. in den amtlichen B\u00fcchern gelistet, dessen Sohn Johann Peter Thewalt (1784 \u2013 1861) wandert im Zuge seiner Hochzeit mit Katharina Gerz im Jahre 1813 von Hillscheid nach H\u00f6hr aus, Johann Peter Thewalts Sohn Johann Peter Thewalt jr. (1822 \u2013 1887) gr\u00fcndet 1852 in H\u00f6hr eine Steinzeugfabrik und firmierte als Johann Peter Thewalt Fabrik kunstgewerblicher und gew\u00f6hnlicher Gebrauchs-Steinzeuge, nach seinem Tod 1887, f\u00fchrt sein Sohn Carl Thewalt die Fabrik fort und firmierte als Johann Peter Thewalt, Inh. Carl Thewalt Fabrik gew\u00f6hnlicher und feinverzierter Steinzeugwaren, Spielzeuge, nach dessen Tod 1923 f\u00fchren seine Witwe Anna Thewalt und sein Sohn Hubert Thewalt die Fabrik fort, evtl. mit dem Zusatz Witwe, mit dem Tode von Anna Thewalt 1930 wurde die Fabrik aufgel\u00f6st, da Carl Thewalt die Tochter des Tonwarenfabrikenten Johann Wilhelm Remy, Anna Remy geheiratet hat, gab es wohl intensive gesch\u00e4ftliche Verbindungen der Thewalt\u2019schen Fabrik mit der Fabrik von J. W. Remy, Formentausch usw., der zweite Sohn von Joahnn Peter Thewalt jr., Albert Jacob Thewalt (1857 \u2013 1939) gr\u00fcndete 1882 zusammen mit seinem Schwager Jean Paulus die keramische Fabrik Paulus und Thewalt, H\u00f6he 18 cm, Breite 13,5 cm (nur die Keramik)<\/p>\n<p><a href=\"http:\/\/museumek.eu\/?attachment_id=50845\" rel=\"attachment wp-att-50845\"><img loading=\"lazy\" src=\"http:\/\/museumek.eu\/wp-content\/uploads\/2014\/05\/Johann-Peter-Thewalt-Krug-mit-J\u00e4ger-1-145x300.jpg\" alt=\"\" title=\"Johann Peter Thewalt Krug mit J\u00e4ger 1\" width=\"145\" height=\"300\" class=\"alignnone size-medium wp-image-50845\" srcset=\"http:\/\/museumek.eu\/wp-content\/uploads\/2014\/05\/Johann-Peter-Thewalt-Krug-mit-J\u00e4ger-1-145x300.jpg 145w, http:\/\/museumek.eu\/wp-content\/uploads\/2014\/05\/Johann-Peter-Thewalt-Krug-mit-J\u00e4ger-1-72x150.jpg 72w\" sizes=\"(max-width: 145px) 100vw, 145px\" \/><\/a><\/p>\n<p><a href=\"http:\/\/museumek.eu\/?attachment_id=50846\" rel=\"attachment wp-att-50846\"><img loading=\"lazy\" src=\"http:\/\/museumek.eu\/wp-content\/uploads\/2014\/05\/Johann-Peter-Thewalt-Krug-mit-J\u00e4ger-2-172x300.jpg\" alt=\"\" title=\"Johann Peter Thewalt Krug mit J\u00e4ger 2\" width=\"172\" height=\"300\" class=\"alignnone size-medium wp-image-50846\" srcset=\"http:\/\/museumek.eu\/wp-content\/uploads\/2014\/05\/Johann-Peter-Thewalt-Krug-mit-J\u00e4ger-2-172x300.jpg 172w, http:\/\/museumek.eu\/wp-content\/uploads\/2014\/05\/Johann-Peter-Thewalt-Krug-mit-J\u00e4ger-2-86x150.jpg 86w, http:\/\/museumek.eu\/wp-content\/uploads\/2014\/05\/Johann-Peter-Thewalt-Krug-mit-J\u00e4ger-2.jpg 368w\" sizes=\"(max-width: 172px) 100vw, 172px\" \/><\/a><\/p>\n<p><a href=\"http:\/\/museumek.eu\/?attachment_id=50847\" rel=\"attachment wp-att-50847\"><img loading=\"lazy\" src=\"http:\/\/museumek.eu\/wp-content\/uploads\/2014\/05\/Johann-Peter-Thewalt-Krug-mit-J\u00e4ger-3-175x300.jpg\" alt=\"\" title=\"Johann Peter Thewalt Krug mit J\u00e4ger 3\" width=\"175\" height=\"300\" class=\"alignnone size-medium wp-image-50847\" srcset=\"http:\/\/museumek.eu\/wp-content\/uploads\/2014\/05\/Johann-Peter-Thewalt-Krug-mit-J\u00e4ger-3-175x300.jpg 175w, http:\/\/museumek.eu\/wp-content\/uploads\/2014\/05\/Johann-Peter-Thewalt-Krug-mit-J\u00e4ger-3-87x150.jpg 87w, http:\/\/museumek.eu\/wp-content\/uploads\/2014\/05\/Johann-Peter-Thewalt-Krug-mit-J\u00e4ger-3.jpg 375w\" sizes=\"(max-width: 175px) 100vw, 175px\" \/><\/a><\/p>\n<p><a href=\"http:\/\/museumek.eu\/?attachment_id=50848\" rel=\"attachment wp-att-50848\"><img loading=\"lazy\" src=\"http:\/\/museumek.eu\/wp-content\/uploads\/2014\/05\/Johann-Peter-Thewalt-Krug-mit-J\u00e4ger-4-136x300.jpg\" alt=\"\" title=\"Johann Peter Thewalt Krug mit J\u00e4ger 4\" width=\"136\" height=\"300\" class=\"alignnone size-medium wp-image-50848\" srcset=\"http:\/\/museumek.eu\/wp-content\/uploads\/2014\/05\/Johann-Peter-Thewalt-Krug-mit-J\u00e4ger-4-136x300.jpg 136w, http:\/\/museumek.eu\/wp-content\/uploads\/2014\/05\/Johann-Peter-Thewalt-Krug-mit-J\u00e4ger-4-68x150.jpg 68w, http:\/\/museumek.eu\/wp-content\/uploads\/2014\/05\/Johann-Peter-Thewalt-Krug-mit-J\u00e4ger-4.jpg 291w\" sizes=\"(max-width: 136px) 100vw, 136px\" \/><\/a><\/p>\n<p><a href=\"http:\/\/museumek.eu\/?attachment_id=50849\" rel=\"attachment wp-att-50849\"><img loading=\"lazy\" src=\"http:\/\/museumek.eu\/wp-content\/uploads\/2014\/05\/Johann-Peter-Thewalt-Krug-mit-J\u00e4ger-5-253x300.jpg\" alt=\"\" title=\"Johann Peter Thewalt Krug mit J\u00e4ger 5\" width=\"253\" height=\"300\" class=\"alignnone size-medium wp-image-50849\" srcset=\"http:\/\/museumek.eu\/wp-content\/uploads\/2014\/05\/Johann-Peter-Thewalt-Krug-mit-J\u00e4ger-5-253x300.jpg 253w, http:\/\/museumek.eu\/wp-content\/uploads\/2014\/05\/Johann-Peter-Thewalt-Krug-mit-J\u00e4ger-5-126x150.jpg 126w, http:\/\/museumek.eu\/wp-content\/uploads\/2014\/05\/Johann-Peter-Thewalt-Krug-mit-J\u00e4ger-5.jpg 480w\" sizes=\"(max-width: 253px) 100vw, 253px\" \/><\/a><\/p>\n<p><a href=\"http:\/\/museumek.eu\/?attachment_id=50850\" rel=\"attachment wp-att-50850\"><img loading=\"lazy\" src=\"http:\/\/museumek.eu\/wp-content\/uploads\/2014\/05\/Johann-Peter-Thewalt-Krug-mit-J\u00e4ger-6-300x211.jpg\" alt=\"\" title=\"Johann Peter Thewalt Krug mit J\u00e4ger 6\" width=\"300\" height=\"211\" class=\"alignnone size-medium wp-image-50850\" srcset=\"http:\/\/museumek.eu\/wp-content\/uploads\/2014\/05\/Johann-Peter-Thewalt-Krug-mit-J\u00e4ger-6-300x211.jpg 300w, http:\/\/museumek.eu\/wp-content\/uploads\/2014\/05\/Johann-Peter-Thewalt-Krug-mit-J\u00e4ger-6-150x105.jpg 150w, http:\/\/museumek.eu\/wp-content\/uploads\/2014\/05\/Johann-Peter-Thewalt-Krug-mit-J\u00e4ger-6-425x300.jpg 425w, http:\/\/museumek.eu\/wp-content\/uploads\/2014\/05\/Johann-Peter-Thewalt-Krug-mit-J\u00e4ger-6.jpg 640w\" sizes=\"(max-width: 300px) 100vw, 300px\" \/><\/a><\/p>\n<p><a href=\"http:\/\/museumek.eu\/?attachment_id=50853\" rel=\"attachment wp-att-50853\"><img loading=\"lazy\" src=\"http:\/\/museumek.eu\/wp-content\/uploads\/2014\/05\/Johann-Peter-Thewalt-Krug-mit-J\u00e4ger-7-209x300.jpg\" alt=\"\" title=\"Johann Peter Thewalt Krug mit J\u00e4ger 7\" width=\"209\" height=\"300\" class=\"alignnone size-medium wp-image-50853\" srcset=\"http:\/\/museumek.eu\/wp-content\/uploads\/2014\/05\/Johann-Peter-Thewalt-Krug-mit-J\u00e4ger-7-209x300.jpg 209w, http:\/\/museumek.eu\/wp-content\/uploads\/2014\/05\/Johann-Peter-Thewalt-Krug-mit-J\u00e4ger-7-104x150.jpg 104w, http:\/\/museumek.eu\/wp-content\/uploads\/2014\/05\/Johann-Peter-Thewalt-Krug-mit-J\u00e4ger-7.jpg 447w\" sizes=\"(max-width: 209px) 100vw, 209px\" \/><\/a><\/p>\n<p><a href=\"http:\/\/museumek.eu\/?attachment_id=50854\" rel=\"attachment wp-att-50854\"><img loading=\"lazy\" src=\"http:\/\/museumek.eu\/wp-content\/uploads\/2014\/05\/Johann-Peter-Thewalt-Krug-mit-J\u00e4ger-8-300x156.jpg\" alt=\"\" title=\"Johann Peter Thewalt Krug mit J\u00e4ger 8\" width=\"300\" height=\"156\" class=\"alignnone size-medium wp-image-50854\" srcset=\"http:\/\/museumek.eu\/wp-content\/uploads\/2014\/05\/Johann-Peter-Thewalt-Krug-mit-J\u00e4ger-8-300x156.jpg 300w, http:\/\/museumek.eu\/wp-content\/uploads\/2014\/05\/Johann-Peter-Thewalt-Krug-mit-J\u00e4ger-8-150x78.jpg 150w, http:\/\/museumek.eu\/wp-content\/uploads\/2014\/05\/Johann-Peter-Thewalt-Krug-mit-J\u00e4ger-8-500x260.jpg 500w, http:\/\/museumek.eu\/wp-content\/uploads\/2014\/05\/Johann-Peter-Thewalt-Krug-mit-J\u00e4ger-8.jpg 640w\" sizes=\"(max-width: 300px) 100vw, 300px\" \/><\/a><\/p>\n<p><a href=\"http:\/\/museumek.eu\/?attachment_id=50855\" rel=\"attachment wp-att-50855\"><img loading=\"lazy\" src=\"http:\/\/museumek.eu\/wp-content\/uploads\/2014\/05\/Johann-Peter-Thewalt-Krug-mit-J\u00e4ger-9-169x300.jpg\" alt=\"\" title=\"Johann Peter Thewalt Krug mit J\u00e4ger 9\" width=\"169\" height=\"300\" class=\"alignnone size-medium wp-image-50855\" srcset=\"http:\/\/museumek.eu\/wp-content\/uploads\/2014\/05\/Johann-Peter-Thewalt-Krug-mit-J\u00e4ger-9-169x300.jpg 169w, http:\/\/museumek.eu\/wp-content\/uploads\/2014\/05\/Johann-Peter-Thewalt-Krug-mit-J\u00e4ger-9-84x150.jpg 84w, http:\/\/museumek.eu\/wp-content\/uploads\/2014\/05\/Johann-Peter-Thewalt-Krug-mit-J\u00e4ger-9.jpg 361w\" sizes=\"(max-width: 169px) 100vw, 169px\" \/><\/a><\/p>\n<p><a href=\"http:\/\/museumek.eu\/?attachment_id=50856\" rel=\"attachment wp-att-50856\"><img loading=\"lazy\" src=\"http:\/\/museumek.eu\/wp-content\/uploads\/2014\/05\/Johann-Peter-Thewalt-Krug-mit-J\u00e4ger-10-300x146.jpg\" alt=\"\" title=\"Johann Peter Thewalt Krug mit J\u00e4ger 10\" width=\"300\" height=\"146\" class=\"alignnone size-medium wp-image-50856\" srcset=\"http:\/\/museumek.eu\/wp-content\/uploads\/2014\/05\/Johann-Peter-Thewalt-Krug-mit-J\u00e4ger-10-300x146.jpg 300w, http:\/\/museumek.eu\/wp-content\/uploads\/2014\/05\/Johann-Peter-Thewalt-Krug-mit-J\u00e4ger-10-150x73.jpg 150w, http:\/\/museumek.eu\/wp-content\/uploads\/2014\/05\/Johann-Peter-Thewalt-Krug-mit-J\u00e4ger-10-500x244.jpg 500w, http:\/\/museumek.eu\/wp-content\/uploads\/2014\/05\/Johann-Peter-Thewalt-Krug-mit-J\u00e4ger-10.jpg 640w\" sizes=\"(max-width: 300px) 100vw, 300px\" \/><\/a><\/p>\n<p><a href=\"http:\/\/museumek.eu\/?attachment_id=50857\" rel=\"attachment wp-att-50857\"><img loading=\"lazy\" src=\"http:\/\/museumek.eu\/wp-content\/uploads\/2014\/05\/Johann-Peter-Thewalt-Krug-mit-J\u00e4ger-11-300x169.jpg\" alt=\"\" title=\"Johann Peter Thewalt Krug mit J\u00e4ger 11\" width=\"300\" height=\"169\" class=\"alignnone size-medium wp-image-50857\" srcset=\"http:\/\/museumek.eu\/wp-content\/uploads\/2014\/05\/Johann-Peter-Thewalt-Krug-mit-J\u00e4ger-11-300x169.jpg 300w, http:\/\/museumek.eu\/wp-content\/uploads\/2014\/05\/Johann-Peter-Thewalt-Krug-mit-J\u00e4ger-11-150x84.jpg 150w, http:\/\/museumek.eu\/wp-content\/uploads\/2014\/05\/Johann-Peter-Thewalt-Krug-mit-J\u00e4ger-11-500x282.jpg 500w, http:\/\/museumek.eu\/wp-content\/uploads\/2014\/05\/Johann-Peter-Thewalt-Krug-mit-J\u00e4ger-11.jpg 640w\" sizes=\"(max-width: 300px) 100vw, 300px\" \/><\/a><\/p>\n<p><a href=\"http:\/\/museumek.eu\/?attachment_id=50858\" rel=\"attachment wp-att-50858\"><img loading=\"lazy\" src=\"http:\/\/museumek.eu\/wp-content\/uploads\/2014\/05\/Johann-Peter-Thewalt-Krug-mit-J\u00e4ger-12-300x210.jpg\" alt=\"\" title=\"Johann Peter Thewalt Krug mit J\u00e4ger 12\" width=\"300\" height=\"210\" class=\"alignnone size-medium wp-image-50858\" srcset=\"http:\/\/museumek.eu\/wp-content\/uploads\/2014\/05\/Johann-Peter-Thewalt-Krug-mit-J\u00e4ger-12-300x210.jpg 300w, http:\/\/museumek.eu\/wp-content\/uploads\/2014\/05\/Johann-Peter-Thewalt-Krug-mit-J\u00e4ger-12-150x105.jpg 150w, http:\/\/museumek.eu\/wp-content\/uploads\/2014\/05\/Johann-Peter-Thewalt-Krug-mit-J\u00e4ger-12-427x300.jpg 427w, http:\/\/museumek.eu\/wp-content\/uploads\/2014\/05\/Johann-Peter-Thewalt-Krug-mit-J\u00e4ger-12.jpg 640w\" sizes=\"(max-width: 300px) 100vw, 300px\" \/><\/a><\/p>\n","protected":false},"excerpt":{"rendered":"<p>Abteilung Deutschland, Keramik 1860 \u2013 1960, Inventarnummer D\/CIX\/3 Johann Peter Thewalt, Inh. Carl Thewalt Fabrik gew\u00f6hnlicher und feinverzierter Steinzeugwaren, Spielzeuge, vormals Johann Peter Thewalt Fabrik kunstgewerblicher und gew\u00f6hnlicher Gebrauchs-Steinzeuge, Deutschland, H\u00f6hr, vor\/um 1900, Krug, K\u00fcnstler unbekannt, Werks.-Nr. 1180, Exemplar Nr. &hellip; <a href=\"http:\/\/museumek.eu\/?page_id=50863\">Weiterlesen <span class=\"meta-nav\">&rarr;<\/span><\/a><\/p>\n","protected":false},"author":1,"featured_media":0,"parent":29899,"menu_order":3,"comment_status":"closed","ping_status":"open","template":"","meta":[],"_links":{"self":[{"href":"http:\/\/museumek.eu\/index.php?rest_route=\/wp\/v2\/pages\/50863"}],"collection":[{"href":"http:\/\/museumek.eu\/index.php?rest_route=\/wp\/v2\/pages"}],"about":[{"href":"http:\/\/museumek.eu\/index.php?rest_route=\/wp\/v2\/types\/page"}],"author":[{"embeddable":true,"href":"http:\/\/museumek.eu\/index.php?rest_route=\/wp\/v2\/users\/1"}],"replies":[{"embeddable":true,"href":"http:\/\/museumek.eu\/index.php?rest_route=%2Fwp%2Fv2%2Fcomments&post=50863"}],"version-history":[{"count":2,"href":"http:\/\/museumek.eu\/index.php?rest_route=\/wp\/v2\/pages\/50863\/revisions"}],"predecessor-version":[{"id":50865,"href":"http:\/\/museumek.eu\/index.php?rest_route=\/wp\/v2\/pages\/50863\/revisions\/50865"}],"up":[{"embeddable":true,"href":"http:\/\/museumek.eu\/index.php?rest_route=\/wp\/v2\/pages\/29899"}],"wp:attachment":[{"href":"http:\/\/museumek.eu\/index.php?rest_route=%2Fwp%2Fv2%2Fmedia&parent=50863"}],"curies":[{"name":"wp","href":"https:\/\/api.w.org\/{rel}","templated":true}]}}