{"id":50880,"date":"2020-11-27T16:57:09","date_gmt":"2020-11-27T15:57:09","guid":{"rendered":"http:\/\/museumek.eu\/?page_id=50880"},"modified":"2021-03-28T13:02:55","modified_gmt":"2021-03-28T11:02:55","slug":"faiencerie-picarde-d-borck-vorm-faiencerie-picarde-trouillot-marque-und-nachf-sarl-de-la-ceramique-dart-de-montieres-inv-nr-flvii1","status":"publish","type":"page","link":"http:\/\/museumek.eu\/?page_id=50880","title":{"rendered":"Fa\u00efencerie Picarde D. Borck, vorm. Fa\u00efencerie Picarde Trouillot &#038; Marque und Nachf. SARL de la C\u00e9ramique d&#8217;Art de Monti\u00e8res &#8211; Inv.Nr. F\/LVII\/1"},"content":{"rendered":"","protected":false},"excerpt":{"rendered":"","protected":false},"author":1,"featured_media":0,"parent":2680,"menu_order":235,"comment_status":"closed","ping_status":"open","template":"","meta":[],"_links":{"self":[{"href":"http:\/\/museumek.eu\/index.php?rest_route=\/wp\/v2\/pages\/50880"}],"collection":[{"href":"http:\/\/museumek.eu\/index.php?rest_route=\/wp\/v2\/pages"}],"about":[{"href":"http:\/\/museumek.eu\/index.php?rest_route=\/wp\/v2\/types\/page"}],"author":[{"embeddable":true,"href":"http:\/\/museumek.eu\/index.php?rest_route=\/wp\/v2\/users\/1"}],"replies":[{"embeddable":true,"href":"http:\/\/museumek.eu\/index.php?rest_route=%2Fwp%2Fv2%2Fcomments&post=50880"}],"version-history":[{"count":4,"href":"http:\/\/museumek.eu\/index.php?rest_route=\/wp\/v2\/pages\/50880\/revisions"}],"predecessor-version":[{"id":54956,"href":"http:\/\/museumek.eu\/index.php?rest_route=\/wp\/v2\/pages\/50880\/revisions\/54956"}],"up":[{"embeddable":true,"href":"http:\/\/museumek.eu\/index.php?rest_route=\/wp\/v2\/pages\/2680"}],"wp:attachment":[{"href":"http:\/\/museumek.eu\/index.php?rest_route=%2Fwp%2Fv2%2Fmedia&parent=50880"}],"curies":[{"name":"wp","href":"https:\/\/api.w.org\/{rel}","templated":true}]}}

Faïencerie Picarde D. Borck, vorm. Faïencerie Picarde Trouillot &#038; Marque und Nachf. SARL de la Céramique d&#8217;Art de Montières &#8211; Inv.Nr. F/LVII/1
