{"id":50926,"date":"2020-11-27T23:21:01","date_gmt":"2020-11-27T22:21:01","guid":{"rendered":"http:\/\/museumek.eu\/?page_id=50926"},"modified":"2020-11-27T23:21:01","modified_gmt":"2020-11-27T22:21:01","slug":"faiencerie-picarde-d-borck-vorm-faiencerie-picarde-trouillot-marque-und-nachf-sarl-de-la-ceramique-dart-de-montieres","status":"publish","type":"page","link":"http:\/\/museumek.eu\/?page_id=50926","title":{"rendered":"Fa\u00efencerie Picarde D. Borck, vorm. Fa\u00efencerie Picarde Trouillot &#038; Marque und Nachf. SARL de la C\u00e9ramique d&#8217;Art de Monti\u00e8res"},"content":{"rendered":"","protected":false},"excerpt":{"rendered":"","protected":false},"author":1,"featured_media":0,"parent":2157,"menu_order":57,"comment_status":"closed","ping_status":"open","template":"","meta":[],"_links":{"self":[{"href":"http:\/\/museumek.eu\/index.php?rest_route=\/wp\/v2\/pages\/50926"}],"collection":[{"href":"http:\/\/museumek.eu\/index.php?rest_route=\/wp\/v2\/pages"}],"about":[{"href":"http:\/\/museumek.eu\/index.php?rest_route=\/wp\/v2\/types\/page"}],"author":[{"embeddable":true,"href":"http:\/\/museumek.eu\/index.php?rest_route=\/wp\/v2\/users\/1"}],"replies":[{"embeddable":true,"href":"http:\/\/museumek.eu\/index.php?rest_route=%2Fwp%2Fv2%2Fcomments&post=50926"}],"version-history":[{"count":1,"href":"http:\/\/museumek.eu\/index.php?rest_route=\/wp\/v2\/pages\/50926\/revisions"}],"predecessor-version":[{"id":50927,"href":"http:\/\/museumek.eu\/index.php?rest_route=\/wp\/v2\/pages\/50926\/revisions\/50927"}],"up":[{"embeddable":true,"href":"http:\/\/museumek.eu\/index.php?rest_route=\/wp\/v2\/pages\/2157"}],"wp:attachment":[{"href":"http:\/\/museumek.eu\/index.php?rest_route=%2Fwp%2Fv2%2Fmedia&parent=50926"}],"curies":[{"name":"wp","href":"https:\/\/api.w.org\/{rel}","templated":true}]}}