{"id":51514,"date":"2020-12-27T15:52:54","date_gmt":"2020-12-27T14:52:54","guid":{"rendered":"http:\/\/museumek.eu\/?page_id=51514"},"modified":"2020-12-27T15:52:54","modified_gmt":"2020-12-27T14:52:54","slug":"porzellanfabrik-konigszelt-ag-vorganger-porzellanfabrik-konigszelt-ag-vormals-august-rappsilber-vormals-august-rappsilber-porzellanfabrik-vormals-porzellan-manufactur-august-rappsilber-vormals-po","status":"publish","type":"page","link":"http:\/\/museumek.eu\/?page_id=51514","title":{"rendered":"Porzellanfabrik K\u00f6nigszelt AG, Vorg\u00e4nger Porzellanfabrik K\u00f6nigszelt AG, vormals August Rappsilber, vormals August Rappsilber Porzellanfabrik, vormals Porzellan-Manufactur August Rappsilber, vormals Porzellan &#038; Chamotte-Fabrik August Rappsilber, vormals Porzellan Manufactur und Chamott-Fabriken C. Heckmann &#038; Rappsilber, vormals Porzellanfabrik Silber &#038; Co."},"content":{"rendered":"","protected":false},"excerpt":{"rendered":"","protected":false},"author":1,"featured_media":0,"parent":44,"menu_order":173,"comment_status":"closed","ping_status":"open","template":"","meta":[],"_links":{"self":[{"href":"http:\/\/museumek.eu\/index.php?rest_route=\/wp\/v2\/pages\/51514"}],"collection":[{"href":"http:\/\/museumek.eu\/index.php?rest_route=\/wp\/v2\/pages"}],"about":[{"href":"http:\/\/museumek.eu\/index.php?rest_route=\/wp\/v2\/types\/page"}],"author":[{"embeddable":true,"href":"http:\/\/museumek.eu\/index.php?rest_route=\/wp\/v2\/users\/1"}],"replies":[{"embeddable":true,"href":"http:\/\/museumek.eu\/index.php?rest_route=%2Fwp%2Fv2%2Fcomments&post=51514"}],"version-history":[{"count":1,"href":"http:\/\/museumek.eu\/index.php?rest_route=\/wp\/v2\/pages\/51514\/revisions"}],"predecessor-version":[{"id":51515,"href":"http:\/\/museumek.eu\/index.php?rest_route=\/wp\/v2\/pages\/51514\/revisions\/51515"}],"up":[{"embeddable":true,"href":"http:\/\/museumek.eu\/index.php?rest_route=\/wp\/v2\/pages\/44"}],"wp:attachment":[{"href":"http:\/\/museumek.eu\/index.php?rest_route=%2Fwp%2Fv2%2Fmedia&parent=51514"}],"curies":[{"name":"wp","href":"https:\/\/api.w.org\/{rel}","templated":true}]}}