{"id":51702,"date":"2021-01-03T19:43:46","date_gmt":"2021-01-03T18:43:46","guid":{"rendered":"http:\/\/museumek.eu\/?page_id=51702"},"modified":"2021-01-03T19:43:46","modified_gmt":"2021-01-03T18:43:46","slug":"dviii43","status":"publish","type":"page","link":"http:\/\/museumek.eu\/?page_id=51702","title":{"rendered":"D\/VIII\/43"},"content":{"rendered":"<p><strong>Abteilung Deutschland, Keramik 1860 \u2013 1960, Inventarnummer D\/VIII\/43<\/strong><\/p>\n<p>Villeroy &#038; Boch, Deutschland, Mettlach, um 1900, Seidel, K\u00fcnstler unbekannt, Werks.-Nr. 1526 (Formnummer), Exemplar Nr. ohne, gemarkt keine Firmenmarke aber, 1526, II (Gr\u00f6\u00dfennummer), 35 (Qualit\u00e4tskontrollnummer) sowie \u00bd L \u00fcber Eichstrich gepresst, auf der Zinnmontur Herstellerstempel Zinngie\u00dferei R. Wagner Fabrik beschlagener Gl\u00e4ser und Kr\u00fcge (Gr\u00fcndung ca. 1880 ex. bis 1912), Mettlach, (Rudolf Wagner geb. 1842 in Ungarn, gest. 1912, in Mettlach), nicht signiert, Literatur: Gary Kirsner, The Mettlach Book, Seite 16, beschrieben, dass die wenigen nicht mit einer Fabrikmarke versehenen Erzeugnisse Dekorartikel sind, Seite 23, Erkl\u00e4rungen der Bodenbezeichnungen, Seite 49\/50 beschrieben, dass diese Sonderanfertigung undekorierter Kr\u00fcge vom Besteller der Kr\u00fcge selbst bemalt wurden bzw. der Besteller selbst den Auftrag an K\u00fcnstler zur Kaltbemalung der Kr\u00fcge gab, Seite 179, noch einmal gleiche Beschreibung, Seite 441\/442, beschrieben, dass undekorierte Kr\u00fcge die Korpusnummern 1526 und 1909 haben sowie Seite 456, Hinweis, dass die auf Veranlassung des Bestellers handbemalten Kr\u00fcge extrem selten sind, hier Ausf\u00fchrung als PUG (gedruckt unter Glasur), H\u00f6he 11, cm, Breite 14 cm (nur die Keramik)<\/p>\n<p><a href=\"http:\/\/museumek.eu\/?attachment_id=51686\" rel=\"attachment wp-att-51686\"><img loading=\"lazy\" src=\"http:\/\/museumek.eu\/wp-content\/uploads\/2011\/09\/V-B-Krug-mit-Blumen-1-194x300.jpg\" alt=\"\" title=\"V &amp; B Krug mit Blumen 1\" width=\"194\" height=\"300\" class=\"alignnone size-medium wp-image-51686\" srcset=\"http:\/\/museumek.eu\/wp-content\/uploads\/2011\/09\/V-B-Krug-mit-Blumen-1-194x300.jpg 194w, http:\/\/museumek.eu\/wp-content\/uploads\/2011\/09\/V-B-Krug-mit-Blumen-1-97x150.jpg 97w, http:\/\/museumek.eu\/wp-content\/uploads\/2011\/09\/V-B-Krug-mit-Blumen-1.jpg 415w\" sizes=\"(max-width: 194px) 100vw, 194px\" \/><\/a><\/p>\n<p><a href=\"http:\/\/museumek.eu\/?attachment_id=51687\" rel=\"attachment wp-att-51687\"><img loading=\"lazy\" src=\"http:\/\/museumek.eu\/wp-content\/uploads\/2011\/09\/V-B-Krug-mit-Blumen-2-262x300.jpg\" alt=\"\" title=\"V &amp; B Krug mit Blumen 2\" width=\"262\" height=\"300\" class=\"alignnone size-medium wp-image-51687\" srcset=\"http:\/\/museumek.eu\/wp-content\/uploads\/2011\/09\/V-B-Krug-mit-Blumen-2-262x300.jpg 262w, http:\/\/museumek.eu\/wp-content\/uploads\/2011\/09\/V-B-Krug-mit-Blumen-2-131x150.jpg 131w, http:\/\/museumek.eu\/wp-content\/uploads\/2011\/09\/V-B-Krug-mit-Blumen-2.jpg 480w\" sizes=\"(max-width: 262px) 100vw, 262px\" \/><\/a><\/p>\n<p><a href=\"http:\/\/museumek.eu\/?attachment_id=51688\" rel=\"attachment wp-att-51688\"><img loading=\"lazy\" src=\"http:\/\/museumek.eu\/wp-content\/uploads\/2011\/09\/V-B-Krug-mit-Blumen-3-264x300.jpg\" alt=\"\" title=\"V &amp; B Krug mit Blumen 3\" width=\"264\" height=\"300\" class=\"alignnone size-medium wp-image-51688\" srcset=\"http:\/\/museumek.eu\/wp-content\/uploads\/2011\/09\/V-B-Krug-mit-Blumen-3-264x300.jpg 264w, http:\/\/museumek.eu\/wp-content\/uploads\/2011\/09\/V-B-Krug-mit-Blumen-3-132x150.jpg 132w, http:\/\/museumek.eu\/wp-content\/uploads\/2011\/09\/V-B-Krug-mit-Blumen-3.jpg 480w\" sizes=\"(max-width: 264px) 100vw, 264px\" \/><\/a><\/p>\n<p><a href=\"http:\/\/museumek.eu\/?attachment_id=51691\" rel=\"attachment wp-att-51691\"><img loading=\"lazy\" src=\"http:\/\/museumek.eu\/wp-content\/uploads\/2011\/09\/V-B-Krug-mit-Blumen-4-214x300.jpg\" alt=\"\" title=\"V &amp; B Krug mit Blumen 4\" width=\"214\" height=\"300\" class=\"alignnone size-medium wp-image-51691\" srcset=\"http:\/\/museumek.eu\/wp-content\/uploads\/2011\/09\/V-B-Krug-mit-Blumen-4-214x300.jpg 214w, http:\/\/museumek.eu\/wp-content\/uploads\/2011\/09\/V-B-Krug-mit-Blumen-4-107x150.jpg 107w, http:\/\/museumek.eu\/wp-content\/uploads\/2011\/09\/V-B-Krug-mit-Blumen-4.jpg 457w\" sizes=\"(max-width: 214px) 100vw, 214px\" \/><\/a><\/p>\n<p><a href=\"http:\/\/museumek.eu\/?attachment_id=51692\" rel=\"attachment wp-att-51692\"><img loading=\"lazy\" src=\"http:\/\/museumek.eu\/wp-content\/uploads\/2011\/09\/V-B-Krug-mit-Blumen-5-290x300.jpg\" alt=\"\" title=\"V &amp; B Krug mit Blumen 5\" width=\"290\" height=\"300\" class=\"alignnone size-medium wp-image-51692\" srcset=\"http:\/\/museumek.eu\/wp-content\/uploads\/2011\/09\/V-B-Krug-mit-Blumen-5-290x300.jpg 290w, http:\/\/museumek.eu\/wp-content\/uploads\/2011\/09\/V-B-Krug-mit-Blumen-5-145x150.jpg 145w, http:\/\/museumek.eu\/wp-content\/uploads\/2011\/09\/V-B-Krug-mit-Blumen-5.jpg 480w\" sizes=\"(max-width: 290px) 100vw, 290px\" \/><\/a><\/p>\n<p><a href=\"http:\/\/museumek.eu\/?attachment_id=51693\" rel=\"attachment wp-att-51693\"><img loading=\"lazy\" src=\"http:\/\/museumek.eu\/wp-content\/uploads\/2011\/09\/V-B-Krug-mit-Blumen-6-300x179.jpg\" alt=\"\" title=\"V &amp; B Krug mit Blumen 6\" width=\"300\" height=\"179\" class=\"alignnone size-medium wp-image-51693\" srcset=\"http:\/\/museumek.eu\/wp-content\/uploads\/2011\/09\/V-B-Krug-mit-Blumen-6-300x179.jpg 300w, http:\/\/museumek.eu\/wp-content\/uploads\/2011\/09\/V-B-Krug-mit-Blumen-6-150x89.jpg 150w, http:\/\/museumek.eu\/wp-content\/uploads\/2011\/09\/V-B-Krug-mit-Blumen-6-500x300.jpg 500w, http:\/\/museumek.eu\/wp-content\/uploads\/2011\/09\/V-B-Krug-mit-Blumen-6.jpg 640w\" sizes=\"(max-width: 300px) 100vw, 300px\" \/><\/a><\/p>\n<p><a href=\"http:\/\/museumek.eu\/?attachment_id=51697\" rel=\"attachment wp-att-51697\"><img loading=\"lazy\" src=\"http:\/\/museumek.eu\/wp-content\/uploads\/2011\/09\/V-B-Krug-mit-Blumen-7-247x300.jpg\" alt=\"\" title=\"V &amp; B Krug mit Blumen 7\" width=\"247\" height=\"300\" class=\"alignnone size-medium wp-image-51697\" srcset=\"http:\/\/museumek.eu\/wp-content\/uploads\/2011\/09\/V-B-Krug-mit-Blumen-7-247x300.jpg 247w, http:\/\/museumek.eu\/wp-content\/uploads\/2011\/09\/V-B-Krug-mit-Blumen-7-123x150.jpg 123w, http:\/\/museumek.eu\/wp-content\/uploads\/2011\/09\/V-B-Krug-mit-Blumen-7.jpg 480w\" sizes=\"(max-width: 247px) 100vw, 247px\" \/><\/a><\/p>\n<p><a href=\"http:\/\/museumek.eu\/?attachment_id=51698\" rel=\"attachment wp-att-51698\"><img loading=\"lazy\" src=\"http:\/\/museumek.eu\/wp-content\/uploads\/2011\/09\/V-B-Krug-mit-Blumen-8-300x231.jpg\" alt=\"\" title=\"V &amp; B Krug mit Blumen 8\" width=\"300\" height=\"231\" class=\"alignnone size-medium wp-image-51698\" srcset=\"http:\/\/museumek.eu\/wp-content\/uploads\/2011\/09\/V-B-Krug-mit-Blumen-8-300x231.jpg 300w, http:\/\/museumek.eu\/wp-content\/uploads\/2011\/09\/V-B-Krug-mit-Blumen-8-150x115.jpg 150w, http:\/\/museumek.eu\/wp-content\/uploads\/2011\/09\/V-B-Krug-mit-Blumen-8-388x300.jpg 388w, http:\/\/museumek.eu\/wp-content\/uploads\/2011\/09\/V-B-Krug-mit-Blumen-8.jpg 621w\" sizes=\"(max-width: 300px) 100vw, 300px\" \/><\/a><\/p>\n<p><a href=\"http:\/\/museumek.eu\/?attachment_id=51699\" rel=\"attachment wp-att-51699\"><img loading=\"lazy\" src=\"http:\/\/museumek.eu\/wp-content\/uploads\/2011\/09\/V-B-Krug-mit-Blumen-9-237x300.jpg\" alt=\"\" title=\"V &amp; B Krug mit Blumen 9\" width=\"237\" height=\"300\" class=\"alignnone size-medium wp-image-51699\" srcset=\"http:\/\/museumek.eu\/wp-content\/uploads\/2011\/09\/V-B-Krug-mit-Blumen-9-237x300.jpg 237w, http:\/\/museumek.eu\/wp-content\/uploads\/2011\/09\/V-B-Krug-mit-Blumen-9-118x150.jpg 118w, http:\/\/museumek.eu\/wp-content\/uploads\/2011\/09\/V-B-Krug-mit-Blumen-9.jpg 480w\" sizes=\"(max-width: 237px) 100vw, 237px\" \/><\/a><\/p>\n","protected":false},"excerpt":{"rendered":"<p>Abteilung Deutschland, Keramik 1860 \u2013 1960, Inventarnummer D\/VIII\/43 Villeroy &#038; Boch, Deutschland, Mettlach, um 1900, Seidel, K\u00fcnstler unbekannt, Werks.-Nr. 1526 (Formnummer), Exemplar Nr. ohne, gemarkt keine Firmenmarke aber, 1526, II (Gr\u00f6\u00dfennummer), 35 (Qualit\u00e4tskontrollnummer) sowie \u00bd L \u00fcber Eichstrich gepresst, auf &hellip; <a href=\"http:\/\/museumek.eu\/?page_id=51702\">Weiterlesen <span class=\"meta-nav\">&rarr;<\/span><\/a><\/p>\n","protected":false},"author":1,"featured_media":0,"parent":47443,"menu_order":43,"comment_status":"closed","ping_status":"open","template":"","meta":[],"_links":{"self":[{"href":"http:\/\/museumek.eu\/index.php?rest_route=\/wp\/v2\/pages\/51702"}],"collection":[{"href":"http:\/\/museumek.eu\/index.php?rest_route=\/wp\/v2\/pages"}],"about":[{"href":"http:\/\/museumek.eu\/index.php?rest_route=\/wp\/v2\/types\/page"}],"author":[{"embeddable":true,"href":"http:\/\/museumek.eu\/index.php?rest_route=\/wp\/v2\/users\/1"}],"replies":[{"embeddable":true,"href":"http:\/\/museumek.eu\/index.php?rest_route=%2Fwp%2Fv2%2Fcomments&post=51702"}],"version-history":[{"count":2,"href":"http:\/\/museumek.eu\/index.php?rest_route=\/wp\/v2\/pages\/51702\/revisions"}],"predecessor-version":[{"id":51704,"href":"http:\/\/museumek.eu\/index.php?rest_route=\/wp\/v2\/pages\/51702\/revisions\/51704"}],"up":[{"embeddable":true,"href":"http:\/\/museumek.eu\/index.php?rest_route=\/wp\/v2\/pages\/47443"}],"wp:attachment":[{"href":"http:\/\/museumek.eu\/index.php?rest_route=%2Fwp%2Fv2%2Fmedia&parent=51702"}],"curies":[{"name":"wp","href":"https:\/\/api.w.org\/{rel}","templated":true}]}}