{"id":5200,"date":"2011-09-27T21:08:24","date_gmt":"2011-09-27T19:08:24","guid":{"rendered":"http:\/\/museumek.eu\/?page_id=5200"},"modified":"2012-08-11T12:36:50","modified_gmt":"2012-08-11T10:36:50","slug":"fotos-und-beschreibung","status":"publish","type":"page","link":"http:\/\/museumek.eu\/?page_id=5200","title":{"rendered":"Fotos und Beschreibung"},"content":{"rendered":"<p><strong>Abteilung Austria\/Ungarn\/B\u00f6hmen, Keramik 1860 \u2013 1960, Inventarnummer A\/XXVIII\/1<\/strong><\/p>\n<p>Manufaktur Ign\u00e1c Fischer, Ungarn, Budapest, um 1880, Vase, K\u00fcnstler unbekannt, Werks.-Nr. 620, Exemplar Nr. ohne, gemarkt Fischer J. Budapest sowie Patent blaue Farbstempel, 620 gepresst, nicht signiert, Gold geh\u00f6ht, die Manufaktur Ign\u00e1c Fischer wurde 1887 von der Manufaktur Vilmos Zsolnay gekauft, H\u00f6he 25,5 cm, Breite 12,5 cm<\/p>\n<p><a href=\"http:\/\/museumek.eu\/wp-content\/uploads\/2011\/09\/Museum-Europ\u00e4ischer-Keramikkunst-1065.jpg\"><img loading=\"lazy\" src=\"http:\/\/museumek.eu\/wp-content\/uploads\/2011\/09\/Museum-Europ\u00e4ischer-Keramikkunst-1065-141x300.jpg\" alt=\"\" title=\"Museum Europ\u00e4ischer Keramikkunst 1065\" width=\"141\" height=\"300\" class=\"alignnone size-medium wp-image-5187\" srcset=\"http:\/\/museumek.eu\/wp-content\/uploads\/2011\/09\/Museum-Europ\u00e4ischer-Keramikkunst-1065-141x300.jpg 141w, http:\/\/museumek.eu\/wp-content\/uploads\/2011\/09\/Museum-Europ\u00e4ischer-Keramikkunst-1065.jpg 409w\" sizes=\"(max-width: 141px) 100vw, 141px\" \/><\/a><\/p>\n<p><a href=\"http:\/\/museumek.eu\/wp-content\/uploads\/2011\/09\/Museum-Europ\u00e4ischer-Keramikkunst-1066.jpg\"><img loading=\"lazy\" src=\"http:\/\/museumek.eu\/wp-content\/uploads\/2011\/09\/Museum-Europ\u00e4ischer-Keramikkunst-1066-264x300.jpg\" alt=\"\" title=\"Museum Europ\u00e4ischer Keramikkunst 1066\" width=\"264\" height=\"300\" class=\"alignnone size-medium wp-image-5188\" srcset=\"http:\/\/museumek.eu\/wp-content\/uploads\/2011\/09\/Museum-Europ\u00e4ischer-Keramikkunst-1066-264x300.jpg 264w, http:\/\/museumek.eu\/wp-content\/uploads\/2011\/09\/Museum-Europ\u00e4ischer-Keramikkunst-1066.jpg 561w\" sizes=\"(max-width: 264px) 100vw, 264px\" \/><\/a><\/p>\n<p><a href=\"http:\/\/museumek.eu\/wp-content\/uploads\/2011\/09\/Museum-Europ\u00e4ischer-Keramikkunst-1067.jpg\"><img loading=\"lazy\" src=\"http:\/\/museumek.eu\/wp-content\/uploads\/2011\/09\/Museum-Europ\u00e4ischer-Keramikkunst-1067-261x300.jpg\" alt=\"\" title=\"Museum Europ\u00e4ischer Keramikkunst 1067\" width=\"261\" height=\"300\" class=\"alignnone size-medium wp-image-5189\" srcset=\"http:\/\/museumek.eu\/wp-content\/uploads\/2011\/09\/Museum-Europ\u00e4ischer-Keramikkunst-1067-261x300.jpg 261w, http:\/\/museumek.eu\/wp-content\/uploads\/2011\/09\/Museum-Europ\u00e4ischer-Keramikkunst-1067.jpg 579w\" sizes=\"(max-width: 261px) 100vw, 261px\" \/><\/a><\/p>\n<p><a href=\"http:\/\/museumek.eu\/wp-content\/uploads\/2011\/09\/Museum-Europ\u00e4ischer-Keramikkunst-1068.jpg\"><img loading=\"lazy\" src=\"http:\/\/museumek.eu\/wp-content\/uploads\/2011\/09\/Museum-Europ\u00e4ischer-Keramikkunst-1068-300x241.jpg\" alt=\"\" title=\"Museum Europ\u00e4ischer Keramikkunst 1068\" width=\"300\" height=\"241\" class=\"alignnone size-medium wp-image-5190\" srcset=\"http:\/\/museumek.eu\/wp-content\/uploads\/2011\/09\/Museum-Europ\u00e4ischer-Keramikkunst-1068-300x241.jpg 300w, http:\/\/museumek.eu\/wp-content\/uploads\/2011\/09\/Museum-Europ\u00e4ischer-Keramikkunst-1068.jpg 301w\" sizes=\"(max-width: 300px) 100vw, 300px\" \/><\/a><\/p>\n<p><a href=\"http:\/\/museumek.eu\/wp-content\/uploads\/2011\/09\/Marke-J.-fischer.jpg\"><img loading=\"lazy\" src=\"http:\/\/museumek.eu\/wp-content\/uploads\/2011\/09\/Marke-J.-fischer-300x223.jpg\" alt=\"\" title=\"Marke J. fischer\" width=\"300\" height=\"223\" class=\"alignnone size-medium wp-image-5425\" srcset=\"http:\/\/museumek.eu\/wp-content\/uploads\/2011\/09\/Marke-J.-fischer-300x223.jpg 300w, http:\/\/museumek.eu\/wp-content\/uploads\/2011\/09\/Marke-J.-fischer-402x300.jpg 402w, http:\/\/museumek.eu\/wp-content\/uploads\/2011\/09\/Marke-J.-fischer.jpg 931w\" sizes=\"(max-width: 300px) 100vw, 300px\" \/><\/a><\/p>\n<p><strong>Abteilung Austria\/Ungarn\/B\u00f6hmen, Keramik 1860 \u2013 1960, Inventar Nr. A\/XXVIII\/2<\/strong><\/p>\n<p>Manufaktur Ign\u00e1c Fischer, Ungarn, Budapest, um 1880, Vase, K\u00fcnstler unbekannt, Werks.-Nr. 379, Exemplar Nr. ohne, gemarkt Werksmarke mit Fischer J. Budapest sowie Hungary brauner Farbstempel, 379 sowie Fischer J. Budapest gepresst, nicht signiert, Gold geh\u00f6ht, die Manufaktur Ign\u00e1c Fischer wurde 1887 von der<br \/>\nManufaktur Vilmos Zsolnay gekauft, H\u00f6he 29,5 cm, Breite 21 cm<\/p>\n<p><a href=\"http:\/\/museumek.eu\/wp-content\/uploads\/2011\/09\/Museum-Europ\u00e4ischer-Keramikkunst-1107.jpg\"><img loading=\"lazy\" src=\"http:\/\/museumek.eu\/wp-content\/uploads\/2011\/09\/Museum-Europ\u00e4ischer-Keramikkunst-1107-184x300.jpg\" alt=\"\" title=\"Museum Europ\u00e4ischer Keramikkunst 1107\" width=\"184\" height=\"300\" class=\"alignnone size-medium wp-image-5430\" srcset=\"http:\/\/museumek.eu\/wp-content\/uploads\/2011\/09\/Museum-Europ\u00e4ischer-Keramikkunst-1107-184x300.jpg 184w, http:\/\/museumek.eu\/wp-content\/uploads\/2011\/09\/Museum-Europ\u00e4ischer-Keramikkunst-1107.jpg 498w\" sizes=\"(max-width: 184px) 100vw, 184px\" \/><\/a><\/p>\n<p><a href=\"http:\/\/museumek.eu\/wp-content\/uploads\/2011\/09\/Museum-Europ\u00e4ischer-Keramikkunst-1108.jpg\"><img loading=\"lazy\" src=\"http:\/\/museumek.eu\/wp-content\/uploads\/2011\/09\/Museum-Europ\u00e4ischer-Keramikkunst-1108-214x300.jpg\" alt=\"\" title=\"Museum Europ\u00e4ischer Keramikkunst 1108\" width=\"214\" height=\"300\" class=\"alignnone size-medium wp-image-5431\" srcset=\"http:\/\/museumek.eu\/wp-content\/uploads\/2011\/09\/Museum-Europ\u00e4ischer-Keramikkunst-1108-214x300.jpg 214w, http:\/\/museumek.eu\/wp-content\/uploads\/2011\/09\/Museum-Europ\u00e4ischer-Keramikkunst-1108.jpg 398w\" sizes=\"(max-width: 214px) 100vw, 214px\" \/><\/a><\/p>\n<p><a href=\"http:\/\/museumek.eu\/wp-content\/uploads\/2011\/09\/Museum-Europ\u00e4ischer-Keramikkunst-1109.jpg\"><img loading=\"lazy\" src=\"http:\/\/museumek.eu\/wp-content\/uploads\/2011\/09\/Museum-Europ\u00e4ischer-Keramikkunst-1109-300x191.jpg\" alt=\"\" title=\"Museum Europ\u00e4ischer Keramikkunst 1109\" width=\"300\" height=\"191\" class=\"alignnone size-medium wp-image-5432\" srcset=\"http:\/\/museumek.eu\/wp-content\/uploads\/2011\/09\/Museum-Europ\u00e4ischer-Keramikkunst-1109-300x191.jpg 300w, http:\/\/museumek.eu\/wp-content\/uploads\/2011\/09\/Museum-Europ\u00e4ischer-Keramikkunst-1109.jpg 456w\" sizes=\"(max-width: 300px) 100vw, 300px\" \/><\/a><\/p>\n<p><a href=\"http:\/\/museumek.eu\/wp-content\/uploads\/2011\/09\/Museum-Europ\u00e4ischer-Keramikkunst-1111.jpg\"><img loading=\"lazy\" src=\"http:\/\/museumek.eu\/wp-content\/uploads\/2011\/09\/Museum-Europ\u00e4ischer-Keramikkunst-1111.jpg\" alt=\"\" title=\"Museum Europ\u00e4ischer Keramikkunst 1111\" width=\"278\" height=\"160\" class=\"alignnone size-full wp-image-5433\" \/><\/a><\/p>\n<p><a href=\"http:\/\/museumek.eu\/wp-content\/uploads\/2011\/09\/Marke-J.-fischer1.jpg\"><img loading=\"lazy\" src=\"http:\/\/museumek.eu\/wp-content\/uploads\/2011\/09\/Marke-J.-fischer1-300x223.jpg\" alt=\"\" title=\"Marke J. fischer\" width=\"300\" height=\"223\" class=\"alignnone size-medium wp-image-5434\" srcset=\"http:\/\/museumek.eu\/wp-content\/uploads\/2011\/09\/Marke-J.-fischer1-300x223.jpg 300w, http:\/\/museumek.eu\/wp-content\/uploads\/2011\/09\/Marke-J.-fischer1-402x300.jpg 402w, http:\/\/museumek.eu\/wp-content\/uploads\/2011\/09\/Marke-J.-fischer1.jpg 931w\" sizes=\"(max-width: 300px) 100vw, 300px\" \/><\/a><\/p>\n<p><strong>Abteilung Austria\/Ungarn\/B\u00f6hmen, Keramik 1860 \u2013 1960, Inventar Nr. A\/XXVIII\/3<\/strong><\/p>\n<p>Manufaktur Ign\u00e1c Fischer, Ungarn, Budapest, um 1880, Vase, K\u00fcnstler unbekannt, Werks.-Nr. 1989, Exemplar Nr. ohne, gemarkt Fischer J. Budapest (davon nur Budapest lesbar) blauer Farbstempel, 1989 geritzt, nicht signiert, florale Emaillemalerei, die Manufaktur Ign\u00e1c Fischer wurde 1887 von der Manufaktur Vilmos Zsolnay aufgekauft,<br \/>\nH\u00f6he 36,5 cm, Breite 12 cm<\/p>\n<p><a href=\"http:\/\/museumek.eu\/wp-content\/uploads\/2012\/08\/Museum-Europ\u00e4ischer-Keramikkunst-2729.jpg\"><img loading=\"lazy\" src=\"http:\/\/museumek.eu\/wp-content\/uploads\/2012\/08\/Museum-Europ\u00e4ischer-Keramikkunst-2729-122x300.jpg\" alt=\"\" title=\"Museum Europ\u00e4ischer Keramikkunst 2729\" width=\"122\" height=\"300\" class=\"alignnone size-medium wp-image-12347\" srcset=\"http:\/\/museumek.eu\/wp-content\/uploads\/2012\/08\/Museum-Europ\u00e4ischer-Keramikkunst-2729-122x300.jpg 122w, http:\/\/museumek.eu\/wp-content\/uploads\/2012\/08\/Museum-Europ\u00e4ischer-Keramikkunst-2729.jpg 395w\" sizes=\"(max-width: 122px) 100vw, 122px\" \/><\/a><\/p>\n<p><a href=\"http:\/\/museumek.eu\/wp-content\/uploads\/2012\/08\/Museum-Europ\u00e4ischer-Keramikkunst-2730.jpg\"><img loading=\"lazy\" src=\"http:\/\/museumek.eu\/wp-content\/uploads\/2012\/08\/Museum-Europ\u00e4ischer-Keramikkunst-2730-300x88.jpg\" alt=\"\" title=\"Museum Europ\u00e4ischer Keramikkunst 2730\" width=\"300\" height=\"88\" class=\"alignnone size-medium wp-image-12348\" srcset=\"http:\/\/museumek.eu\/wp-content\/uploads\/2012\/08\/Museum-Europ\u00e4ischer-Keramikkunst-2730-300x88.jpg 300w, http:\/\/museumek.eu\/wp-content\/uploads\/2012\/08\/Museum-Europ\u00e4ischer-Keramikkunst-2730-500x148.jpg 500w, http:\/\/museumek.eu\/wp-content\/uploads\/2012\/08\/Museum-Europ\u00e4ischer-Keramikkunst-2730.jpg 831w\" sizes=\"(max-width: 300px) 100vw, 300px\" \/><\/a><\/p>\n<p><a href=\"http:\/\/museumek.eu\/wp-content\/uploads\/2012\/08\/Museum-Europ\u00e4ischer-Keramikkunst-2731.jpg\"><img loading=\"lazy\" src=\"http:\/\/museumek.eu\/wp-content\/uploads\/2012\/08\/Museum-Europ\u00e4ischer-Keramikkunst-2731-300x91.jpg\" alt=\"\" title=\"Museum Europ\u00e4ischer Keramikkunst 2731\" width=\"300\" height=\"91\" class=\"alignnone size-medium wp-image-12349\" srcset=\"http:\/\/museumek.eu\/wp-content\/uploads\/2012\/08\/Museum-Europ\u00e4ischer-Keramikkunst-2731-300x91.jpg 300w, http:\/\/museumek.eu\/wp-content\/uploads\/2012\/08\/Museum-Europ\u00e4ischer-Keramikkunst-2731-500x151.jpg 500w, http:\/\/museumek.eu\/wp-content\/uploads\/2012\/08\/Museum-Europ\u00e4ischer-Keramikkunst-2731.jpg 718w\" sizes=\"(max-width: 300px) 100vw, 300px\" \/><\/a><\/p>\n<p><a href=\"http:\/\/museumek.eu\/wp-content\/uploads\/2012\/08\/Museum-Europ\u00e4ischer-Keramikkunst-2732.jpg\"><img loading=\"lazy\" src=\"http:\/\/museumek.eu\/wp-content\/uploads\/2012\/08\/Museum-Europ\u00e4ischer-Keramikkunst-2732-300x140.jpg\" alt=\"\" title=\"Museum Europ\u00e4ischer Keramikkunst 2732\" width=\"300\" height=\"140\" class=\"alignnone size-medium wp-image-12350\" srcset=\"http:\/\/museumek.eu\/wp-content\/uploads\/2012\/08\/Museum-Europ\u00e4ischer-Keramikkunst-2732-300x140.jpg 300w, http:\/\/museumek.eu\/wp-content\/uploads\/2012\/08\/Museum-Europ\u00e4ischer-Keramikkunst-2732-500x234.jpg 500w, http:\/\/museumek.eu\/wp-content\/uploads\/2012\/08\/Museum-Europ\u00e4ischer-Keramikkunst-2732.jpg 554w\" sizes=\"(max-width: 300px) 100vw, 300px\" \/><\/a><\/p>\n","protected":false},"excerpt":{"rendered":"<p>Abteilung Austria\/Ungarn\/B\u00f6hmen, Keramik 1860 \u2013 1960, Inventarnummer A\/XXVIII\/1 Manufaktur Ign\u00e1c Fischer, Ungarn, Budapest, um 1880, Vase, K\u00fcnstler unbekannt, Werks.-Nr. 620, Exemplar Nr. ohne, gemarkt Fischer J. Budapest sowie Patent blaue Farbstempel, 620 gepresst, nicht signiert, Gold geh\u00f6ht, die Manufaktur Ign\u00e1c &hellip; <a href=\"http:\/\/museumek.eu\/?page_id=5200\">Weiterlesen <span class=\"meta-nav\">&rarr;<\/span><\/a><\/p>\n","protected":false},"author":1,"featured_media":0,"parent":5197,"menu_order":0,"comment_status":"closed","ping_status":"closed","template":"","meta":[],"_links":{"self":[{"href":"http:\/\/museumek.eu\/index.php?rest_route=\/wp\/v2\/pages\/5200"}],"collection":[{"href":"http:\/\/museumek.eu\/index.php?rest_route=\/wp\/v2\/pages"}],"about":[{"href":"http:\/\/museumek.eu\/index.php?rest_route=\/wp\/v2\/types\/page"}],"author":[{"embeddable":true,"href":"http:\/\/museumek.eu\/index.php?rest_route=\/wp\/v2\/users\/1"}],"replies":[{"embeddable":true,"href":"http:\/\/museumek.eu\/index.php?rest_route=%2Fwp%2Fv2%2Fcomments&post=5200"}],"version-history":[{"count":6,"href":"http:\/\/museumek.eu\/index.php?rest_route=\/wp\/v2\/pages\/5200\/revisions"}],"predecessor-version":[{"id":12354,"href":"http:\/\/museumek.eu\/index.php?rest_route=\/wp\/v2\/pages\/5200\/revisions\/12354"}],"up":[{"embeddable":true,"href":"http:\/\/museumek.eu\/index.php?rest_route=\/wp\/v2\/pages\/5197"}],"wp:attachment":[{"href":"http:\/\/museumek.eu\/index.php?rest_route=%2Fwp%2Fv2%2Fmedia&parent=5200"}],"curies":[{"name":"wp","href":"https:\/\/api.w.org\/{rel}","templated":true}]}}