{"id":52380,"date":"2021-01-17T16:12:36","date_gmt":"2021-01-17T15:12:36","guid":{"rendered":"http:\/\/museumek.eu\/?page_id=52380"},"modified":"2021-01-17T16:12:36","modified_gmt":"2021-01-17T15:12:36","slug":"dclxxviii1","status":"publish","type":"page","link":"http:\/\/museumek.eu\/?page_id=52380","title":{"rendered":"D\/CLXXVIII\/1"},"content":{"rendered":"<p><strong>Abteilung Deutschland, Keramik 1860 \u2013 1960, Inventarnummer D\/CLXXVIII\/1<\/strong><\/p>\n<p>Porzellanfabrik Plankenhammer und Nachf. Porzellanfabrik Plankenhammer GmbH, Deutschland, Plankenhammer, um 1930, Vase mit Frauenfotografie, K\u00fcnstler unbekannt, Werks.-Nr. ohne, Exemplar Nr. ohne, gemarkt Firmenmarke halbkreisf\u00f6rmig nach unten offen das Wort Plankenhammer, darunter waagerecht Floss, darunter BAVARIA, darunter in einem Dreieck der Buchstabe P (f\u00fcr Plankenhammer) gekreuzt mit einem Hammer, darunter GERMANY gr\u00fcner Stempel unter Glasur, nicht signiert, Literatur: Gustav Wei\u00df, Ullstein Porzellanbuch, Seite 296, Marke 8 identisch (dort ohne GERMANY), weitere Literatur: Dieter Z\u00fchlsdorff, Markenlexikon Band 1, Porzellan und Keramik Report 1885 &#8211; 1935, Seite 378, Marke Werkteil-Nummer 1, Gruppen-Nummer 21, fortlaufende Nummer innerhalb der Gruppe 19, dort identische Marke (ohne GERMANY, dort f\u00fcr die Zeit ab 1928 beschrieben) sowie Seite 587, Werkteil-Nummer 3, fortlaufende Nummer innerhalb des Werkteils 1010, dort kurze Beschreibung der Fabrik, die Fabrik wurde 1883 durch einen Herrn Krug in Plankenhammer bei Floss gegr\u00fcndet, Firmierung Porzellanfabrik Plankenhammer, 1908 ist Eva Krug Eigent\u00fcmerin, 1908 ebenfalls Umwandlung in eine GmbH, Firmierung ab da Porzellanfabrik Plankenhammer GmbH, w\u00e4hrend WK I war die Fabrik stillgelegt, 1927 war wohl Christian Eckstein Inhaber, die Fabrik produzierte Kaffeeservice, Haushalts- u. Hotelporzellane, Vasen, Geschenkartikel, H\u00f6he 21 cm, Breite 9 cm <\/p>\n<p><a href=\"http:\/\/museumek.eu\/?attachment_id=52355\" rel=\"attachment wp-att-52355\"><img loading=\"lazy\" src=\"http:\/\/museumek.eu\/wp-content\/uploads\/2021\/01\/Plankenhammer-Vase-mit-Frau-1-139x300.jpg\" alt=\"\" title=\"Plankenhammer Vase mit Frau 1\" width=\"139\" height=\"300\" class=\"alignnone size-medium wp-image-52355\" srcset=\"http:\/\/museumek.eu\/wp-content\/uploads\/2021\/01\/Plankenhammer-Vase-mit-Frau-1-139x300.jpg 139w, http:\/\/museumek.eu\/wp-content\/uploads\/2021\/01\/Plankenhammer-Vase-mit-Frau-1-69x150.jpg 69w, http:\/\/museumek.eu\/wp-content\/uploads\/2021\/01\/Plankenhammer-Vase-mit-Frau-1.jpg 297w\" sizes=\"(max-width: 139px) 100vw, 139px\" \/><\/a><\/p>\n<p><a href=\"http:\/\/museumek.eu\/?attachment_id=52356\" rel=\"attachment wp-att-52356\"><img loading=\"lazy\" src=\"http:\/\/museumek.eu\/wp-content\/uploads\/2021\/01\/Plankenhammer-Vase-mit-Frau-2-130x300.jpg\" alt=\"\" title=\"Plankenhammer Vase mit Frau 2\" width=\"130\" height=\"300\" class=\"alignnone size-medium wp-image-52356\" srcset=\"http:\/\/museumek.eu\/wp-content\/uploads\/2021\/01\/Plankenhammer-Vase-mit-Frau-2-130x300.jpg 130w, http:\/\/museumek.eu\/wp-content\/uploads\/2021\/01\/Plankenhammer-Vase-mit-Frau-2-65x150.jpg 65w, http:\/\/museumek.eu\/wp-content\/uploads\/2021\/01\/Plankenhammer-Vase-mit-Frau-2.jpg 278w\" sizes=\"(max-width: 130px) 100vw, 130px\" \/><\/a><\/p>\n<p><a href=\"http:\/\/museumek.eu\/?attachment_id=52358\" rel=\"attachment wp-att-52358\"><img loading=\"lazy\" src=\"http:\/\/museumek.eu\/wp-content\/uploads\/2021\/01\/Plankenhammer-Vase-mit-Frau-3-163x300.jpg\" alt=\"\" title=\"Plankenhammer Vase mit Frau 3\" width=\"163\" height=\"300\" class=\"alignnone size-medium wp-image-52358\" srcset=\"http:\/\/museumek.eu\/wp-content\/uploads\/2021\/01\/Plankenhammer-Vase-mit-Frau-3-163x300.jpg 163w, http:\/\/museumek.eu\/wp-content\/uploads\/2021\/01\/Plankenhammer-Vase-mit-Frau-3-81x150.jpg 81w, http:\/\/museumek.eu\/wp-content\/uploads\/2021\/01\/Plankenhammer-Vase-mit-Frau-3.jpg 348w\" sizes=\"(max-width: 163px) 100vw, 163px\" \/><\/a><\/p>\n<p><a href=\"http:\/\/museumek.eu\/?attachment_id=52359\" rel=\"attachment wp-att-52359\"><img loading=\"lazy\" src=\"http:\/\/museumek.eu\/wp-content\/uploads\/2021\/01\/Plankenhammer-Vase-mit-Frau-4-289x300.jpg\" alt=\"\" title=\"Plankenhammer Vase mit Frau 4\" width=\"289\" height=\"300\" class=\"alignnone size-medium wp-image-52359\" srcset=\"http:\/\/museumek.eu\/wp-content\/uploads\/2021\/01\/Plankenhammer-Vase-mit-Frau-4-289x300.jpg 289w, http:\/\/museumek.eu\/wp-content\/uploads\/2021\/01\/Plankenhammer-Vase-mit-Frau-4-144x150.jpg 144w, http:\/\/museumek.eu\/wp-content\/uploads\/2021\/01\/Plankenhammer-Vase-mit-Frau-4.jpg 480w\" sizes=\"(max-width: 289px) 100vw, 289px\" \/><\/a><\/p>\n","protected":false},"excerpt":{"rendered":"<p>Abteilung Deutschland, Keramik 1860 \u2013 1960, Inventarnummer D\/CLXXVIII\/1 Porzellanfabrik Plankenhammer und Nachf. Porzellanfabrik Plankenhammer GmbH, Deutschland, Plankenhammer, um 1930, Vase mit Frauenfotografie, K\u00fcnstler unbekannt, Werks.-Nr. ohne, Exemplar Nr. ohne, gemarkt Firmenmarke halbkreisf\u00f6rmig nach unten offen das Wort Plankenhammer, darunter waagerecht &hellip; <a href=\"http:\/\/museumek.eu\/?page_id=52380\">Weiterlesen <span class=\"meta-nav\">&rarr;<\/span><\/a><\/p>\n","protected":false},"author":1,"featured_media":0,"parent":52378,"menu_order":1,"comment_status":"closed","ping_status":"open","template":"","meta":[],"_links":{"self":[{"href":"http:\/\/museumek.eu\/index.php?rest_route=\/wp\/v2\/pages\/52380"}],"collection":[{"href":"http:\/\/museumek.eu\/index.php?rest_route=\/wp\/v2\/pages"}],"about":[{"href":"http:\/\/museumek.eu\/index.php?rest_route=\/wp\/v2\/types\/page"}],"author":[{"embeddable":true,"href":"http:\/\/museumek.eu\/index.php?rest_route=\/wp\/v2\/users\/1"}],"replies":[{"embeddable":true,"href":"http:\/\/museumek.eu\/index.php?rest_route=%2Fwp%2Fv2%2Fcomments&post=52380"}],"version-history":[{"count":2,"href":"http:\/\/museumek.eu\/index.php?rest_route=\/wp\/v2\/pages\/52380\/revisions"}],"predecessor-version":[{"id":52382,"href":"http:\/\/museumek.eu\/index.php?rest_route=\/wp\/v2\/pages\/52380\/revisions\/52382"}],"up":[{"embeddable":true,"href":"http:\/\/museumek.eu\/index.php?rest_route=\/wp\/v2\/pages\/52378"}],"wp:attachment":[{"href":"http:\/\/museumek.eu\/index.php?rest_route=%2Fwp%2Fv2%2Fmedia&parent=52380"}],"curies":[{"name":"wp","href":"https:\/\/api.w.org\/{rel}","templated":true}]}}