{"id":52434,"date":"2021-01-20T18:03:17","date_gmt":"2021-01-20T17:03:17","guid":{"rendered":"http:\/\/museumek.eu\/?page_id=52434"},"modified":"2021-01-20T18:43:42","modified_gmt":"2021-01-20T17:43:42","slug":"fotos-und-beschreibung","status":"publish","type":"page","link":"http:\/\/museumek.eu\/?page_id=52434","title":{"rendered":"Fotos und Beschreibung"},"content":{"rendered":"<p><strong>Abteilung Austria\/Ungarn\/B\u00f6hmen, Keramik 1860 \u2013 1960, Inventarnummer A\/LIX\/1<\/strong><\/p>\n<p>Porzellan-Fabrik Gr\u00f6schel &#038; Spethmann, B\u00f6hmen\/Austria, Turn\/Teplitz, 1890 &#8211; 1893, Vase, K\u00fcnstler unbekannt, Werks.-Nr. 253 (?), Exemplar Nr. ohne, gemarkt Firmenmarke zwischen zwei ovalen Kreisen GR\u00d6SCHEL &#038; SPETHMANN, unten vom \u00e4u\u00dferen Kreis zwei Banner abgehend, im linken Banner TEPLITZ, im rechten BAnner TURN, im kleinen Kreis eine Blume blauer Stempel auf Glasur, 16 und 337 schwarz auf Glasur gemalt sowie 253 gepresst, nicht signiert, Literatur: Volker M\u00f6lle Riessner, Amphora Die Porzellan- und Keramik-Manufaktur in Nordb\u00f6hmen, S. 175, kurze Beschreibung der Fabrik sowie Seite 193 Marke Nr. 8 identisch, 1890 gr\u00fcndeten Julius Gr\u00f6schel und Thewes Spethmann die Fabrik in Turn, Firmierung Porzellan-Fabrik Gr\u00f6schel &#038; Spethmann, bereits 1893 wird die Fabrik an Franz Welz verkauft, der sie bereits 1894 an RStK-Amphora weiterverkaufte, H\u00f6he 38,5 cm, Breite 21 cm<\/p>\n<p><a href=\"http:\/\/museumek.eu\/?attachment_id=52435\" rel=\"attachment wp-att-52435\"><img loading=\"lazy\" src=\"http:\/\/museumek.eu\/wp-content\/uploads\/2021\/01\/Gr\u00f6schel-Spethmann-Vase-1-153x300.jpg\" alt=\"\" title=\"Gr\u00f6schel &amp; Spethmann Vase 1\" width=\"153\" height=\"300\" class=\"alignnone size-medium wp-image-52435\" srcset=\"http:\/\/museumek.eu\/wp-content\/uploads\/2021\/01\/Gr\u00f6schel-Spethmann-Vase-1-153x300.jpg 153w, http:\/\/museumek.eu\/wp-content\/uploads\/2021\/01\/Gr\u00f6schel-Spethmann-Vase-1-76x150.jpg 76w, http:\/\/museumek.eu\/wp-content\/uploads\/2021\/01\/Gr\u00f6schel-Spethmann-Vase-1.jpg 327w\" sizes=\"(max-width: 153px) 100vw, 153px\" \/><\/a><\/p>\n<p><a href=\"http:\/\/museumek.eu\/?attachment_id=52436\" rel=\"attachment wp-att-52436\"><img loading=\"lazy\" src=\"http:\/\/museumek.eu\/wp-content\/uploads\/2021\/01\/Gr\u00f6schel-Spethmann-Vase-2-131x300.jpg\" alt=\"\" title=\"Gr\u00f6schel &amp; Spethmann Vase 2\" width=\"131\" height=\"300\" class=\"alignnone size-medium wp-image-52436\" srcset=\"http:\/\/museumek.eu\/wp-content\/uploads\/2021\/01\/Gr\u00f6schel-Spethmann-Vase-2-131x300.jpg 131w, http:\/\/museumek.eu\/wp-content\/uploads\/2021\/01\/Gr\u00f6schel-Spethmann-Vase-2-65x150.jpg 65w\" sizes=\"(max-width: 131px) 100vw, 131px\" \/><\/a><\/p>\n<p><a href=\"http:\/\/museumek.eu\/?attachment_id=52437\" rel=\"attachment wp-att-52437\"><img loading=\"lazy\" src=\"http:\/\/museumek.eu\/wp-content\/uploads\/2021\/01\/Gr\u00f6schel-Spethmann-Vase-3-149x300.jpg\" alt=\"\" title=\"Gr\u00f6schel &amp; Spethmann Vase 3\" width=\"149\" height=\"300\" class=\"alignnone size-medium wp-image-52437\" srcset=\"http:\/\/museumek.eu\/wp-content\/uploads\/2021\/01\/Gr\u00f6schel-Spethmann-Vase-3-149x300.jpg 149w, http:\/\/museumek.eu\/wp-content\/uploads\/2021\/01\/Gr\u00f6schel-Spethmann-Vase-3-74x150.jpg 74w, http:\/\/museumek.eu\/wp-content\/uploads\/2021\/01\/Gr\u00f6schel-Spethmann-Vase-3.jpg 318w\" sizes=\"(max-width: 149px) 100vw, 149px\" \/><\/a><\/p>\n<p><a href=\"http:\/\/museumek.eu\/?attachment_id=52438\" rel=\"attachment wp-att-52438\"><img loading=\"lazy\" src=\"http:\/\/museumek.eu\/wp-content\/uploads\/2021\/01\/Gr\u00f6schel-Spethmann-Vase-4-134x300.jpg\" alt=\"\" title=\"Gr\u00f6schel &amp; Spethmann Vase 4\" width=\"134\" height=\"300\" class=\"alignnone size-medium wp-image-52438\" srcset=\"http:\/\/museumek.eu\/wp-content\/uploads\/2021\/01\/Gr\u00f6schel-Spethmann-Vase-4-134x300.jpg 134w, http:\/\/museumek.eu\/wp-content\/uploads\/2021\/01\/Gr\u00f6schel-Spethmann-Vase-4-67x150.jpg 67w, http:\/\/museumek.eu\/wp-content\/uploads\/2021\/01\/Gr\u00f6schel-Spethmann-Vase-4.jpg 286w\" sizes=\"(max-width: 134px) 100vw, 134px\" \/><\/a><\/p>\n<p><a href=\"http:\/\/museumek.eu\/?attachment_id=52439\" rel=\"attachment wp-att-52439\"><img loading=\"lazy\" src=\"http:\/\/museumek.eu\/wp-content\/uploads\/2021\/01\/Gr\u00f6schel-Spethmann-Vase-5-213x300.jpg\" alt=\"\" title=\"Gr\u00f6schel &amp; Spethmann Vase 5\" width=\"213\" height=\"300\" class=\"alignnone size-medium wp-image-52439\" srcset=\"http:\/\/museumek.eu\/wp-content\/uploads\/2021\/01\/Gr\u00f6schel-Spethmann-Vase-5-213x300.jpg 213w, http:\/\/museumek.eu\/wp-content\/uploads\/2021\/01\/Gr\u00f6schel-Spethmann-Vase-5-106x150.jpg 106w, http:\/\/museumek.eu\/wp-content\/uploads\/2021\/01\/Gr\u00f6schel-Spethmann-Vase-5.jpg 455w\" sizes=\"(max-width: 213px) 100vw, 213px\" \/><\/a><\/p>\n<p><a href=\"http:\/\/museumek.eu\/?attachment_id=52440\" rel=\"attachment wp-att-52440\"><img loading=\"lazy\" src=\"http:\/\/museumek.eu\/wp-content\/uploads\/2021\/01\/Gr\u00f6schel-Spethmann-Vase-6-194x300.jpg\" alt=\"\" title=\"Gr\u00f6schel &amp; Spethmann Vase 6\" width=\"194\" height=\"300\" class=\"alignnone size-medium wp-image-52440\" srcset=\"http:\/\/museumek.eu\/wp-content\/uploads\/2021\/01\/Gr\u00f6schel-Spethmann-Vase-6-194x300.jpg 194w, http:\/\/museumek.eu\/wp-content\/uploads\/2021\/01\/Gr\u00f6schel-Spethmann-Vase-6-97x150.jpg 97w, http:\/\/museumek.eu\/wp-content\/uploads\/2021\/01\/Gr\u00f6schel-Spethmann-Vase-6.jpg 414w\" sizes=\"(max-width: 194px) 100vw, 194px\" \/><\/a><\/p>\n<p><a href=\"http:\/\/museumek.eu\/?attachment_id=52443\" rel=\"attachment wp-att-52443\"><img loading=\"lazy\" src=\"http:\/\/museumek.eu\/wp-content\/uploads\/2021\/01\/Gr\u00f6schel-Spethmann-Vase-7-194x300.jpg\" alt=\"\" title=\"Gr\u00f6schel &amp; Spethmann Vase 7\" width=\"194\" height=\"300\" class=\"alignnone size-medium wp-image-52443\" srcset=\"http:\/\/museumek.eu\/wp-content\/uploads\/2021\/01\/Gr\u00f6schel-Spethmann-Vase-7-194x300.jpg 194w, http:\/\/museumek.eu\/wp-content\/uploads\/2021\/01\/Gr\u00f6schel-Spethmann-Vase-7-97x150.jpg 97w, http:\/\/museumek.eu\/wp-content\/uploads\/2021\/01\/Gr\u00f6schel-Spethmann-Vase-7.jpg 415w\" sizes=\"(max-width: 194px) 100vw, 194px\" \/><\/a><\/p>\n<p><a href=\"http:\/\/museumek.eu\/?attachment_id=52446\" rel=\"attachment wp-att-52446\"><img loading=\"lazy\" src=\"http:\/\/museumek.eu\/wp-content\/uploads\/2021\/01\/Gr\u00f6schel-Spethmann-Vase-8-160x300.jpg\" alt=\"\" title=\"Gr\u00f6schel &amp; Spethmann Vase 8\" width=\"160\" height=\"300\" class=\"alignnone size-medium wp-image-52446\" srcset=\"http:\/\/museumek.eu\/wp-content\/uploads\/2021\/01\/Gr\u00f6schel-Spethmann-Vase-8-160x300.jpg 160w, http:\/\/museumek.eu\/wp-content\/uploads\/2021\/01\/Gr\u00f6schel-Spethmann-Vase-8-80x150.jpg 80w, http:\/\/museumek.eu\/wp-content\/uploads\/2021\/01\/Gr\u00f6schel-Spethmann-Vase-8.jpg 342w\" sizes=\"(max-width: 160px) 100vw, 160px\" \/><\/a><\/p>\n<p><a href=\"http:\/\/museumek.eu\/?attachment_id=52445\" rel=\"attachment wp-att-52445\"><img loading=\"lazy\" src=\"http:\/\/museumek.eu\/wp-content\/uploads\/2021\/01\/Gr\u00f6schel-Spethmann-Vase-9-226x300.jpg\" alt=\"\" title=\"Gr\u00f6schel &amp; Spethmann Vase 9\" width=\"226\" height=\"300\" class=\"alignnone size-medium wp-image-52445\" srcset=\"http:\/\/museumek.eu\/wp-content\/uploads\/2021\/01\/Gr\u00f6schel-Spethmann-Vase-9-226x300.jpg 226w, http:\/\/museumek.eu\/wp-content\/uploads\/2021\/01\/Gr\u00f6schel-Spethmann-Vase-9-113x150.jpg 113w, http:\/\/museumek.eu\/wp-content\/uploads\/2021\/01\/Gr\u00f6schel-Spethmann-Vase-9.jpg 480w\" sizes=\"(max-width: 226px) 100vw, 226px\" \/><\/a><\/p>\n<p><a href=\"http:\/\/museumek.eu\/?attachment_id=52447\" rel=\"attachment wp-att-52447\"><img loading=\"lazy\" src=\"http:\/\/museumek.eu\/wp-content\/uploads\/2021\/01\/Gr\u00f6schel-Spethmann-Vase-10-129x300.jpg\" alt=\"\" title=\"Gr\u00f6schel &amp; Spethmann Vase 10\" width=\"129\" height=\"300\" class=\"alignnone size-medium wp-image-52447\" srcset=\"http:\/\/museumek.eu\/wp-content\/uploads\/2021\/01\/Gr\u00f6schel-Spethmann-Vase-10-129x300.jpg 129w, http:\/\/museumek.eu\/wp-content\/uploads\/2021\/01\/Gr\u00f6schel-Spethmann-Vase-10-64x150.jpg 64w, http:\/\/museumek.eu\/wp-content\/uploads\/2021\/01\/Gr\u00f6schel-Spethmann-Vase-10.jpg 276w\" sizes=\"(max-width: 129px) 100vw, 129px\" \/><\/a><\/p>\n<p><a href=\"http:\/\/museumek.eu\/?attachment_id=52448\" rel=\"attachment wp-att-52448\"><img loading=\"lazy\" src=\"http:\/\/museumek.eu\/wp-content\/uploads\/2021\/01\/Gr\u00f6schel-Spethmann-Vase-11-300x281.jpg\" alt=\"\" title=\"Gr\u00f6schel &amp; Spethmann Vase 11\" width=\"300\" height=\"281\" class=\"alignnone size-medium wp-image-52448\" srcset=\"http:\/\/museumek.eu\/wp-content\/uploads\/2021\/01\/Gr\u00f6schel-Spethmann-Vase-11-300x281.jpg 300w, http:\/\/museumek.eu\/wp-content\/uploads\/2021\/01\/Gr\u00f6schel-Spethmann-Vase-11-150x140.jpg 150w, http:\/\/museumek.eu\/wp-content\/uploads\/2021\/01\/Gr\u00f6schel-Spethmann-Vase-11-320x300.jpg 320w, http:\/\/museumek.eu\/wp-content\/uploads\/2021\/01\/Gr\u00f6schel-Spethmann-Vase-11.jpg 512w\" sizes=\"(max-width: 300px) 100vw, 300px\" \/><\/a><\/p>\n<p><a href=\"http:\/\/museumek.eu\/?attachment_id=52449\" rel=\"attachment wp-att-52449\"><img loading=\"lazy\" src=\"http:\/\/museumek.eu\/wp-content\/uploads\/2021\/01\/Gr\u00f6schel-Spethmann-Vase-12-300x208.jpg\" alt=\"\" title=\"Gr\u00f6schel &amp; Spethmann Vase 12\" width=\"300\" height=\"208\" class=\"alignnone size-medium wp-image-52449\" srcset=\"http:\/\/museumek.eu\/wp-content\/uploads\/2021\/01\/Gr\u00f6schel-Spethmann-Vase-12-300x208.jpg 300w, http:\/\/museumek.eu\/wp-content\/uploads\/2021\/01\/Gr\u00f6schel-Spethmann-Vase-12-150x104.jpg 150w, http:\/\/museumek.eu\/wp-content\/uploads\/2021\/01\/Gr\u00f6schel-Spethmann-Vase-12-432x300.jpg 432w, http:\/\/museumek.eu\/wp-content\/uploads\/2021\/01\/Gr\u00f6schel-Spethmann-Vase-12.jpg 640w\" sizes=\"(max-width: 300px) 100vw, 300px\" \/><\/a><\/p>\n<p><a href=\"http:\/\/museumek.eu\/?attachment_id=52450\" rel=\"attachment wp-att-52450\"><img loading=\"lazy\" src=\"http:\/\/museumek.eu\/wp-content\/uploads\/2021\/01\/Gr\u00f6schel-Spethmann-Vase-13-300x195.jpg\" alt=\"\" title=\"Gr\u00f6schel &amp; Spethmann Vase 13\" width=\"300\" height=\"195\" class=\"alignnone size-medium wp-image-52450\" srcset=\"http:\/\/museumek.eu\/wp-content\/uploads\/2021\/01\/Gr\u00f6schel-Spethmann-Vase-13-300x195.jpg 300w, http:\/\/museumek.eu\/wp-content\/uploads\/2021\/01\/Gr\u00f6schel-Spethmann-Vase-13-150x97.jpg 150w, http:\/\/museumek.eu\/wp-content\/uploads\/2021\/01\/Gr\u00f6schel-Spethmann-Vase-13-461x300.jpg 461w, http:\/\/museumek.eu\/wp-content\/uploads\/2021\/01\/Gr\u00f6schel-Spethmann-Vase-13.jpg 640w\" sizes=\"(max-width: 300px) 100vw, 300px\" \/><\/a><\/p>\n","protected":false},"excerpt":{"rendered":"<p>Abteilung Austria\/Ungarn\/B\u00f6hmen, Keramik 1860 \u2013 1960, Inventarnummer A\/LIX\/1 Porzellan-Fabrik Gr\u00f6schel &#038; Spethmann, B\u00f6hmen\/Austria, Turn\/Teplitz, 1890 &#8211; 1893, Vase, K\u00fcnstler unbekannt, Werks.-Nr. 253 (?), Exemplar Nr. ohne, gemarkt Firmenmarke zwischen zwei ovalen Kreisen GR\u00d6SCHEL &#038; SPETHMANN, unten vom \u00e4u\u00dferen Kreis zwei &hellip; <a href=\"http:\/\/museumek.eu\/?page_id=52434\">Weiterlesen <span class=\"meta-nav\">&rarr;<\/span><\/a><\/p>\n","protected":false},"author":1,"featured_media":0,"parent":52431,"menu_order":1,"comment_status":"closed","ping_status":"open","template":"","meta":[],"_links":{"self":[{"href":"http:\/\/museumek.eu\/index.php?rest_route=\/wp\/v2\/pages\/52434"}],"collection":[{"href":"http:\/\/museumek.eu\/index.php?rest_route=\/wp\/v2\/pages"}],"about":[{"href":"http:\/\/museumek.eu\/index.php?rest_route=\/wp\/v2\/types\/page"}],"author":[{"embeddable":true,"href":"http:\/\/museumek.eu\/index.php?rest_route=\/wp\/v2\/users\/1"}],"replies":[{"embeddable":true,"href":"http:\/\/museumek.eu\/index.php?rest_route=%2Fwp%2Fv2%2Fcomments&post=52434"}],"version-history":[{"count":9,"href":"http:\/\/museumek.eu\/index.php?rest_route=\/wp\/v2\/pages\/52434\/revisions"}],"predecessor-version":[{"id":52456,"href":"http:\/\/museumek.eu\/index.php?rest_route=\/wp\/v2\/pages\/52434\/revisions\/52456"}],"up":[{"embeddable":true,"href":"http:\/\/museumek.eu\/index.php?rest_route=\/wp\/v2\/pages\/52431"}],"wp:attachment":[{"href":"http:\/\/museumek.eu\/index.php?rest_route=%2Fwp%2Fv2%2Fmedia&parent=52434"}],"curies":[{"name":"wp","href":"https:\/\/api.w.org\/{rel}","templated":true}]}}